{"id":97628,"date":"2019-12-21T15:20:51","date_gmt":"2019-12-21T13:20:51","guid":{"rendered":"http:\/\/www.tucomarca.com\/wordpress\/segunda\/wp-content\/uploads\/2019\/12\/jogv.jpg"},"modified":"2019-12-21T15:21:11","modified_gmt":"2019-12-21T13:21:11","slug":"jogv-2","status":"inherit","type":"attachment","link":"https:\/\/tucomarca.whitekongsoftware.com\/ca\/la-jove-orquestra-de-la-generalitat-valenciana-inicia-la-seua-trobada-dhivern-que-concloura-amb-tres-concerts-a-lliria-valencia-i-godella\/jogv-2\/","title":{"rendered":"jogv"},"author":1,"featured_media":0,"comment_status":"open","ping_status":"closed","template":"","meta":[],"class_list":["post-97628","attachment","type-attachment","status-inherit"],"description":{"rendered":"<p class=\"attachment\"><a href='https:\/\/tucomarca.whitekongsoftware.com\/wp-content\/uploads\/2019\/12\/jogv.jpg'><img loading=\"lazy\" decoding=\"async\" width=\"300\" height=\"200\" src=\"https:\/\/tucomarca.whitekongsoftware.com\/wp-content\/uploads\/2019\/12\/jogv-300x200.jpg\" class=\"attachment-medium size-medium\" alt=\"Del 21 de diciembre al 2 de enero, 67 m\u00fasicos de hasta 26 a\u00f1os llevar\u00e1n a cabo el encuentro de invierno en la Escuela de M\u00fasica de la Banda Primitiva de Ll\u00edria.\" srcset=\"https:\/\/tucomarca.whitekongsoftware.com\/wp-content\/uploads\/2019\/12\/jogv-300x200.jpg 300w, https:\/\/tucomarca.whitekongsoftware.com\/wp-content\/uploads\/2019\/12\/jogv-768x512.jpg 768w, https:\/\/tucomarca.whitekongsoftware.com\/wp-content\/uploads\/2019\/12\/jogv-1024x683.jpg 1024w\" sizes=\"auto, (max-width: 300px) 100vw, 300px\" \/><\/a><\/p>\n<p>Del 21 de diciembre al 2 de enero, 67 m\u00fasicos de hasta 26 a\u00f1os llevar\u00e1n a cabo el encuentro de invierno en la Escuela de M\u00fasica de la Banda Primitiva de Ll\u00edria.<\/p>\n"},"caption":{"rendered":"<div class=\"mh-excerpt\">Del 21 de diciembre al 2 de enero, 67 m\u00fasicos de hasta 26 a\u00f1os llevar\u00e1n a cabo el encuentro de invierno en la Escuela de M\u00fasica de la Banda Primitiva de Ll\u00edria.<\/div>\n<p> <a class=\"mh-excerpt-more\" href=\"https:\/\/tucomarca.whitekongsoftware.com\/ca\/la-jove-orquestra-de-la-generalitat-valenciana-inicia-la-seua-trobada-dhivern-que-concloura-amb-tres-concerts-a-lliria-valencia-i-godella\/jogv-2\/\" title=\"jogv\">[+] <\/a><\/p>\n"},"alt_text":"Del 21 de diciembre al 2 de enero, 67 m\u00fasicos de hasta 26 a\u00f1os llevar\u00e1n a cabo el encuentro de invierno en la Escuela de M\u00fasica de la Banda Primitiva de Ll\u00edria.","media_type":"image","mime_type":"image\/jpeg","media_details":{"width":2362,"height":1576,"file":"2019\/12\/jogv.jpg","sizes":{"thumbnail":{"file":"jogv-290x290.jpg","width":290,"height":290,"mime_type":"image\/jpeg","source_url":"https:\/\/tucomarca.whitekongsoftware.com\/wp-content\/uploads\/2019\/12\/jogv-290x290.jpg"},"medium":{"file":"jogv-300x200.jpg","width":300,"height":200,"mime_type":"image\/jpeg","source_url":"https:\/\/tucomarca.whitekongsoftware.com\/wp-content\/uploads\/2019\/12\/jogv-300x200.jpg"},"medium_large":{"file":"jogv-768x512.jpg","width":768,"height":512,"mime_type":"image\/jpeg","source_url":"https:\/\/tucomarca.whitekongsoftware.com\/wp-content\/uploads\/2019\/12\/jogv-768x512.jpg"},"large":{"file":"jogv-1024x683.jpg","width":1024,"height":683,"mime_type":"image\/jpeg","source_url":"https:\/\/tucomarca.whitekongsoftware.com\/wp-content\/uploads\/2019\/12\/jogv-1024x683.jpg"},"mh-magazine-slider":{"file":"jogv-1030x438.jpg","width":1030,"height":438,"mime_type":"image\/jpeg","source_url":"https:\/\/tucomarca.whitekongsoftware.com\/wp-content\/uploads\/2019\/12\/jogv-1030x438.jpg"},"mh-magazine-content":{"file":"jogv-678x381.jpg","width":678,"height":381,"mime_type":"image\/jpeg","source_url":"https:\/\/tucomarca.whitekongsoftware.com\/wp-content\/uploads\/2019\/12\/jogv-678x381.jpg"},"mh-magazine-large":{"file":"jogv-678x509.jpg","width":678,"height":509,"mime_type":"image\/jpeg","source_url":"https:\/\/tucomarca.whitekongsoftware.com\/wp-content\/uploads\/2019\/12\/jogv-678x509.jpg"},"mh-magazine-medium":{"file":"jogv-326x245.jpg","width":326,"height":245,"mime_type":"image\/jpeg","source_url":"https:\/\/tucomarca.whitekongsoftware.com\/wp-content\/uploads\/2019\/12\/jogv-326x245.jpg"},"mh-magazine-small":{"file":"jogv-80x60.jpg","width":80,"height":60,"mime_type":"image\/jpeg","source_url":"https:\/\/tucomarca.whitekongsoftware.com\/wp-content\/uploads\/2019\/12\/jogv-80x60.jpg"},"full":{"file":"jogv.jpg","width":2362,"height":1576,"mime_type":"image\/jpeg","source_url":"https:\/\/tucomarca.whitekongsoftware.com\/wp-content\/uploads\/2019\/12\/jogv.jpg"}},"image_meta":{"aperture":"4","credit":"","camera":"NIKON D7100","caption":"","created_timestamp":"1564613748","copyright":"","focal_length":"16","iso":"1600","shutter_speed":"0.008","title":"","orientation":"0","keywords":[]}},"post":97630,"source_url":"https:\/\/tucomarca.whitekongsoftware.com\/wp-content\/uploads\/2019\/12\/jogv.jpg","filename":"jogv.jpg","filesize":null,"_links":{"self":[{"href":"https:\/\/tucomarca.whitekongsoftware.com\/ca\/wp-json\/wp\/v2\/media\/97628","targetHints":{"allow":["GET"]}}],"collection":[{"href":"https:\/\/tucomarca.whitekongsoftware.com\/ca\/wp-json\/wp\/v2\/media"}],"about":[{"href":"https:\/\/tucomarca.whitekongsoftware.com\/ca\/wp-json\/wp\/v2\/types\/attachment"}],"author":[{"embeddable":true,"href":"https:\/\/tucomarca.whitekongsoftware.com\/ca\/wp-json\/wp\/v2\/users\/1"}],"replies":[{"embeddable":true,"href":"https:\/\/tucomarca.whitekongsoftware.com\/ca\/wp-json\/wp\/v2\/comments?post=97628"}],"wp:attached-to":[{"embeddable":true,"post_type":"post","id":97630,"href":"https:\/\/tucomarca.whitekongsoftware.com\/ca\/wp-json\/wp\/v2\/posts\/97630"}],"curies":[{"name":"wp","href":"https:\/\/api.w.org\/{rel}","templated":true}]}}

<p class="attachment"><a href='https://tucomarca.whitekongsoftware.com/wp-content/uploads/2019/12/jogv.jpg'><img loading="lazy" decoding="async" width="300" height="200" src="https://tucomarca.whitekongsoftware.com/wp-content/uploads/2019/12/jogv-300x200.jpg" class="attachment-medium size-medium" alt="Del 21 de diciembre al 2 de enero, 67 músicos de hasta 26 años llevarán a cabo el encuentro de invierno en la Escuela de Música de la Banda Primitiva de Llíria." srcset="https://tucomarca.whitekongsoftware.com/wp-content/uploads/2019/12/jogv-300x200.jpg 300w, https://tucomarca.whitekongsoftware.com/wp-content/uploads/2019/12/jogv-768x512.jpg 768w, https://tucomarca.whitekongsoftware.com/wp-content/uploads/2019/12/jogv-1024x683.jpg 1024w" sizes="auto, (max-width: 300px) 100vw, 300px" /></a></p>
<p>Del 21 de diciembre al 2 de enero, 67 músicos de hasta 26 años llevarán a cabo el encuentro de invierno en la Escuela de Música de la Banda Primitiva de Llíria.</p>

<div class="mh-excerpt">Del 21 de diciembre al 2 de enero, 67 músicos de hasta 26 años llevarán a cabo el encuentro de invierno en la Escuela de Música de la Banda Primitiva de Llíria.</div>
<p> <a class="mh-excerpt-more" href="https://tucomarca.whitekongsoftware.com/ca/la-jove-orquestra-de-la-generalitat-valenciana-inicia-la-seua-trobada-dhivern-que-concloura-amb-tres-concerts-a-lliria-valencia-i-godella/jogv-2/" title="jogv">[+] </a></p>

Del 21 de diciembre al 2 de enero, 67 músicos de hasta 26 años llevarán a cabo el encuentro de invierno en la Escuela de Música de la Banda Primitiva de Llíria.
