{"id":96574,"date":"2019-11-26T22:56:05","date_gmt":"2019-11-26T20:56:05","guid":{"rendered":"http:\/\/www.tucomarca.com\/wordpress\/segunda\/wp-content\/uploads\/2019\/11\/ValenciaTurismeRequena.jpg"},"modified":"2019-11-26T22:56:27","modified_gmt":"2019-11-26T20:56:27","slug":"valenciaturismerequena-2","status":"inherit","type":"attachment","link":"https:\/\/tucomarca.whitekongsoftware.com\/ca\/mes-de-30-agents-publics-i-privats-es-reuneixen-a-requena-per-optimitzar-la-gestio-de-serveis-turistics-locals\/valenciaturismerequena-2\/","title":{"rendered":"ValenciaTurismeRequena"},"author":1,"featured_media":0,"comment_status":"open","ping_status":"closed","template":"","meta":[],"class_list":["post-96574","attachment","type-attachment","status-inherit"],"description":{"rendered":"<p class=\"attachment\"><a href='https:\/\/tucomarca.whitekongsoftware.com\/wp-content\/uploads\/2019\/11\/ValenciaTurismeRequena.jpg'><img loading=\"lazy\" decoding=\"async\" width=\"300\" height=\"199\" src=\"https:\/\/tucomarca.whitekongsoftware.com\/wp-content\/uploads\/2019\/11\/ValenciaTurismeRequena-300x199.jpg\" class=\"attachment-medium size-medium\" alt=\"Val\u00e8ncia Turisme celebra la Mesa de Promoci\u00f3n y Empresas de Servicios Tur\u00edsticos Locales de las comarcas de Requena-Utiel y El Valle de Ayora- Cofrentes.\" srcset=\"https:\/\/tucomarca.whitekongsoftware.com\/wp-content\/uploads\/2019\/11\/ValenciaTurismeRequena-300x199.jpg 300w, https:\/\/tucomarca.whitekongsoftware.com\/wp-content\/uploads\/2019\/11\/ValenciaTurismeRequena-768x509.jpg 768w, https:\/\/tucomarca.whitekongsoftware.com\/wp-content\/uploads\/2019\/11\/ValenciaTurismeRequena-1024x678.jpg 1024w\" sizes=\"auto, (max-width: 300px) 100vw, 300px\" \/><\/a><\/p>\n<p>Val\u00e8ncia Turisme celebra la Mesa de Promoci\u00f3n y Empresas de Servicios Tur\u00edsticos Locales de las comarcas de Requena-Utiel y El Valle de Ayora- Cofrentes.<\/p>\n"},"caption":{"rendered":"<div class=\"mh-excerpt\">Val\u00e8ncia Turisme celebra la Mesa de Promoci\u00f3n y Empresas de Servicios Tur\u00edsticos Locales de las comarcas de Requena-Utiel y El Valle de Ayora- Cofrentes.<\/div>\n<p> <a class=\"mh-excerpt-more\" href=\"https:\/\/tucomarca.whitekongsoftware.com\/ca\/mes-de-30-agents-publics-i-privats-es-reuneixen-a-requena-per-optimitzar-la-gestio-de-serveis-turistics-locals\/valenciaturismerequena-2\/\" title=\"ValenciaTurismeRequena\">[+] <\/a><\/p>\n"},"alt_text":"Val\u00e8ncia Turisme celebra la Mesa de Promoci\u00f3n y Empresas de Servicios Tur\u00edsticos Locales de las comarcas de Requena-Utiel y El Valle de Ayora- Cofrentes.","media_type":"image","mime_type":"image\/jpeg","media_details":{"width":4928,"height":3264,"file":"2019\/11\/ValenciaTurismeRequena.jpg","sizes":{"thumbnail":{"file":"ValenciaTurismeRequena-290x290.jpg","width":290,"height":290,"mime_type":"image\/jpeg","source_url":"https:\/\/tucomarca.whitekongsoftware.com\/wp-content\/uploads\/2019\/11\/ValenciaTurismeRequena-290x290.jpg"},"medium":{"file":"ValenciaTurismeRequena-300x199.jpg","width":300,"height":199,"mime_type":"image\/jpeg","source_url":"https:\/\/tucomarca.whitekongsoftware.com\/wp-content\/uploads\/2019\/11\/ValenciaTurismeRequena-300x199.jpg"},"medium_large":{"file":"ValenciaTurismeRequena-768x509.jpg","width":768,"height":509,"mime_type":"image\/jpeg","source_url":"https:\/\/tucomarca.whitekongsoftware.com\/wp-content\/uploads\/2019\/11\/ValenciaTurismeRequena-768x509.jpg"},"large":{"file":"ValenciaTurismeRequena-1024x678.jpg","width":1024,"height":678,"mime_type":"image\/jpeg","source_url":"https:\/\/tucomarca.whitekongsoftware.com\/wp-content\/uploads\/2019\/11\/ValenciaTurismeRequena-1024x678.jpg"},"mh-magazine-slider":{"file":"ValenciaTurismeRequena-1030x438.jpg","width":1030,"height":438,"mime_type":"image\/jpeg","source_url":"https:\/\/tucomarca.whitekongsoftware.com\/wp-content\/uploads\/2019\/11\/ValenciaTurismeRequena-1030x438.jpg"},"mh-magazine-content":{"file":"ValenciaTurismeRequena-678x381.jpg","width":678,"height":381,"mime_type":"image\/jpeg","source_url":"https:\/\/tucomarca.whitekongsoftware.com\/wp-content\/uploads\/2019\/11\/ValenciaTurismeRequena-678x381.jpg"},"mh-magazine-large":{"file":"ValenciaTurismeRequena-678x509.jpg","width":678,"height":509,"mime_type":"image\/jpeg","source_url":"https:\/\/tucomarca.whitekongsoftware.com\/wp-content\/uploads\/2019\/11\/ValenciaTurismeRequena-678x509.jpg"},"mh-magazine-medium":{"file":"ValenciaTurismeRequena-326x245.jpg","width":326,"height":245,"mime_type":"image\/jpeg","source_url":"https:\/\/tucomarca.whitekongsoftware.com\/wp-content\/uploads\/2019\/11\/ValenciaTurismeRequena-326x245.jpg"},"mh-magazine-small":{"file":"ValenciaTurismeRequena-80x60.jpg","width":80,"height":60,"mime_type":"image\/jpeg","source_url":"https:\/\/tucomarca.whitekongsoftware.com\/wp-content\/uploads\/2019\/11\/ValenciaTurismeRequena-80x60.jpg"},"full":{"file":"ValenciaTurismeRequena.jpg","width":4928,"height":3264,"mime_type":"image\/jpeg","source_url":"https:\/\/tucomarca.whitekongsoftware.com\/wp-content\/uploads\/2019\/11\/ValenciaTurismeRequena.jpg"}},"image_meta":{"aperture":"3.5","credit":"","camera":"NIKON D5100","caption":"","created_timestamp":"1574770478","copyright":"","focal_length":"18","iso":"2800","shutter_speed":"0.02","title":"","orientation":"1","keywords":[]}},"post":96576,"source_url":"https:\/\/tucomarca.whitekongsoftware.com\/wp-content\/uploads\/2019\/11\/ValenciaTurismeRequena.jpg","filename":"ValenciaTurismeRequena.jpg","filesize":null,"_links":{"self":[{"href":"https:\/\/tucomarca.whitekongsoftware.com\/ca\/wp-json\/wp\/v2\/media\/96574","targetHints":{"allow":["GET"]}}],"collection":[{"href":"https:\/\/tucomarca.whitekongsoftware.com\/ca\/wp-json\/wp\/v2\/media"}],"about":[{"href":"https:\/\/tucomarca.whitekongsoftware.com\/ca\/wp-json\/wp\/v2\/types\/attachment"}],"author":[{"embeddable":true,"href":"https:\/\/tucomarca.whitekongsoftware.com\/ca\/wp-json\/wp\/v2\/users\/1"}],"replies":[{"embeddable":true,"href":"https:\/\/tucomarca.whitekongsoftware.com\/ca\/wp-json\/wp\/v2\/comments?post=96574"}],"wp:attached-to":[{"embeddable":true,"post_type":"post","id":96576,"href":"https:\/\/tucomarca.whitekongsoftware.com\/ca\/wp-json\/wp\/v2\/posts\/96576"}],"curies":[{"name":"wp","href":"https:\/\/api.w.org\/{rel}","templated":true}]}}

<p class="attachment"><a href='https://tucomarca.whitekongsoftware.com/wp-content/uploads/2019/11/ValenciaTurismeRequena.jpg'><img loading="lazy" decoding="async" width="300" height="199" src="https://tucomarca.whitekongsoftware.com/wp-content/uploads/2019/11/ValenciaTurismeRequena-300x199.jpg" class="attachment-medium size-medium" alt="València Turisme celebra la Mesa de Promoción y Empresas de Servicios Turísticos Locales de las comarcas de Requena-Utiel y El Valle de Ayora- Cofrentes." srcset="https://tucomarca.whitekongsoftware.com/wp-content/uploads/2019/11/ValenciaTurismeRequena-300x199.jpg 300w, https://tucomarca.whitekongsoftware.com/wp-content/uploads/2019/11/ValenciaTurismeRequena-768x509.jpg 768w, https://tucomarca.whitekongsoftware.com/wp-content/uploads/2019/11/ValenciaTurismeRequena-1024x678.jpg 1024w" sizes="auto, (max-width: 300px) 100vw, 300px" /></a></p>
<p>València Turisme celebra la Mesa de Promoción y Empresas de Servicios Turísticos Locales de las comarcas de Requena-Utiel y El Valle de Ayora- Cofrentes.</p>

<div class="mh-excerpt">València Turisme celebra la Mesa de Promoción y Empresas de Servicios Turísticos Locales de las comarcas de Requena-Utiel y El Valle de Ayora- Cofrentes.</div>
<p> <a class="mh-excerpt-more" href="https://tucomarca.whitekongsoftware.com/ca/mes-de-30-agents-publics-i-privats-es-reuneixen-a-requena-per-optimitzar-la-gestio-de-serveis-turistics-locals/valenciaturismerequena-2/" title="ValenciaTurismeRequena">[+] </a></p>

València Turisme celebra la Mesa de Promoción y Empresas de Servicios Turísticos Locales de las comarcas de Requena-Utiel y El Valle de Ayora- Cofrentes.
