{"id":96396,"date":"2019-11-25T12:57:23","date_gmt":"2019-11-25T10:57:23","guid":{"rendered":"http:\/\/www.tucomarca.com\/wordpress\/segunda\/wp-content\/uploads\/2019\/11\/AdemuzTrosPlat.jpg"},"modified":"2019-11-25T12:57:42","modified_gmt":"2019-11-25T10:57:42","slug":"ademuztrosplat-2","status":"inherit","type":"attachment","link":"https:\/\/tucomarca.whitekongsoftware.com\/ca\/del-tros-al-plat-ofereix-cuina-en-viu-amb-producte-local-a-la-festa-de-la-poma-esperiega-dademus\/ademuztrosplat-2\/","title":{"rendered":"AdemuzTrosPlat"},"author":1,"featured_media":0,"comment_status":"open","ping_status":"closed","template":"","meta":[],"class_list":["post-96396","attachment","type-attachment","status-inherit"],"description":{"rendered":"<p class=\"attachment\"><a href='https:\/\/tucomarca.whitekongsoftware.com\/wp-content\/uploads\/2019\/11\/AdemuzTrosPlat.jpg'><img loading=\"lazy\" decoding=\"async\" width=\"300\" height=\"199\" src=\"https:\/\/tucomarca.whitekongsoftware.com\/wp-content\/uploads\/2019\/11\/AdemuzTrosPlat-300x199.jpg\" class=\"attachment-medium size-medium\" alt=\"La chef Loles Salvador protagoniz\u00f3 el espect\u00e1culo gastron\u00f3mico y congreg\u00f3 a numerosos vecinos y visitantes del certamen  frente a sus fogones.\" srcset=\"https:\/\/tucomarca.whitekongsoftware.com\/wp-content\/uploads\/2019\/11\/AdemuzTrosPlat-300x199.jpg 300w, https:\/\/tucomarca.whitekongsoftware.com\/wp-content\/uploads\/2019\/11\/AdemuzTrosPlat-768x509.jpg 768w, https:\/\/tucomarca.whitekongsoftware.com\/wp-content\/uploads\/2019\/11\/AdemuzTrosPlat-1024x678.jpg 1024w, https:\/\/tucomarca.whitekongsoftware.com\/wp-content\/uploads\/2019\/11\/AdemuzTrosPlat.jpg 2048w\" sizes=\"auto, (max-width: 300px) 100vw, 300px\" \/><\/a><\/p>\n<p>La chef Loles Salvador protagoniz\u00f3 el espect\u00e1culo gastron\u00f3mico y congreg\u00f3 a numerosos vecinos y visitantes del certamen  frente a sus fogones.<\/p>\n"},"caption":{"rendered":"<div class=\"mh-excerpt\">La chef Loles Salvador protagoniz\u00f3 el espect\u00e1culo gastron\u00f3mico y congreg\u00f3 a numerosos vecinos y visitantes del certamen  frente a sus fogones.<\/div>\n<p> <a class=\"mh-excerpt-more\" href=\"https:\/\/tucomarca.whitekongsoftware.com\/ca\/del-tros-al-plat-ofereix-cuina-en-viu-amb-producte-local-a-la-festa-de-la-poma-esperiega-dademus\/ademuztrosplat-2\/\" title=\"AdemuzTrosPlat\">[+] <\/a><\/p>\n"},"alt_text":"La chef Loles Salvador protagoniz\u00f3 el espect\u00e1culo gastron\u00f3mico y congreg\u00f3 a numerosos vecinos y visitantes del certamen  frente a sus fogones.","media_type":"image","mime_type":"image\/jpeg","media_details":{"width":2048,"height":1356,"file":"2019\/11\/AdemuzTrosPlat.jpg","sizes":{"thumbnail":{"file":"AdemuzTrosPlat-290x290.jpg","width":290,"height":290,"mime_type":"image\/jpeg","source_url":"https:\/\/tucomarca.whitekongsoftware.com\/wp-content\/uploads\/2019\/11\/AdemuzTrosPlat-290x290.jpg"},"medium":{"file":"AdemuzTrosPlat-300x199.jpg","width":300,"height":199,"mime_type":"image\/jpeg","source_url":"https:\/\/tucomarca.whitekongsoftware.com\/wp-content\/uploads\/2019\/11\/AdemuzTrosPlat-300x199.jpg"},"medium_large":{"file":"AdemuzTrosPlat-768x509.jpg","width":768,"height":509,"mime_type":"image\/jpeg","source_url":"https:\/\/tucomarca.whitekongsoftware.com\/wp-content\/uploads\/2019\/11\/AdemuzTrosPlat-768x509.jpg"},"large":{"file":"AdemuzTrosPlat-1024x678.jpg","width":1024,"height":678,"mime_type":"image\/jpeg","source_url":"https:\/\/tucomarca.whitekongsoftware.com\/wp-content\/uploads\/2019\/11\/AdemuzTrosPlat-1024x678.jpg"},"mh-magazine-slider":{"file":"AdemuzTrosPlat-1030x438.jpg","width":1030,"height":438,"mime_type":"image\/jpeg","source_url":"https:\/\/tucomarca.whitekongsoftware.com\/wp-content\/uploads\/2019\/11\/AdemuzTrosPlat-1030x438.jpg"},"mh-magazine-content":{"file":"AdemuzTrosPlat-678x381.jpg","width":678,"height":381,"mime_type":"image\/jpeg","source_url":"https:\/\/tucomarca.whitekongsoftware.com\/wp-content\/uploads\/2019\/11\/AdemuzTrosPlat-678x381.jpg"},"mh-magazine-large":{"file":"AdemuzTrosPlat-678x509.jpg","width":678,"height":509,"mime_type":"image\/jpeg","source_url":"https:\/\/tucomarca.whitekongsoftware.com\/wp-content\/uploads\/2019\/11\/AdemuzTrosPlat-678x509.jpg"},"mh-magazine-medium":{"file":"AdemuzTrosPlat-326x245.jpg","width":326,"height":245,"mime_type":"image\/jpeg","source_url":"https:\/\/tucomarca.whitekongsoftware.com\/wp-content\/uploads\/2019\/11\/AdemuzTrosPlat-326x245.jpg"},"mh-magazine-small":{"file":"AdemuzTrosPlat-80x60.jpg","width":80,"height":60,"mime_type":"image\/jpeg","source_url":"https:\/\/tucomarca.whitekongsoftware.com\/wp-content\/uploads\/2019\/11\/AdemuzTrosPlat-80x60.jpg"},"full":{"file":"AdemuzTrosPlat.jpg","width":2048,"height":1356,"mime_type":"image\/jpeg","source_url":"https:\/\/tucomarca.whitekongsoftware.com\/wp-content\/uploads\/2019\/11\/AdemuzTrosPlat.jpg"}},"image_meta":{"aperture":"0","credit":"","camera":"","caption":"","created_timestamp":"0","copyright":"","focal_length":"0","iso":"0","shutter_speed":"0","title":"","orientation":"0","keywords":[]}},"post":96398,"source_url":"https:\/\/tucomarca.whitekongsoftware.com\/wp-content\/uploads\/2019\/11\/AdemuzTrosPlat.jpg","filename":"AdemuzTrosPlat.jpg","filesize":null,"_links":{"self":[{"href":"https:\/\/tucomarca.whitekongsoftware.com\/ca\/wp-json\/wp\/v2\/media\/96396","targetHints":{"allow":["GET"]}}],"collection":[{"href":"https:\/\/tucomarca.whitekongsoftware.com\/ca\/wp-json\/wp\/v2\/media"}],"about":[{"href":"https:\/\/tucomarca.whitekongsoftware.com\/ca\/wp-json\/wp\/v2\/types\/attachment"}],"author":[{"embeddable":true,"href":"https:\/\/tucomarca.whitekongsoftware.com\/ca\/wp-json\/wp\/v2\/users\/1"}],"replies":[{"embeddable":true,"href":"https:\/\/tucomarca.whitekongsoftware.com\/ca\/wp-json\/wp\/v2\/comments?post=96396"}],"wp:attached-to":[{"embeddable":true,"post_type":"post","id":96398,"href":"https:\/\/tucomarca.whitekongsoftware.com\/ca\/wp-json\/wp\/v2\/posts\/96398"}],"curies":[{"name":"wp","href":"https:\/\/api.w.org\/{rel}","templated":true}]}}

<p class="attachment"><a href='https://tucomarca.whitekongsoftware.com/wp-content/uploads/2019/11/AdemuzTrosPlat.jpg'><img loading="lazy" decoding="async" width="300" height="199" src="https://tucomarca.whitekongsoftware.com/wp-content/uploads/2019/11/AdemuzTrosPlat-300x199.jpg" class="attachment-medium size-medium" alt="La chef Loles Salvador protagonizó el espectáculo gastronómico y congregó a numerosos vecinos y visitantes del certamen  frente a sus fogones." srcset="https://tucomarca.whitekongsoftware.com/wp-content/uploads/2019/11/AdemuzTrosPlat-300x199.jpg 300w, https://tucomarca.whitekongsoftware.com/wp-content/uploads/2019/11/AdemuzTrosPlat-768x509.jpg 768w, https://tucomarca.whitekongsoftware.com/wp-content/uploads/2019/11/AdemuzTrosPlat-1024x678.jpg 1024w, https://tucomarca.whitekongsoftware.com/wp-content/uploads/2019/11/AdemuzTrosPlat.jpg 2048w" sizes="auto, (max-width: 300px) 100vw, 300px" /></a></p>
<p>La chef Loles Salvador protagonizó el espectáculo gastronómico y congregó a numerosos vecinos y visitantes del certamen  frente a sus fogones.</p>

<div class="mh-excerpt">La chef Loles Salvador protagonizó el espectáculo gastronómico y congregó a numerosos vecinos y visitantes del certamen  frente a sus fogones.</div>
<p> <a class="mh-excerpt-more" href="https://tucomarca.whitekongsoftware.com/ca/del-tros-al-plat-ofereix-cuina-en-viu-amb-producte-local-a-la-festa-de-la-poma-esperiega-dademus/ademuztrosplat-2/" title="AdemuzTrosPlat">[+] </a></p>

La chef Loles Salvador protagonizó el espectáculo gastronómico y congregó a numerosos vecinos y visitantes del certamen  frente a sus fogones.
