{"id":95429,"date":"2019-11-08T10:50:43","date_gmt":"2019-11-08T08:50:43","guid":{"rendered":"http:\/\/www.tucomarca.com\/wordpress\/segunda\/wp-content\/uploads\/2019\/11\/MOTOGuevara.jpg"},"modified":"2019-11-08T10:50:59","modified_gmt":"2019-11-08T08:50:59","slug":"motoguevara-2","status":"inherit","type":"attachment","link":"https:\/\/tucomarca.whitekongsoftware.com\/ca\/el-titol-de-lmundial-junior-de-moto3-encara-esta-per-decidir-entre-el-catala-jeremy-alcoba-i-el-valencia-carlos-tatay\/motoguevara-2\/","title":{"rendered":"MOTOGuevara"},"author":1,"featured_media":0,"comment_status":"open","ping_status":"closed","template":"","meta":[],"class_list":["post-95429","attachment","type-attachment","status-inherit"],"description":{"rendered":"<p class=\"attachment\"><a href='https:\/\/tucomarca.whitekongsoftware.com\/wp-content\/uploads\/2019\/11\/MOTOGuevara.jpg'><img loading=\"lazy\" decoding=\"async\" width=\"300\" height=\"200\" src=\"https:\/\/tucomarca.whitekongsoftware.com\/wp-content\/uploads\/2019\/11\/MOTOGuevara-300x200.jpg\" class=\"attachment-medium size-medium\" alt=\"El t\u00edtulo del Mundial J\u00fanior de Moto3 todav\u00eda est\u00e1 por decidir entre el catal\u00e1n Jeremy Alcoba y el valenciano Carlos Tatay.\" srcset=\"https:\/\/tucomarca.whitekongsoftware.com\/wp-content\/uploads\/2019\/11\/MOTOGuevara-300x200.jpg 300w, https:\/\/tucomarca.whitekongsoftware.com\/wp-content\/uploads\/2019\/11\/MOTOGuevara-768x511.jpg 768w, https:\/\/tucomarca.whitekongsoftware.com\/wp-content\/uploads\/2019\/11\/MOTOGuevara-1024x682.jpg 1024w\" sizes=\"auto, (max-width: 300px) 100vw, 300px\" \/><\/a><\/p>\n<p>El t\u00edtulo del Mundial J\u00fanior de Moto3 todav\u00eda est\u00e1 por decidir entre el catal\u00e1n Jeremy Alcoba y el valenciano Carlos Tatay.<\/p>\n"},"caption":{"rendered":"<div class=\"mh-excerpt\">El t\u00edtulo del Mundial J\u00fanior de Moto3 todav\u00eda est\u00e1 por decidir entre el catal\u00e1n Jeremy Alcoba y el valenciano Carlos Tatay.<\/div>\n<p> <a class=\"mh-excerpt-more\" href=\"https:\/\/tucomarca.whitekongsoftware.com\/ca\/el-titol-de-lmundial-junior-de-moto3-encara-esta-per-decidir-entre-el-catala-jeremy-alcoba-i-el-valencia-carlos-tatay\/motoguevara-2\/\" title=\"MOTOGuevara\">[+] <\/a><\/p>\n"},"alt_text":"El t\u00edtulo del Mundial J\u00fanior de Moto3 todav\u00eda est\u00e1 por decidir entre el catal\u00e1n Jeremy Alcoba y el valenciano Carlos Tatay.","media_type":"image","mime_type":"image\/jpeg","media_details":{"width":2844,"height":1893,"file":"2019\/11\/MOTOGuevara.jpg","sizes":{"thumbnail":{"file":"MOTOGuevara-290x290.jpg","width":290,"height":290,"mime_type":"image\/jpeg","source_url":"https:\/\/tucomarca.whitekongsoftware.com\/wp-content\/uploads\/2019\/11\/MOTOGuevara-290x290.jpg"},"medium":{"file":"MOTOGuevara-300x200.jpg","width":300,"height":200,"mime_type":"image\/jpeg","source_url":"https:\/\/tucomarca.whitekongsoftware.com\/wp-content\/uploads\/2019\/11\/MOTOGuevara-300x200.jpg"},"medium_large":{"file":"MOTOGuevara-768x511.jpg","width":768,"height":511,"mime_type":"image\/jpeg","source_url":"https:\/\/tucomarca.whitekongsoftware.com\/wp-content\/uploads\/2019\/11\/MOTOGuevara-768x511.jpg"},"large":{"file":"MOTOGuevara-1024x682.jpg","width":1024,"height":682,"mime_type":"image\/jpeg","source_url":"https:\/\/tucomarca.whitekongsoftware.com\/wp-content\/uploads\/2019\/11\/MOTOGuevara-1024x682.jpg"},"mh-magazine-slider":{"file":"MOTOGuevara-1030x438.jpg","width":1030,"height":438,"mime_type":"image\/jpeg","source_url":"https:\/\/tucomarca.whitekongsoftware.com\/wp-content\/uploads\/2019\/11\/MOTOGuevara-1030x438.jpg"},"mh-magazine-content":{"file":"MOTOGuevara-678x381.jpg","width":678,"height":381,"mime_type":"image\/jpeg","source_url":"https:\/\/tucomarca.whitekongsoftware.com\/wp-content\/uploads\/2019\/11\/MOTOGuevara-678x381.jpg"},"mh-magazine-large":{"file":"MOTOGuevara-678x509.jpg","width":678,"height":509,"mime_type":"image\/jpeg","source_url":"https:\/\/tucomarca.whitekongsoftware.com\/wp-content\/uploads\/2019\/11\/MOTOGuevara-678x509.jpg"},"mh-magazine-medium":{"file":"MOTOGuevara-326x245.jpg","width":326,"height":245,"mime_type":"image\/jpeg","source_url":"https:\/\/tucomarca.whitekongsoftware.com\/wp-content\/uploads\/2019\/11\/MOTOGuevara-326x245.jpg"},"mh-magazine-small":{"file":"MOTOGuevara-80x60.jpg","width":80,"height":60,"mime_type":"image\/jpeg","source_url":"https:\/\/tucomarca.whitekongsoftware.com\/wp-content\/uploads\/2019\/11\/MOTOGuevara-80x60.jpg"},"full":{"file":"MOTOGuevara.jpg","width":2844,"height":1893,"mime_type":"image\/jpeg","source_url":"https:\/\/tucomarca.whitekongsoftware.com\/wp-content\/uploads\/2019\/11\/MOTOGuevara.jpg"}},"image_meta":{"aperture":"5.6","credit":"","camera":"Canon EOS-1DS","caption":"","created_timestamp":"1556467611","copyright":"","focal_length":"400","iso":"125","shutter_speed":"0.0008","title":"","orientation":"1","keywords":[]}},"post":95431,"source_url":"https:\/\/tucomarca.whitekongsoftware.com\/wp-content\/uploads\/2019\/11\/MOTOGuevara.jpg","filename":"MOTOGuevara.jpg","filesize":null,"_links":{"self":[{"href":"https:\/\/tucomarca.whitekongsoftware.com\/ca\/wp-json\/wp\/v2\/media\/95429","targetHints":{"allow":["GET"]}}],"collection":[{"href":"https:\/\/tucomarca.whitekongsoftware.com\/ca\/wp-json\/wp\/v2\/media"}],"about":[{"href":"https:\/\/tucomarca.whitekongsoftware.com\/ca\/wp-json\/wp\/v2\/types\/attachment"}],"author":[{"embeddable":true,"href":"https:\/\/tucomarca.whitekongsoftware.com\/ca\/wp-json\/wp\/v2\/users\/1"}],"replies":[{"embeddable":true,"href":"https:\/\/tucomarca.whitekongsoftware.com\/ca\/wp-json\/wp\/v2\/comments?post=95429"}],"wp:attached-to":[{"embeddable":true,"post_type":"post","id":95431,"href":"https:\/\/tucomarca.whitekongsoftware.com\/ca\/wp-json\/wp\/v2\/posts\/95431"}],"curies":[{"name":"wp","href":"https:\/\/api.w.org\/{rel}","templated":true}]}}

<p class="attachment"><a href='https://tucomarca.whitekongsoftware.com/wp-content/uploads/2019/11/MOTOGuevara.jpg'><img loading="lazy" decoding="async" width="300" height="200" src="https://tucomarca.whitekongsoftware.com/wp-content/uploads/2019/11/MOTOGuevara-300x200.jpg" class="attachment-medium size-medium" alt="El título del Mundial Júnior de Moto3 todavía está por decidir entre el catalán Jeremy Alcoba y el valenciano Carlos Tatay." srcset="https://tucomarca.whitekongsoftware.com/wp-content/uploads/2019/11/MOTOGuevara-300x200.jpg 300w, https://tucomarca.whitekongsoftware.com/wp-content/uploads/2019/11/MOTOGuevara-768x511.jpg 768w, https://tucomarca.whitekongsoftware.com/wp-content/uploads/2019/11/MOTOGuevara-1024x682.jpg 1024w" sizes="auto, (max-width: 300px) 100vw, 300px" /></a></p>
<p>El título del Mundial Júnior de Moto3 todavía está por decidir entre el catalán Jeremy Alcoba y el valenciano Carlos Tatay.</p>

<div class="mh-excerpt">El título del Mundial Júnior de Moto3 todavía está por decidir entre el catalán Jeremy Alcoba y el valenciano Carlos Tatay.</div>
<p> <a class="mh-excerpt-more" href="https://tucomarca.whitekongsoftware.com/ca/el-titol-de-lmundial-junior-de-moto3-encara-esta-per-decidir-entre-el-catala-jeremy-alcoba-i-el-valencia-carlos-tatay/motoguevara-2/" title="MOTOGuevara">[+] </a></p>

El título del Mundial Júnior de Moto3 todavía está por decidir entre el catalán Jeremy Alcoba y el valenciano Carlos Tatay.
