{"id":94378,"date":"2019-10-22T11:45:13","date_gmt":"2019-10-22T09:45:13","guid":{"rendered":"http:\/\/www.tucomarca.com\/wordpress\/segunda\/wp-content\/uploads\/2019\/10\/Dipucurso.jpg"},"modified":"2019-10-22T11:45:34","modified_gmt":"2019-10-22T09:45:34","slug":"dipucurso-2","status":"inherit","type":"attachment","link":"https:\/\/tucomarca.whitekongsoftware.com\/ca\/la-diputacio-de-valencia-inicia-una-nova-edicio-dels-cursos-formatius-dirigits-a-tecnics-i-carrecs-electes\/dipucurso-2\/","title":{"rendered":"Dipucurso"},"author":1,"featured_media":0,"comment_status":"open","ping_status":"closed","template":"","meta":[],"class_list":["post-94378","attachment","type-attachment","status-inherit"],"description":{"rendered":"<p class=\"attachment\"><a href='https:\/\/tucomarca.whitekongsoftware.com\/wp-content\/uploads\/2019\/10\/Dipucurso.jpg'><img loading=\"lazy\" decoding=\"async\" width=\"300\" height=\"200\" src=\"https:\/\/tucomarca.whitekongsoftware.com\/wp-content\/uploads\/2019\/10\/Dipucurso-300x200.jpg\" class=\"attachment-medium size-medium\" alt=\"La Diputaci\u00f3 de Val\u00e8ncia inicia una nueva edici\u00f3n de los cursos formativos dirigidos a t\u00e9cnicos y cargos electos.\" srcset=\"https:\/\/tucomarca.whitekongsoftware.com\/wp-content\/uploads\/2019\/10\/Dipucurso-300x200.jpg 300w, https:\/\/tucomarca.whitekongsoftware.com\/wp-content\/uploads\/2019\/10\/Dipucurso-768x512.jpg 768w, https:\/\/tucomarca.whitekongsoftware.com\/wp-content\/uploads\/2019\/10\/Dipucurso-1024x683.jpg 1024w\" sizes=\"auto, (max-width: 300px) 100vw, 300px\" \/><\/a><\/p>\n<p>La Diputaci\u00f3 de Val\u00e8ncia inicia una nueva edici\u00f3n de los cursos formativos dirigidos a t\u00e9cnicos y cargos electos.<\/p>\n"},"caption":{"rendered":"<div class=\"mh-excerpt\">La Diputaci\u00f3 de Val\u00e8ncia inicia una nueva edici\u00f3n de los cursos formativos dirigidos a t\u00e9cnicos y cargos electos.<\/div>\n<p> <a class=\"mh-excerpt-more\" href=\"https:\/\/tucomarca.whitekongsoftware.com\/ca\/la-diputacio-de-valencia-inicia-una-nova-edicio-dels-cursos-formatius-dirigits-a-tecnics-i-carrecs-electes\/dipucurso-2\/\" title=\"Dipucurso\">[+] <\/a><\/p>\n"},"alt_text":"La Diputaci\u00f3 de Val\u00e8ncia inicia una nueva edici\u00f3n de los cursos formativos dirigidos a t\u00e9cnicos y cargos electos.","media_type":"image","mime_type":"image\/jpeg","media_details":{"width":6240,"height":4160,"file":"2019\/10\/Dipucurso.jpg","sizes":{"thumbnail":{"file":"Dipucurso-290x290.jpg","width":290,"height":290,"mime_type":"image\/jpeg","source_url":"https:\/\/tucomarca.whitekongsoftware.com\/wp-content\/uploads\/2019\/10\/Dipucurso-290x290.jpg"},"medium":{"file":"Dipucurso-300x200.jpg","width":300,"height":200,"mime_type":"image\/jpeg","source_url":"https:\/\/tucomarca.whitekongsoftware.com\/wp-content\/uploads\/2019\/10\/Dipucurso-300x200.jpg"},"medium_large":{"file":"Dipucurso-768x512.jpg","width":768,"height":512,"mime_type":"image\/jpeg","source_url":"https:\/\/tucomarca.whitekongsoftware.com\/wp-content\/uploads\/2019\/10\/Dipucurso-768x512.jpg"},"large":{"file":"Dipucurso-1024x683.jpg","width":1024,"height":683,"mime_type":"image\/jpeg","source_url":"https:\/\/tucomarca.whitekongsoftware.com\/wp-content\/uploads\/2019\/10\/Dipucurso-1024x683.jpg"},"mh-magazine-slider":{"file":"Dipucurso-1030x438.jpg","width":1030,"height":438,"mime_type":"image\/jpeg","source_url":"https:\/\/tucomarca.whitekongsoftware.com\/wp-content\/uploads\/2019\/10\/Dipucurso-1030x438.jpg"},"mh-magazine-content":{"file":"Dipucurso-678x381.jpg","width":678,"height":381,"mime_type":"image\/jpeg","source_url":"https:\/\/tucomarca.whitekongsoftware.com\/wp-content\/uploads\/2019\/10\/Dipucurso-678x381.jpg"},"mh-magazine-large":{"file":"Dipucurso-678x509.jpg","width":678,"height":509,"mime_type":"image\/jpeg","source_url":"https:\/\/tucomarca.whitekongsoftware.com\/wp-content\/uploads\/2019\/10\/Dipucurso-678x509.jpg"},"mh-magazine-medium":{"file":"Dipucurso-326x245.jpg","width":326,"height":245,"mime_type":"image\/jpeg","source_url":"https:\/\/tucomarca.whitekongsoftware.com\/wp-content\/uploads\/2019\/10\/Dipucurso-326x245.jpg"},"mh-magazine-small":{"file":"Dipucurso-80x60.jpg","width":80,"height":60,"mime_type":"image\/jpeg","source_url":"https:\/\/tucomarca.whitekongsoftware.com\/wp-content\/uploads\/2019\/10\/Dipucurso-80x60.jpg"},"full":{"file":"Dipucurso.jpg","width":6240,"height":4160,"mime_type":"image\/jpeg","source_url":"https:\/\/tucomarca.whitekongsoftware.com\/wp-content\/uploads\/2019\/10\/Dipucurso.jpg"}},"image_meta":{"aperture":"5","credit":"","camera":"Canon EOS 6D Mark II","caption":"","created_timestamp":"1571671418","copyright":"","focal_length":"59","iso":"3200","shutter_speed":"0.008","title":"","orientation":"1","keywords":[]}},"post":94380,"source_url":"https:\/\/tucomarca.whitekongsoftware.com\/wp-content\/uploads\/2019\/10\/Dipucurso.jpg","filename":"Dipucurso.jpg","filesize":null,"_links":{"self":[{"href":"https:\/\/tucomarca.whitekongsoftware.com\/ca\/wp-json\/wp\/v2\/media\/94378","targetHints":{"allow":["GET"]}}],"collection":[{"href":"https:\/\/tucomarca.whitekongsoftware.com\/ca\/wp-json\/wp\/v2\/media"}],"about":[{"href":"https:\/\/tucomarca.whitekongsoftware.com\/ca\/wp-json\/wp\/v2\/types\/attachment"}],"author":[{"embeddable":true,"href":"https:\/\/tucomarca.whitekongsoftware.com\/ca\/wp-json\/wp\/v2\/users\/1"}],"replies":[{"embeddable":true,"href":"https:\/\/tucomarca.whitekongsoftware.com\/ca\/wp-json\/wp\/v2\/comments?post=94378"}],"wp:attached-to":[{"embeddable":true,"post_type":"post","id":94380,"href":"https:\/\/tucomarca.whitekongsoftware.com\/ca\/wp-json\/wp\/v2\/posts\/94380"}],"curies":[{"name":"wp","href":"https:\/\/api.w.org\/{rel}","templated":true}]}}

<p class="attachment"><a href='https://tucomarca.whitekongsoftware.com/wp-content/uploads/2019/10/Dipucurso.jpg'><img loading="lazy" decoding="async" width="300" height="200" src="https://tucomarca.whitekongsoftware.com/wp-content/uploads/2019/10/Dipucurso-300x200.jpg" class="attachment-medium size-medium" alt="La Diputació de València inicia una nueva edición de los cursos formativos dirigidos a técnicos y cargos electos." srcset="https://tucomarca.whitekongsoftware.com/wp-content/uploads/2019/10/Dipucurso-300x200.jpg 300w, https://tucomarca.whitekongsoftware.com/wp-content/uploads/2019/10/Dipucurso-768x512.jpg 768w, https://tucomarca.whitekongsoftware.com/wp-content/uploads/2019/10/Dipucurso-1024x683.jpg 1024w" sizes="auto, (max-width: 300px) 100vw, 300px" /></a></p>
<p>La Diputació de València inicia una nueva edición de los cursos formativos dirigidos a técnicos y cargos electos.</p>

<div class="mh-excerpt">La Diputació de València inicia una nueva edición de los cursos formativos dirigidos a técnicos y cargos electos.</div>
<p> <a class="mh-excerpt-more" href="https://tucomarca.whitekongsoftware.com/ca/la-diputacio-de-valencia-inicia-una-nova-edicio-dels-cursos-formatius-dirigits-a-tecnics-i-carrecs-electes/dipucurso-2/" title="Dipucurso">[+] </a></p>

La Diputació de València inicia una nueva edición de los cursos formativos dirigidos a técnicos y cargos electos.
