{"id":92394,"date":"2019-09-13T17:41:35","date_gmt":"2019-09-13T15:41:35","guid":{"rendered":"http:\/\/www.tucomarca.com\/wordpress\/segunda\/wp-content\/uploads\/2019\/09\/TemporalPuig.jpeg"},"modified":"2019-09-13T17:42:17","modified_gmt":"2019-09-13T15:42:17","slug":"temporalpuig-2-2","status":"inherit","type":"attachment","link":"https:\/\/tucomarca.whitekongsoftware.com\/ca\/ximo-puig-la-generalitat-garanteix-latencio-immediata-a-les-persones-afectades-i-les-mesures-per-pal%c2%b7liar-els-danys-economics-i-reparar-infraestructures\/temporalpuig-2-2\/","title":{"rendered":"TemporalPuig"},"author":1,"featured_media":0,"comment_status":"open","ping_status":"closed","template":"","meta":[],"class_list":["post-92394","attachment","type-attachment","status-inherit"],"description":{"rendered":"<p class=\"attachment\"><a href='https:\/\/tucomarca.whitekongsoftware.com\/wp-content\/uploads\/2019\/09\/TemporalPuig.jpeg'><img loading=\"lazy\" decoding=\"async\" width=\"300\" height=\"225\" src=\"https:\/\/tucomarca.whitekongsoftware.com\/wp-content\/uploads\/2019\/09\/TemporalPuig-300x225.jpeg\" class=\"attachment-medium size-medium\" alt=\"Puig, que ha permanecido en contacto con Pedro S\u00e1nchez, ha seguido desde Orihuela la evoluci\u00f3n de la gota fr\u00eda y de las actuaciones de emergencia.\" srcset=\"https:\/\/tucomarca.whitekongsoftware.com\/wp-content\/uploads\/2019\/09\/TemporalPuig-300x225.jpeg 300w, https:\/\/tucomarca.whitekongsoftware.com\/wp-content\/uploads\/2019\/09\/TemporalPuig-768x576.jpeg 768w, https:\/\/tucomarca.whitekongsoftware.com\/wp-content\/uploads\/2019\/09\/TemporalPuig-1024x768.jpeg 1024w, https:\/\/tucomarca.whitekongsoftware.com\/wp-content\/uploads\/2019\/09\/TemporalPuig.jpeg 1600w\" sizes=\"auto, (max-width: 300px) 100vw, 300px\" \/><\/a><\/p>\n<p>Puig, que ha permanecido en contacto con Pedro S\u00e1nchez, ha seguido desde Orihuela la evoluci\u00f3n de la gota fr\u00eda y de las actuaciones de emergencia.<\/p>\n"},"caption":{"rendered":"<div class=\"mh-excerpt\">Puig, que ha permanecido en contacto con Pedro S\u00e1nchez, ha seguido desde Orihuela la evoluci\u00f3n de la gota fr\u00eda y de las actuaciones de emergencia.<\/div>\n<p> <a class=\"mh-excerpt-more\" href=\"https:\/\/tucomarca.whitekongsoftware.com\/ca\/ximo-puig-la-generalitat-garanteix-latencio-immediata-a-les-persones-afectades-i-les-mesures-per-pal%c2%b7liar-els-danys-economics-i-reparar-infraestructures\/temporalpuig-2-2\/\" title=\"TemporalPuig\">[+] <\/a><\/p>\n"},"alt_text":"Puig, que ha permanecido en contacto con Pedro S\u00e1nchez, ha seguido desde Orihuela la evoluci\u00f3n de la gota fr\u00eda y de las actuaciones de emergencia.","media_type":"image","mime_type":"image\/jpeg","media_details":{"width":1600,"height":1200,"file":"2019\/09\/TemporalPuig.jpeg","sizes":{"thumbnail":{"file":"TemporalPuig-290x290.jpeg","width":290,"height":290,"mime_type":"image\/jpeg","source_url":"https:\/\/tucomarca.whitekongsoftware.com\/wp-content\/uploads\/2019\/09\/TemporalPuig-290x290.jpeg"},"medium":{"file":"TemporalPuig-300x225.jpeg","width":300,"height":225,"mime_type":"image\/jpeg","source_url":"https:\/\/tucomarca.whitekongsoftware.com\/wp-content\/uploads\/2019\/09\/TemporalPuig-300x225.jpeg"},"medium_large":{"file":"TemporalPuig-768x576.jpeg","width":768,"height":576,"mime_type":"image\/jpeg","source_url":"https:\/\/tucomarca.whitekongsoftware.com\/wp-content\/uploads\/2019\/09\/TemporalPuig-768x576.jpeg"},"large":{"file":"TemporalPuig-1024x768.jpeg","width":1024,"height":768,"mime_type":"image\/jpeg","source_url":"https:\/\/tucomarca.whitekongsoftware.com\/wp-content\/uploads\/2019\/09\/TemporalPuig-1024x768.jpeg"},"rss-image":{"file":"TemporalPuig-300x225.jpeg","width":300,"height":225,"mime_type":"image\/jpeg","source_url":"https:\/\/tucomarca.whitekongsoftware.com\/wp-content\/uploads\/2019\/09\/TemporalPuig-300x225.jpeg"},"post-thumbnail":{"file":"TemporalPuig-50x50.jpeg","width":50,"height":50,"mime_type":"image\/jpeg","source_url":"https:\/\/tucomarca.whitekongsoftware.com\/wp-content\/uploads\/2019\/09\/TemporalPuig-50x50.jpeg"},"gabfire":{"file":"TemporalPuig-1024x768.jpeg","width":1024,"height":768,"mime_type":"image\/jpeg","source_url":"https:\/\/tucomarca.whitekongsoftware.com\/wp-content\/uploads\/2019\/09\/TemporalPuig-1024x768.jpeg"},"full":{"file":"TemporalPuig.jpeg","width":1600,"height":1200,"mime_type":"image\/jpeg","source_url":"https:\/\/tucomarca.whitekongsoftware.com\/wp-content\/uploads\/2019\/09\/TemporalPuig.jpeg"}},"image_meta":{"aperture":"0","credit":"","camera":"","caption":"","created_timestamp":"0","copyright":"","focal_length":"0","iso":"0","shutter_speed":"0","title":"","orientation":"0","keywords":[]}},"post":92415,"source_url":"https:\/\/tucomarca.whitekongsoftware.com\/wp-content\/uploads\/2019\/09\/TemporalPuig.jpeg","filename":"TemporalPuig.jpeg","filesize":null,"_links":{"self":[{"href":"https:\/\/tucomarca.whitekongsoftware.com\/ca\/wp-json\/wp\/v2\/media\/92394","targetHints":{"allow":["GET"]}}],"collection":[{"href":"https:\/\/tucomarca.whitekongsoftware.com\/ca\/wp-json\/wp\/v2\/media"}],"about":[{"href":"https:\/\/tucomarca.whitekongsoftware.com\/ca\/wp-json\/wp\/v2\/types\/attachment"}],"author":[{"embeddable":true,"href":"https:\/\/tucomarca.whitekongsoftware.com\/ca\/wp-json\/wp\/v2\/users\/1"}],"replies":[{"embeddable":true,"href":"https:\/\/tucomarca.whitekongsoftware.com\/ca\/wp-json\/wp\/v2\/comments?post=92394"}],"wp:attached-to":[{"embeddable":true,"post_type":"post","id":92415,"href":"https:\/\/tucomarca.whitekongsoftware.com\/ca\/wp-json\/wp\/v2\/posts\/92415"}],"curies":[{"name":"wp","href":"https:\/\/api.w.org\/{rel}","templated":true}]}}

<p class="attachment"><a href='https://tucomarca.whitekongsoftware.com/wp-content/uploads/2019/09/TemporalPuig.jpeg'><img loading="lazy" decoding="async" width="300" height="225" src="https://tucomarca.whitekongsoftware.com/wp-content/uploads/2019/09/TemporalPuig-300x225.jpeg" class="attachment-medium size-medium" alt="Puig, que ha permanecido en contacto con Pedro Sánchez, ha seguido desde Orihuela la evolución de la gota fría y de las actuaciones de emergencia." srcset="https://tucomarca.whitekongsoftware.com/wp-content/uploads/2019/09/TemporalPuig-300x225.jpeg 300w, https://tucomarca.whitekongsoftware.com/wp-content/uploads/2019/09/TemporalPuig-768x576.jpeg 768w, https://tucomarca.whitekongsoftware.com/wp-content/uploads/2019/09/TemporalPuig-1024x768.jpeg 1024w, https://tucomarca.whitekongsoftware.com/wp-content/uploads/2019/09/TemporalPuig.jpeg 1600w" sizes="auto, (max-width: 300px) 100vw, 300px" /></a></p>
<p>Puig, que ha permanecido en contacto con Pedro Sánchez, ha seguido desde Orihuela la evolución de la gota fría y de las actuaciones de emergencia.</p>

<div class="mh-excerpt">Puig, que ha permanecido en contacto con Pedro Sánchez, ha seguido desde Orihuela la evolución de la gota fría y de las actuaciones de emergencia.</div>
<p> <a class="mh-excerpt-more" href="https://tucomarca.whitekongsoftware.com/ca/ximo-puig-la-generalitat-garanteix-latencio-immediata-a-les-persones-afectades-i-les-mesures-per-pal%c2%b7liar-els-danys-economics-i-reparar-infraestructures/temporalpuig-2-2/" title="TemporalPuig">[+] </a></p>

Puig, que ha permanecido en contacto con Pedro Sánchez, ha seguido desde Orihuela la evolución de la gota fría y de las actuaciones de emergencia.
