{"id":90864,"date":"2019-08-16T07:41:07","date_gmt":"2019-08-16T05:41:07","guid":{"rendered":"http:\/\/www.tucomarca.com\/wordpress\/segunda\/wp-content\/uploads\/2019\/08\/FestivalYatova.jpg"},"modified":"2019-08-16T07:41:46","modified_gmt":"2019-08-16T05:41:46","slug":"festivalyatova-2","status":"inherit","type":"attachment","link":"https:\/\/tucomarca.whitekongsoftware.com\/ca\/iatova-acull-una-nova-edicio-del-seu-festival-de-bandes-de-musica-aquest-divendres\/festivalyatova-2\/","title":{"rendered":"FestivalYatova"},"author":1,"featured_media":0,"comment_status":"open","ping_status":"closed","template":"","meta":[],"class_list":["post-90864","attachment","type-attachment","status-inherit"],"description":{"rendered":"<p class=\"attachment\"><a href='https:\/\/tucomarca.whitekongsoftware.com\/wp-content\/uploads\/2019\/08\/FestivalYatova.jpg'><img loading=\"lazy\" decoding=\"async\" width=\"300\" height=\"143\" src=\"https:\/\/tucomarca.whitekongsoftware.com\/wp-content\/uploads\/2019\/08\/FestivalYatova-300x143.jpg\" class=\"attachment-medium size-medium\" alt=\"Al acto asistieron los representantes y directores de La Uni\u00f3n Musical y el CIM \u00abSanta Cecilia\u00bb, as\u00ed como sus respectivas musas, \u00c1ngela Herrero y Clara Burriel, adem\u00e1s de los representantes del gobierno local.\" srcset=\"https:\/\/tucomarca.whitekongsoftware.com\/wp-content\/uploads\/2019\/08\/FestivalYatova-300x143.jpg 300w, https:\/\/tucomarca.whitekongsoftware.com\/wp-content\/uploads\/2019\/08\/FestivalYatova-768x365.jpg 768w, https:\/\/tucomarca.whitekongsoftware.com\/wp-content\/uploads\/2019\/08\/FestivalYatova-1024x487.jpg 1024w, https:\/\/tucomarca.whitekongsoftware.com\/wp-content\/uploads\/2019\/08\/FestivalYatova.jpg 1410w\" sizes=\"auto, (max-width: 300px) 100vw, 300px\" \/><\/a><\/p>\n<p>Al acto asistieron los representantes y directores de La Uni\u00f3n Musical y el CIM \u00abSanta Cecilia\u00bb, as\u00ed como sus respectivas musas, \u00c1ngela Herrero y Clara Burriel, adem\u00e1s de los representantes del gobierno local.<\/p>\n"},"caption":{"rendered":"<div class=\"mh-excerpt\">Al acto asistieron los representantes y directores de La Uni\u00f3n Musical y el CIM \u00abSanta Cecilia\u00bb, as\u00ed como sus respectivas musas, \u00c1ngela Herrero y Clara Burriel, adem\u00e1s de los representantes del gobierno local.<\/div>\n<p> <a class=\"mh-excerpt-more\" href=\"https:\/\/tucomarca.whitekongsoftware.com\/ca\/iatova-acull-una-nova-edicio-del-seu-festival-de-bandes-de-musica-aquest-divendres\/festivalyatova-2\/\" title=\"FestivalYatova\">[+] <\/a><\/p>\n"},"alt_text":"Al acto asistieron los representantes y directores de La Uni\u00f3n Musical y el CIM \u00abSanta Cecilia\u00bb, as\u00ed como sus respectivas musas, \u00c1ngela Herrero y Clara Burriel, adem\u00e1s de los representantes del gobierno local.","media_type":"image","mime_type":"image\/jpeg","media_details":{"width":1410,"height":670,"file":"2019\/08\/FestivalYatova.jpg","sizes":{"thumbnail":{"file":"FestivalYatova-290x290.jpg","width":290,"height":290,"mime_type":"image\/jpeg","source_url":"https:\/\/tucomarca.whitekongsoftware.com\/wp-content\/uploads\/2019\/08\/FestivalYatova-290x290.jpg"},"medium":{"file":"FestivalYatova-300x143.jpg","width":300,"height":143,"mime_type":"image\/jpeg","source_url":"https:\/\/tucomarca.whitekongsoftware.com\/wp-content\/uploads\/2019\/08\/FestivalYatova-300x143.jpg"},"medium_large":{"file":"FestivalYatova-768x365.jpg","width":768,"height":365,"mime_type":"image\/jpeg","source_url":"https:\/\/tucomarca.whitekongsoftware.com\/wp-content\/uploads\/2019\/08\/FestivalYatova-768x365.jpg"},"large":{"file":"FestivalYatova-1024x487.jpg","width":1024,"height":487,"mime_type":"image\/jpeg","source_url":"https:\/\/tucomarca.whitekongsoftware.com\/wp-content\/uploads\/2019\/08\/FestivalYatova-1024x487.jpg"},"rss-image":{"file":"FestivalYatova-300x143.jpg","width":300,"height":143,"mime_type":"image\/jpeg","source_url":"https:\/\/tucomarca.whitekongsoftware.com\/wp-content\/uploads\/2019\/08\/FestivalYatova-300x143.jpg"},"post-thumbnail":{"file":"FestivalYatova-50x50.jpg","width":50,"height":50,"mime_type":"image\/jpeg","source_url":"https:\/\/tucomarca.whitekongsoftware.com\/wp-content\/uploads\/2019\/08\/FestivalYatova-50x50.jpg"},"gabfire":{"file":"FestivalYatova-1024x487.jpg","width":1024,"height":487,"mime_type":"image\/jpeg","source_url":"https:\/\/tucomarca.whitekongsoftware.com\/wp-content\/uploads\/2019\/08\/FestivalYatova-1024x487.jpg"},"full":{"file":"FestivalYatova.jpg","width":1410,"height":670,"mime_type":"image\/jpeg","source_url":"https:\/\/tucomarca.whitekongsoftware.com\/wp-content\/uploads\/2019\/08\/FestivalYatova.jpg"}},"image_meta":{"aperture":"0","credit":"","camera":"","caption":"","created_timestamp":"0","copyright":"","focal_length":"0","iso":"0","shutter_speed":"0","title":"","orientation":"0","keywords":[]}},"post":90855,"source_url":"https:\/\/tucomarca.whitekongsoftware.com\/wp-content\/uploads\/2019\/08\/FestivalYatova.jpg","filename":"FestivalYatova.jpg","filesize":null,"_links":{"self":[{"href":"https:\/\/tucomarca.whitekongsoftware.com\/ca\/wp-json\/wp\/v2\/media\/90864","targetHints":{"allow":["GET"]}}],"collection":[{"href":"https:\/\/tucomarca.whitekongsoftware.com\/ca\/wp-json\/wp\/v2\/media"}],"about":[{"href":"https:\/\/tucomarca.whitekongsoftware.com\/ca\/wp-json\/wp\/v2\/types\/attachment"}],"author":[{"embeddable":true,"href":"https:\/\/tucomarca.whitekongsoftware.com\/ca\/wp-json\/wp\/v2\/users\/1"}],"replies":[{"embeddable":true,"href":"https:\/\/tucomarca.whitekongsoftware.com\/ca\/wp-json\/wp\/v2\/comments?post=90864"}],"wp:attached-to":[{"embeddable":true,"post_type":"post","id":90855,"href":"https:\/\/tucomarca.whitekongsoftware.com\/ca\/wp-json\/wp\/v2\/posts\/90855"}],"curies":[{"name":"wp","href":"https:\/\/api.w.org\/{rel}","templated":true}]}}

<p class="attachment"><a href='https://tucomarca.whitekongsoftware.com/wp-content/uploads/2019/08/FestivalYatova.jpg'><img loading="lazy" decoding="async" width="300" height="143" src="https://tucomarca.whitekongsoftware.com/wp-content/uploads/2019/08/FestivalYatova-300x143.jpg" class="attachment-medium size-medium" alt="Al acto asistieron los representantes y directores de La Unión Musical y el CIM «Santa Cecilia», así como sus respectivas musas, Ángela Herrero y Clara Burriel, además de los representantes del gobierno local." srcset="https://tucomarca.whitekongsoftware.com/wp-content/uploads/2019/08/FestivalYatova-300x143.jpg 300w, https://tucomarca.whitekongsoftware.com/wp-content/uploads/2019/08/FestivalYatova-768x365.jpg 768w, https://tucomarca.whitekongsoftware.com/wp-content/uploads/2019/08/FestivalYatova-1024x487.jpg 1024w, https://tucomarca.whitekongsoftware.com/wp-content/uploads/2019/08/FestivalYatova.jpg 1410w" sizes="auto, (max-width: 300px) 100vw, 300px" /></a></p>
<p>Al acto asistieron los representantes y directores de La Unión Musical y el CIM «Santa Cecilia», así como sus respectivas musas, Ángela Herrero y Clara Burriel, además de los representantes del gobierno local.</p>

<div class="mh-excerpt">Al acto asistieron los representantes y directores de La Unión Musical y el CIM «Santa Cecilia», así como sus respectivas musas, Ángela Herrero y Clara Burriel, además de los representantes del gobierno local.</div>
<p> <a class="mh-excerpt-more" href="https://tucomarca.whitekongsoftware.com/ca/iatova-acull-una-nova-edicio-del-seu-festival-de-bandes-de-musica-aquest-divendres/festivalyatova-2/" title="FestivalYatova">[+] </a></p>

Al acto asistieron los representantes y directores de La Unión Musical y el CIM «Santa Cecilia», así como sus respectivas musas, Ángela Herrero y Clara Burriel, además de los representantes del gobierno local.
