{"id":90859,"date":"2019-08-15T22:37:09","date_gmt":"2019-08-15T20:37:09","guid":{"rendered":"http:\/\/www.tucomarca.com\/wordpress\/segunda\/wp-content\/uploads\/2019\/08\/oplastico.jpg"},"modified":"2019-08-15T22:37:41","modified_gmt":"2019-08-15T20:37:41","slug":"oplastico-2","status":"inherit","type":"attachment","link":"https:\/\/tucomarca.whitekongsoftware.com\/ca\/campanya-contra-lus-del-plastic-de-la-regidoria-de-medi-ambient-de-bunyol-i-zero-plastic\/oplastico-2\/","title":{"rendered":"oplastico"},"author":1,"featured_media":0,"comment_status":"open","ping_status":"closed","template":"","meta":[],"class_list":["post-90859","attachment","type-attachment","status-inherit"],"description":{"rendered":"<p class=\"attachment\"><a href='https:\/\/tucomarca.whitekongsoftware.com\/wp-content\/uploads\/2019\/08\/oplastico.jpg'><img loading=\"lazy\" decoding=\"async\" width=\"300\" height=\"162\" src=\"https:\/\/tucomarca.whitekongsoftware.com\/wp-content\/uploads\/2019\/08\/oplastico-300x162.jpg\" class=\"attachment-medium size-medium\" alt=\"Esta campa\u00f1a durar\u00e1 desde el d\u00eda 1 de agosto y finalizar\u00e1 con las ferias.\" srcset=\"https:\/\/tucomarca.whitekongsoftware.com\/wp-content\/uploads\/2019\/08\/oplastico-300x162.jpg 300w, https:\/\/tucomarca.whitekongsoftware.com\/wp-content\/uploads\/2019\/08\/oplastico-768x414.jpg 768w, https:\/\/tucomarca.whitekongsoftware.com\/wp-content\/uploads\/2019\/08\/oplastico.jpg 900w\" sizes=\"auto, (max-width: 300px) 100vw, 300px\" \/><\/a><\/p>\n<p>Esta campa\u00f1a durar\u00e1 desde el d\u00eda 1 de agosto y finalizar\u00e1 con las ferias.<\/p>\n"},"caption":{"rendered":"<div class=\"mh-excerpt\">Esta campa\u00f1a durar\u00e1 desde el d\u00eda 1 de agosto y finalizar\u00e1 con las ferias.<\/div>\n<p> <a class=\"mh-excerpt-more\" href=\"https:\/\/tucomarca.whitekongsoftware.com\/ca\/campanya-contra-lus-del-plastic-de-la-regidoria-de-medi-ambient-de-bunyol-i-zero-plastic\/oplastico-2\/\" title=\"oplastico\">[+] <\/a><\/p>\n"},"alt_text":"Esta campa\u00f1a durar\u00e1 desde el d\u00eda 1 de agosto y finalizar\u00e1 con las ferias.","media_type":"image","mime_type":"image\/jpeg","media_details":{"width":900,"height":485,"file":"2019\/08\/oplastico.jpg","sizes":{"thumbnail":{"file":"oplastico-290x290.jpg","width":290,"height":290,"mime_type":"image\/jpeg","source_url":"https:\/\/tucomarca.whitekongsoftware.com\/wp-content\/uploads\/2019\/08\/oplastico-290x290.jpg"},"medium":{"file":"oplastico-300x162.jpg","width":300,"height":162,"mime_type":"image\/jpeg","source_url":"https:\/\/tucomarca.whitekongsoftware.com\/wp-content\/uploads\/2019\/08\/oplastico-300x162.jpg"},"medium_large":{"file":"oplastico-768x414.jpg","width":768,"height":414,"mime_type":"image\/jpeg","source_url":"https:\/\/tucomarca.whitekongsoftware.com\/wp-content\/uploads\/2019\/08\/oplastico-768x414.jpg"},"rss-image":{"file":"oplastico-300x162.jpg","width":300,"height":162,"mime_type":"image\/jpeg","source_url":"https:\/\/tucomarca.whitekongsoftware.com\/wp-content\/uploads\/2019\/08\/oplastico-300x162.jpg"},"post-thumbnail":{"file":"oplastico-50x50.jpg","width":50,"height":50,"mime_type":"image\/jpeg","source_url":"https:\/\/tucomarca.whitekongsoftware.com\/wp-content\/uploads\/2019\/08\/oplastico-50x50.jpg"},"full":{"file":"oplastico.jpg","width":900,"height":485,"mime_type":"image\/jpeg","source_url":"https:\/\/tucomarca.whitekongsoftware.com\/wp-content\/uploads\/2019\/08\/oplastico.jpg"}},"image_meta":{"aperture":"0","credit":"","camera":"","caption":"","created_timestamp":"0","copyright":"","focal_length":"0","iso":"0","shutter_speed":"0","title":"","orientation":"1","keywords":[]}},"post":90861,"source_url":"https:\/\/tucomarca.whitekongsoftware.com\/wp-content\/uploads\/2019\/08\/oplastico.jpg","filename":"oplastico.jpg","filesize":null,"_links":{"self":[{"href":"https:\/\/tucomarca.whitekongsoftware.com\/ca\/wp-json\/wp\/v2\/media\/90859","targetHints":{"allow":["GET"]}}],"collection":[{"href":"https:\/\/tucomarca.whitekongsoftware.com\/ca\/wp-json\/wp\/v2\/media"}],"about":[{"href":"https:\/\/tucomarca.whitekongsoftware.com\/ca\/wp-json\/wp\/v2\/types\/attachment"}],"author":[{"embeddable":true,"href":"https:\/\/tucomarca.whitekongsoftware.com\/ca\/wp-json\/wp\/v2\/users\/1"}],"replies":[{"embeddable":true,"href":"https:\/\/tucomarca.whitekongsoftware.com\/ca\/wp-json\/wp\/v2\/comments?post=90859"}],"wp:attached-to":[{"embeddable":true,"post_type":"post","id":90861,"href":"https:\/\/tucomarca.whitekongsoftware.com\/ca\/wp-json\/wp\/v2\/posts\/90861"}],"curies":[{"name":"wp","href":"https:\/\/api.w.org\/{rel}","templated":true}]}}

<p class="attachment"><a href='https://tucomarca.whitekongsoftware.com/wp-content/uploads/2019/08/oplastico.jpg'><img loading="lazy" decoding="async" width="300" height="162" src="https://tucomarca.whitekongsoftware.com/wp-content/uploads/2019/08/oplastico-300x162.jpg" class="attachment-medium size-medium" alt="Esta campaña durará desde el día 1 de agosto y finalizará con las ferias." srcset="https://tucomarca.whitekongsoftware.com/wp-content/uploads/2019/08/oplastico-300x162.jpg 300w, https://tucomarca.whitekongsoftware.com/wp-content/uploads/2019/08/oplastico-768x414.jpg 768w, https://tucomarca.whitekongsoftware.com/wp-content/uploads/2019/08/oplastico.jpg 900w" sizes="auto, (max-width: 300px) 100vw, 300px" /></a></p>
<p>Esta campaña durará desde el día 1 de agosto y finalizará con las ferias.</p>

<div class="mh-excerpt">Esta campaña durará desde el día 1 de agosto y finalizará con las ferias.</div>
<p> <a class="mh-excerpt-more" href="https://tucomarca.whitekongsoftware.com/ca/campanya-contra-lus-del-plastic-de-la-regidoria-de-medi-ambient-de-bunyol-i-zero-plastic/oplastico-2/" title="oplastico">[+] </a></p>

Esta campaña durará desde el día 1 de agosto y finalizará con las ferias.
