{"id":90351,"date":"2019-08-08T18:54:11","date_gmt":"2019-08-08T16:54:11","guid":{"rendered":"http:\/\/www.tucomarca.com\/wordpress\/segunda\/wp-content\/uploads\/2019\/08\/HogarDelJuviladoEliana.jpg"},"modified":"2019-08-08T18:54:24","modified_gmt":"2019-08-08T16:54:24","slug":"hogardeljuviladoeliana-2","status":"inherit","type":"attachment","link":"https:\/\/tucomarca.whitekongsoftware.com\/ca\/la-llar-del-jubilat-de-leliana-millora-la-seva-sala-polivalent\/hogardeljuviladoeliana-2\/","title":{"rendered":"HogarDelJuviladoEliana"},"author":1,"featured_media":0,"comment_status":"open","ping_status":"closed","template":"","meta":[],"class_list":["post-90351","attachment","type-attachment","status-inherit"],"description":{"rendered":"<p class=\"attachment\"><a href='https:\/\/tucomarca.whitekongsoftware.com\/wp-content\/uploads\/2019\/08\/HogarDelJuviladoEliana.jpg'><img loading=\"lazy\" decoding=\"async\" width=\"300\" height=\"225\" src=\"https:\/\/tucomarca.whitekongsoftware.com\/wp-content\/uploads\/2019\/08\/HogarDelJuviladoEliana-300x225.jpg\" class=\"attachment-medium size-medium\" alt=\"A partir del mes de septiembre, este nuevo espacio acoger\u00e1 peque\u00f1os conciertos, charlas o la proyecci\u00f3n de pel\u00edculas y video musicales.\" srcset=\"https:\/\/tucomarca.whitekongsoftware.com\/wp-content\/uploads\/2019\/08\/HogarDelJuviladoEliana-300x225.jpg 300w, https:\/\/tucomarca.whitekongsoftware.com\/wp-content\/uploads\/2019\/08\/HogarDelJuviladoEliana-768x576.jpg 768w, https:\/\/tucomarca.whitekongsoftware.com\/wp-content\/uploads\/2019\/08\/HogarDelJuviladoEliana-1024x768.jpg 1024w, https:\/\/tucomarca.whitekongsoftware.com\/wp-content\/uploads\/2019\/08\/HogarDelJuviladoEliana.jpg 1600w\" sizes=\"auto, (max-width: 300px) 100vw, 300px\" \/><\/a><\/p>\n<p>A partir del mes de septiembre, este nuevo espacio acoger\u00e1 peque\u00f1os conciertos, charlas o la proyecci\u00f3n de pel\u00edculas y video musicales.<\/p>\n"},"caption":{"rendered":"<div class=\"mh-excerpt\">A partir del mes de septiembre, este nuevo espacio acoger\u00e1 peque\u00f1os conciertos, charlas o la proyecci\u00f3n de pel\u00edculas y video musicales.\n<\/div>\n<p> <a class=\"mh-excerpt-more\" href=\"https:\/\/tucomarca.whitekongsoftware.com\/ca\/la-llar-del-jubilat-de-leliana-millora-la-seva-sala-polivalent\/hogardeljuviladoeliana-2\/\" title=\"HogarDelJuviladoEliana\">[+] <\/a><\/p>\n"},"alt_text":"A partir del mes de septiembre, este nuevo espacio acoger\u00e1 peque\u00f1os conciertos, charlas o la proyecci\u00f3n de pel\u00edculas y video musicales.","media_type":"image","mime_type":"image\/jpeg","media_details":{"width":1600,"height":1200,"file":"2019\/08\/HogarDelJuviladoEliana.jpg","sizes":{"thumbnail":{"file":"HogarDelJuviladoEliana-290x290.jpg","width":290,"height":290,"mime_type":"image\/jpeg","source_url":"https:\/\/tucomarca.whitekongsoftware.com\/wp-content\/uploads\/2019\/08\/HogarDelJuviladoEliana-290x290.jpg"},"medium":{"file":"HogarDelJuviladoEliana-300x225.jpg","width":300,"height":225,"mime_type":"image\/jpeg","source_url":"https:\/\/tucomarca.whitekongsoftware.com\/wp-content\/uploads\/2019\/08\/HogarDelJuviladoEliana-300x225.jpg"},"medium_large":{"file":"HogarDelJuviladoEliana-768x576.jpg","width":768,"height":576,"mime_type":"image\/jpeg","source_url":"https:\/\/tucomarca.whitekongsoftware.com\/wp-content\/uploads\/2019\/08\/HogarDelJuviladoEliana-768x576.jpg"},"large":{"file":"HogarDelJuviladoEliana-1024x768.jpg","width":1024,"height":768,"mime_type":"image\/jpeg","source_url":"https:\/\/tucomarca.whitekongsoftware.com\/wp-content\/uploads\/2019\/08\/HogarDelJuviladoEliana-1024x768.jpg"},"rss-image":{"file":"HogarDelJuviladoEliana-300x225.jpg","width":300,"height":225,"mime_type":"image\/jpeg","source_url":"https:\/\/tucomarca.whitekongsoftware.com\/wp-content\/uploads\/2019\/08\/HogarDelJuviladoEliana-300x225.jpg"},"post-thumbnail":{"file":"HogarDelJuviladoEliana-50x50.jpg","width":50,"height":50,"mime_type":"image\/jpeg","source_url":"https:\/\/tucomarca.whitekongsoftware.com\/wp-content\/uploads\/2019\/08\/HogarDelJuviladoEliana-50x50.jpg"},"gabfire":{"file":"HogarDelJuviladoEliana-1024x768.jpg","width":1024,"height":768,"mime_type":"image\/jpeg","source_url":"https:\/\/tucomarca.whitekongsoftware.com\/wp-content\/uploads\/2019\/08\/HogarDelJuviladoEliana-1024x768.jpg"},"full":{"file":"HogarDelJuviladoEliana.jpg","width":1600,"height":1200,"mime_type":"image\/jpeg","source_url":"https:\/\/tucomarca.whitekongsoftware.com\/wp-content\/uploads\/2019\/08\/HogarDelJuviladoEliana.jpg"}},"image_meta":{"aperture":"0","credit":"","camera":"","caption":"","created_timestamp":"0","copyright":"","focal_length":"0","iso":"0","shutter_speed":"0","title":"","orientation":"1","keywords":[]}},"post":90353,"source_url":"https:\/\/tucomarca.whitekongsoftware.com\/wp-content\/uploads\/2019\/08\/HogarDelJuviladoEliana.jpg","filename":"HogarDelJuviladoEliana.jpg","filesize":null,"_links":{"self":[{"href":"https:\/\/tucomarca.whitekongsoftware.com\/ca\/wp-json\/wp\/v2\/media\/90351","targetHints":{"allow":["GET"]}}],"collection":[{"href":"https:\/\/tucomarca.whitekongsoftware.com\/ca\/wp-json\/wp\/v2\/media"}],"about":[{"href":"https:\/\/tucomarca.whitekongsoftware.com\/ca\/wp-json\/wp\/v2\/types\/attachment"}],"author":[{"embeddable":true,"href":"https:\/\/tucomarca.whitekongsoftware.com\/ca\/wp-json\/wp\/v2\/users\/1"}],"replies":[{"embeddable":true,"href":"https:\/\/tucomarca.whitekongsoftware.com\/ca\/wp-json\/wp\/v2\/comments?post=90351"}],"wp:attached-to":[{"embeddable":true,"post_type":"post","id":90353,"href":"https:\/\/tucomarca.whitekongsoftware.com\/ca\/wp-json\/wp\/v2\/posts\/90353"}],"curies":[{"name":"wp","href":"https:\/\/api.w.org\/{rel}","templated":true}]}}

<p class="attachment"><a href='https://tucomarca.whitekongsoftware.com/wp-content/uploads/2019/08/HogarDelJuviladoEliana.jpg'><img loading="lazy" decoding="async" width="300" height="225" src="https://tucomarca.whitekongsoftware.com/wp-content/uploads/2019/08/HogarDelJuviladoEliana-300x225.jpg" class="attachment-medium size-medium" alt="A partir del mes de septiembre, este nuevo espacio acogerá pequeños conciertos, charlas o la proyección de películas y video musicales." srcset="https://tucomarca.whitekongsoftware.com/wp-content/uploads/2019/08/HogarDelJuviladoEliana-300x225.jpg 300w, https://tucomarca.whitekongsoftware.com/wp-content/uploads/2019/08/HogarDelJuviladoEliana-768x576.jpg 768w, https://tucomarca.whitekongsoftware.com/wp-content/uploads/2019/08/HogarDelJuviladoEliana-1024x768.jpg 1024w, https://tucomarca.whitekongsoftware.com/wp-content/uploads/2019/08/HogarDelJuviladoEliana.jpg 1600w" sizes="auto, (max-width: 300px) 100vw, 300px" /></a></p>
<p>A partir del mes de septiembre, este nuevo espacio acogerá pequeños conciertos, charlas o la proyección de películas y video musicales.</p>

<div class="mh-excerpt">A partir del mes de septiembre, este nuevo espacio acogerá pequeños conciertos, charlas o la proyección de películas y video musicales.
</div>
<p> <a class="mh-excerpt-more" href="https://tucomarca.whitekongsoftware.com/ca/la-llar-del-jubilat-de-leliana-millora-la-seva-sala-polivalent/hogardeljuviladoeliana-2/" title="HogarDelJuviladoEliana">[+] </a></p>

A partir del mes de septiembre, este nuevo espacio acogerá pequeños conciertos, charlas o la proyección de películas y video musicales.
