{"id":90153,"date":"2019-08-06T12:27:30","date_gmt":"2019-08-06T10:27:30","guid":{"rendered":"http:\/\/www.tucomarca.com\/wordpress\/segunda\/wp-content\/uploads\/2019\/08\/LitroCoral01.jpg"},"modified":"2019-08-06T12:28:05","modified_gmt":"2019-08-06T10:28:05","slug":"litrocoral01-2","status":"inherit","type":"attachment","link":"https:\/\/tucomarca.whitekongsoftware.com\/ca\/fotogaleria-la-coral-de-el-litre-participa-a-la-vi-festival-de-corals-cancons-a-la-mar-a-tavernes-de-la-valldigna\/litrocoral01-2\/","title":{"rendered":"LitroCoral01"},"author":1,"featured_media":0,"comment_status":"open","ping_status":"closed","template":"","meta":[],"class_list":["post-90153","attachment","type-attachment","status-inherit"],"description":{"rendered":"<p class=\"attachment\"><a href='https:\/\/tucomarca.whitekongsoftware.com\/wp-content\/uploads\/2019\/08\/LitroCoral01.jpg'><img loading=\"lazy\" decoding=\"async\" width=\"300\" height=\"225\" src=\"https:\/\/tucomarca.whitekongsoftware.com\/wp-content\/uploads\/2019\/08\/LitroCoral01-300x225.jpg\" class=\"attachment-medium size-medium\" alt=\"El domingo 4 de agosto la Coral Polif\u00f3nica de La Arm\u00f3nica particip\u00f3 en el VI Festival de corals \u201cCan\u00e7ons a la mar\u201d que tuvo lugar en Tavernes de la Valldigna\" srcset=\"https:\/\/tucomarca.whitekongsoftware.com\/wp-content\/uploads\/2019\/08\/LitroCoral01-300x225.jpg 300w, https:\/\/tucomarca.whitekongsoftware.com\/wp-content\/uploads\/2019\/08\/LitroCoral01-768x576.jpg 768w, https:\/\/tucomarca.whitekongsoftware.com\/wp-content\/uploads\/2019\/08\/LitroCoral01-1024x768.jpg 1024w, https:\/\/tucomarca.whitekongsoftware.com\/wp-content\/uploads\/2019\/08\/LitroCoral01.jpg 1380w\" sizes=\"auto, (max-width: 300px) 100vw, 300px\" \/><\/a><\/p>\n<p>El domingo 4 de agosto la Coral Polif\u00f3nica de La Arm\u00f3nica particip\u00f3 en el VI Festival de corals \u201cCan\u00e7ons a la mar\u201d que tuvo lugar en Tavernes de la Valldigna<\/p>\n"},"caption":{"rendered":"<div class=\"mh-excerpt\">El domingo 4 de agosto la Coral Polif\u00f3nica de La Arm\u00f3nica particip\u00f3 en el VI Festival de corals \u201cCan\u00e7ons a la mar\u201d que tuvo lugar en Tavernes de la Valldigna<\/div>\n<p> <a class=\"mh-excerpt-more\" href=\"https:\/\/tucomarca.whitekongsoftware.com\/ca\/fotogaleria-la-coral-de-el-litre-participa-a-la-vi-festival-de-corals-cancons-a-la-mar-a-tavernes-de-la-valldigna\/litrocoral01-2\/\" title=\"LitroCoral01\">[+] <\/a><\/p>\n"},"alt_text":"El domingo 4 de agosto la Coral Polif\u00f3nica de La Arm\u00f3nica particip\u00f3 en el VI Festival de corals \u201cCan\u00e7ons a la mar\u201d que tuvo lugar en Tavernes de la Valldigna","media_type":"image","mime_type":"image\/jpeg","media_details":{"width":1380,"height":1035,"file":"2019\/08\/LitroCoral01.jpg","sizes":{"thumbnail":{"file":"LitroCoral01-290x290.jpg","width":290,"height":290,"mime_type":"image\/jpeg","source_url":"https:\/\/tucomarca.whitekongsoftware.com\/wp-content\/uploads\/2019\/08\/LitroCoral01-290x290.jpg"},"medium":{"file":"LitroCoral01-300x225.jpg","width":300,"height":225,"mime_type":"image\/jpeg","source_url":"https:\/\/tucomarca.whitekongsoftware.com\/wp-content\/uploads\/2019\/08\/LitroCoral01-300x225.jpg"},"medium_large":{"file":"LitroCoral01-768x576.jpg","width":768,"height":576,"mime_type":"image\/jpeg","source_url":"https:\/\/tucomarca.whitekongsoftware.com\/wp-content\/uploads\/2019\/08\/LitroCoral01-768x576.jpg"},"large":{"file":"LitroCoral01-1024x768.jpg","width":1024,"height":768,"mime_type":"image\/jpeg","source_url":"https:\/\/tucomarca.whitekongsoftware.com\/wp-content\/uploads\/2019\/08\/LitroCoral01-1024x768.jpg"},"rss-image":{"file":"LitroCoral01-300x225.jpg","width":300,"height":225,"mime_type":"image\/jpeg","source_url":"https:\/\/tucomarca.whitekongsoftware.com\/wp-content\/uploads\/2019\/08\/LitroCoral01-300x225.jpg"},"post-thumbnail":{"file":"LitroCoral01-50x50.jpg","width":50,"height":50,"mime_type":"image\/jpeg","source_url":"https:\/\/tucomarca.whitekongsoftware.com\/wp-content\/uploads\/2019\/08\/LitroCoral01-50x50.jpg"},"gabfire":{"file":"LitroCoral01-1024x768.jpg","width":1024,"height":768,"mime_type":"image\/jpeg","source_url":"https:\/\/tucomarca.whitekongsoftware.com\/wp-content\/uploads\/2019\/08\/LitroCoral01-1024x768.jpg"},"full":{"file":"LitroCoral01.jpg","width":1380,"height":1035,"mime_type":"image\/jpeg","source_url":"https:\/\/tucomarca.whitekongsoftware.com\/wp-content\/uploads\/2019\/08\/LitroCoral01.jpg"}},"image_meta":{"aperture":"0","credit":"","camera":"","caption":"","created_timestamp":"0","copyright":"","focal_length":"0","iso":"0","shutter_speed":"0","title":"","orientation":"0","keywords":[]}},"post":90155,"source_url":"https:\/\/tucomarca.whitekongsoftware.com\/wp-content\/uploads\/2019\/08\/LitroCoral01.jpg","filename":"LitroCoral01.jpg","filesize":null,"_links":{"self":[{"href":"https:\/\/tucomarca.whitekongsoftware.com\/ca\/wp-json\/wp\/v2\/media\/90153","targetHints":{"allow":["GET"]}}],"collection":[{"href":"https:\/\/tucomarca.whitekongsoftware.com\/ca\/wp-json\/wp\/v2\/media"}],"about":[{"href":"https:\/\/tucomarca.whitekongsoftware.com\/ca\/wp-json\/wp\/v2\/types\/attachment"}],"author":[{"embeddable":true,"href":"https:\/\/tucomarca.whitekongsoftware.com\/ca\/wp-json\/wp\/v2\/users\/1"}],"replies":[{"embeddable":true,"href":"https:\/\/tucomarca.whitekongsoftware.com\/ca\/wp-json\/wp\/v2\/comments?post=90153"}],"wp:attached-to":[{"embeddable":true,"post_type":"post","id":90155,"href":"https:\/\/tucomarca.whitekongsoftware.com\/ca\/wp-json\/wp\/v2\/posts\/90155"}],"curies":[{"name":"wp","href":"https:\/\/api.w.org\/{rel}","templated":true}]}}

<p class="attachment"><a href='https://tucomarca.whitekongsoftware.com/wp-content/uploads/2019/08/LitroCoral01.jpg'><img loading="lazy" decoding="async" width="300" height="225" src="https://tucomarca.whitekongsoftware.com/wp-content/uploads/2019/08/LitroCoral01-300x225.jpg" class="attachment-medium size-medium" alt="El domingo 4 de agosto la Coral Polifónica de La Armónica participó en el VI Festival de corals “Cançons a la mar” que tuvo lugar en Tavernes de la Valldigna" srcset="https://tucomarca.whitekongsoftware.com/wp-content/uploads/2019/08/LitroCoral01-300x225.jpg 300w, https://tucomarca.whitekongsoftware.com/wp-content/uploads/2019/08/LitroCoral01-768x576.jpg 768w, https://tucomarca.whitekongsoftware.com/wp-content/uploads/2019/08/LitroCoral01-1024x768.jpg 1024w, https://tucomarca.whitekongsoftware.com/wp-content/uploads/2019/08/LitroCoral01.jpg 1380w" sizes="auto, (max-width: 300px) 100vw, 300px" /></a></p>
<p>El domingo 4 de agosto la Coral Polifónica de La Armónica participó en el VI Festival de corals “Cançons a la mar” que tuvo lugar en Tavernes de la Valldigna</p>

<div class="mh-excerpt">El domingo 4 de agosto la Coral Polifónica de La Armónica participó en el VI Festival de corals “Cançons a la mar” que tuvo lugar en Tavernes de la Valldigna</div>
<p> <a class="mh-excerpt-more" href="https://tucomarca.whitekongsoftware.com/ca/fotogaleria-la-coral-de-el-litre-participa-a-la-vi-festival-de-corals-cancons-a-la-mar-a-tavernes-de-la-valldigna/litrocoral01-2/" title="LitroCoral01">[+] </a></p>

El domingo 4 de agosto la Coral Polifónica de La Armónica participó en el VI Festival de corals “Cançons a la mar” que tuvo lugar en Tavernes de la Valldigna
