{"id":89620,"date":"2019-07-29T13:56:51","date_gmt":"2019-07-29T11:56:51","guid":{"rendered":"http:\/\/www.tucomarca.com\/wordpress\/segunda\/wp-content\/uploads\/2019\/07\/LaArmonicaMises19_01.jpg"},"modified":"2019-07-29T13:59:57","modified_gmt":"2019-07-29T11:59:57","slug":"laarmonicamises19_01-2","status":"inherit","type":"attachment","link":"https:\/\/tucomarca.whitekongsoftware.com\/ca\/laarmonicamises19_01-2\/","title":{"rendered":"LaArmonicaMises19_01"},"author":1,"featured_media":0,"comment_status":"open","ping_status":"closed","template":"","meta":[],"class_list":["post-89620","attachment","type-attachment","status-inherit"],"description":{"rendered":"<p class=\"attachment\"><a href='https:\/\/tucomarca.whitekongsoftware.com\/wp-content\/uploads\/2019\/07\/LaArmonicaMises19_01.jpg'><img loading=\"lazy\" decoding=\"async\" width=\"272\" height=\"300\" src=\"https:\/\/tucomarca.whitekongsoftware.com\/wp-content\/uploads\/2019\/07\/LaArmonicaMises19_01-272x300.jpg\" class=\"attachment-medium size-medium\" alt=\"El pr\u00f3ximo s\u00e1bado 3 de agosto tendr\u00e1 lugar la presentaci\u00f3n y exaltaci\u00f3n de las Misses y Representante de El Litro.\" srcset=\"https:\/\/tucomarca.whitekongsoftware.com\/wp-content\/uploads\/2019\/07\/LaArmonicaMises19_01-272x300.jpg 272w, https:\/\/tucomarca.whitekongsoftware.com\/wp-content\/uploads\/2019\/07\/LaArmonicaMises19_01-768x846.jpg 768w, https:\/\/tucomarca.whitekongsoftware.com\/wp-content\/uploads\/2019\/07\/LaArmonicaMises19_01-930x1024.jpg 930w, https:\/\/tucomarca.whitekongsoftware.com\/wp-content\/uploads\/2019\/07\/LaArmonicaMises19_01-1024x1128.jpg 1024w, https:\/\/tucomarca.whitekongsoftware.com\/wp-content\/uploads\/2019\/07\/LaArmonicaMises19_01.jpg 1453w\" sizes=\"auto, (max-width: 272px) 100vw, 272px\" \/><\/a><\/p>\n<p>El pr\u00f3ximo s\u00e1bado 3 de agosto tendr\u00e1 lugar la presentaci\u00f3n y exaltaci\u00f3n de las Misses y Representante de El Litro.<\/p>\n"},"caption":{"rendered":"<div class=\"mh-excerpt\">El pr\u00f3ximo s\u00e1bado 3 de agosto tendr\u00e1 lugar la presentaci\u00f3n y exaltaci\u00f3n de las Misses y Representante de El Litro.<\/div>\n<p> <a class=\"mh-excerpt-more\" href=\"https:\/\/tucomarca.whitekongsoftware.com\/ca\/laarmonicamises19_01-2\/\" title=\"LaArmonicaMises19_01\">[+] <\/a><\/p>\n"},"alt_text":"El pr\u00f3ximo s\u00e1bado 3 de agosto tendr\u00e1 lugar la presentaci\u00f3n y exaltaci\u00f3n de las Misses y Representante de El Litro.","media_type":"image","mime_type":"image\/jpeg","media_details":{"width":1453,"height":1600,"file":"2019\/07\/LaArmonicaMises19_01.jpg","sizes":{"thumbnail":{"file":"LaArmonicaMises19_01-290x290.jpg","width":290,"height":290,"mime_type":"image\/jpeg","source_url":"https:\/\/tucomarca.whitekongsoftware.com\/wp-content\/uploads\/2019\/07\/LaArmonicaMises19_01-290x290.jpg"},"medium":{"file":"LaArmonicaMises19_01-272x300.jpg","width":272,"height":300,"mime_type":"image\/jpeg","source_url":"https:\/\/tucomarca.whitekongsoftware.com\/wp-content\/uploads\/2019\/07\/LaArmonicaMises19_01-272x300.jpg"},"medium_large":{"file":"LaArmonicaMises19_01-768x846.jpg","width":768,"height":846,"mime_type":"image\/jpeg","source_url":"https:\/\/tucomarca.whitekongsoftware.com\/wp-content\/uploads\/2019\/07\/LaArmonicaMises19_01-768x846.jpg"},"large":{"file":"LaArmonicaMises19_01-930x1024.jpg","width":930,"height":1024,"mime_type":"image\/jpeg","source_url":"https:\/\/tucomarca.whitekongsoftware.com\/wp-content\/uploads\/2019\/07\/LaArmonicaMises19_01-930x1024.jpg"},"rss-image":{"file":"LaArmonicaMises19_01-272x300.jpg","width":272,"height":300,"mime_type":"image\/jpeg","source_url":"https:\/\/tucomarca.whitekongsoftware.com\/wp-content\/uploads\/2019\/07\/LaArmonicaMises19_01-272x300.jpg"},"post-thumbnail":{"file":"LaArmonicaMises19_01-50x50.jpg","width":50,"height":50,"mime_type":"image\/jpeg","source_url":"https:\/\/tucomarca.whitekongsoftware.com\/wp-content\/uploads\/2019\/07\/LaArmonicaMises19_01-50x50.jpg"},"gabfire":{"file":"LaArmonicaMises19_01-1024x1128.jpg","width":1024,"height":1128,"mime_type":"image\/jpeg","source_url":"https:\/\/tucomarca.whitekongsoftware.com\/wp-content\/uploads\/2019\/07\/LaArmonicaMises19_01-1024x1128.jpg"},"full":{"file":"LaArmonicaMises19_01.jpg","width":1453,"height":1600,"mime_type":"image\/jpeg","source_url":"https:\/\/tucomarca.whitekongsoftware.com\/wp-content\/uploads\/2019\/07\/LaArmonicaMises19_01.jpg"}},"image_meta":{"aperture":"0","credit":"","camera":"","caption":"","created_timestamp":"0","copyright":"","focal_length":"0","iso":"0","shutter_speed":"0","title":"","orientation":"0","keywords":[]}},"post":null,"source_url":"https:\/\/tucomarca.whitekongsoftware.com\/wp-content\/uploads\/2019\/07\/LaArmonicaMises19_01.jpg","filename":"LaArmonicaMises19_01.jpg","filesize":null,"_links":{"self":[{"href":"https:\/\/tucomarca.whitekongsoftware.com\/ca\/wp-json\/wp\/v2\/media\/89620","targetHints":{"allow":["GET"]}}],"collection":[{"href":"https:\/\/tucomarca.whitekongsoftware.com\/ca\/wp-json\/wp\/v2\/media"}],"about":[{"href":"https:\/\/tucomarca.whitekongsoftware.com\/ca\/wp-json\/wp\/v2\/types\/attachment"}],"author":[{"embeddable":true,"href":"https:\/\/tucomarca.whitekongsoftware.com\/ca\/wp-json\/wp\/v2\/users\/1"}],"replies":[{"embeddable":true,"href":"https:\/\/tucomarca.whitekongsoftware.com\/ca\/wp-json\/wp\/v2\/comments?post=89620"}]}}

<p class="attachment"><a href='https://tucomarca.whitekongsoftware.com/wp-content/uploads/2019/07/LaArmonicaMises19_01.jpg'><img loading="lazy" decoding="async" width="272" height="300" src="https://tucomarca.whitekongsoftware.com/wp-content/uploads/2019/07/LaArmonicaMises19_01-272x300.jpg" class="attachment-medium size-medium" alt="El próximo sábado 3 de agosto tendrá lugar la presentación y exaltación de las Misses y Representante de El Litro." srcset="https://tucomarca.whitekongsoftware.com/wp-content/uploads/2019/07/LaArmonicaMises19_01-272x300.jpg 272w, https://tucomarca.whitekongsoftware.com/wp-content/uploads/2019/07/LaArmonicaMises19_01-768x846.jpg 768w, https://tucomarca.whitekongsoftware.com/wp-content/uploads/2019/07/LaArmonicaMises19_01-930x1024.jpg 930w, https://tucomarca.whitekongsoftware.com/wp-content/uploads/2019/07/LaArmonicaMises19_01-1024x1128.jpg 1024w, https://tucomarca.whitekongsoftware.com/wp-content/uploads/2019/07/LaArmonicaMises19_01.jpg 1453w" sizes="auto, (max-width: 272px) 100vw, 272px" /></a></p>
<p>El próximo sábado 3 de agosto tendrá lugar la presentación y exaltación de las Misses y Representante de El Litro.</p>

<div class="mh-excerpt">El próximo sábado 3 de agosto tendrá lugar la presentación y exaltación de las Misses y Representante de El Litro.</div>
<p> <a class="mh-excerpt-more" href="https://tucomarca.whitekongsoftware.com/ca/laarmonicamises19_01-2/" title="LaArmonicaMises19_01">[+] </a></p>

El próximo sábado 3 de agosto tendrá lugar la presentación y exaltación de las Misses y Representante de El Litro.
