{"id":89533,"date":"2019-07-24T14:43:29","date_gmt":"2019-07-24T12:43:29","guid":{"rendered":"http:\/\/www.tucomarca.com\/wordpress\/segunda\/wp-content\/uploads\/2019\/07\/CARTEL-UMU-CERTAMENCULLERA.jpg"},"modified":"2019-07-24T14:43:43","modified_gmt":"2019-07-24T12:43:43","slug":"cartel-umu-certamencullera-2","status":"inherit","type":"attachment","link":"https:\/\/tucomarca.whitekongsoftware.com\/ca\/la-unio-musical-utielana-actuara-al-x-certamen-nacional-de-bandes-de-musica-de-cinema-de-cullera\/cartel-umu-certamencullera-2\/","title":{"rendered":"CARTEL-UMU-CERTAMENCULLERA"},"author":1,"featured_media":0,"comment_status":"open","ping_status":"closed","template":"","meta":[],"class_list":["post-89533","attachment","type-attachment","status-inherit"],"description":{"rendered":"<p class=\"attachment\"><a href='https:\/\/tucomarca.whitekongsoftware.com\/wp-content\/uploads\/2019\/07\/CARTEL-UMU-CERTAMENCULLERA.jpg'><img loading=\"lazy\" decoding=\"async\" width=\"141\" height=\"300\" src=\"https:\/\/tucomarca.whitekongsoftware.com\/wp-content\/uploads\/2019\/07\/CARTEL-UMU-CERTAMENCULLERA-141x300.jpg\" class=\"attachment-medium size-medium\" alt=\"El pr\u00f3ximo s\u00e1bado, los m\u00fasicos utielanos se disputar\u00e1n el primer premio con las bandas de Massamagrell y Castell\u00f3 de Rugat.\" srcset=\"https:\/\/tucomarca.whitekongsoftware.com\/wp-content\/uploads\/2019\/07\/CARTEL-UMU-CERTAMENCULLERA-141x300.jpg 141w, https:\/\/tucomarca.whitekongsoftware.com\/wp-content\/uploads\/2019\/07\/CARTEL-UMU-CERTAMENCULLERA.jpg 377w\" sizes=\"auto, (max-width: 141px) 100vw, 141px\" \/><\/a><\/p>\n<p>El pr\u00f3ximo s\u00e1bado, los m\u00fasicos utielanos se disputar\u00e1n el primer premio con las bandas de Massamagrell y Castell\u00f3 de Rugat.<\/p>\n"},"caption":{"rendered":"<div class=\"mh-excerpt\">El pr\u00f3ximo s\u00e1bado, los m\u00fasicos utielanos se disputar\u00e1n el primer premio con las bandas de Massamagrell y Castell\u00f3 de Rugat.<\/div>\n<p> <a class=\"mh-excerpt-more\" href=\"https:\/\/tucomarca.whitekongsoftware.com\/ca\/la-unio-musical-utielana-actuara-al-x-certamen-nacional-de-bandes-de-musica-de-cinema-de-cullera\/cartel-umu-certamencullera-2\/\" title=\"CARTEL-UMU-CERTAMENCULLERA\">[+] <\/a><\/p>\n"},"alt_text":"El pr\u00f3ximo s\u00e1bado, los m\u00fasicos utielanos se disputar\u00e1n el primer premio con las bandas de Massamagrell y Castell\u00f3 de Rugat.","media_type":"image","mime_type":"image\/jpeg","media_details":{"width":377,"height":800,"file":"2019\/07\/CARTEL-UMU-CERTAMENCULLERA.jpg","sizes":{"thumbnail":{"file":"CARTEL-UMU-CERTAMENCULLERA-290x290.jpg","width":290,"height":290,"mime_type":"image\/jpeg","source_url":"https:\/\/tucomarca.whitekongsoftware.com\/wp-content\/uploads\/2019\/07\/CARTEL-UMU-CERTAMENCULLERA-290x290.jpg"},"medium":{"file":"CARTEL-UMU-CERTAMENCULLERA-141x300.jpg","width":141,"height":300,"mime_type":"image\/jpeg","source_url":"https:\/\/tucomarca.whitekongsoftware.com\/wp-content\/uploads\/2019\/07\/CARTEL-UMU-CERTAMENCULLERA-141x300.jpg"},"rss-image":{"file":"CARTEL-UMU-CERTAMENCULLERA-141x300.jpg","width":141,"height":300,"mime_type":"image\/jpeg","source_url":"https:\/\/tucomarca.whitekongsoftware.com\/wp-content\/uploads\/2019\/07\/CARTEL-UMU-CERTAMENCULLERA-141x300.jpg"},"post-thumbnail":{"file":"CARTEL-UMU-CERTAMENCULLERA-50x50.jpg","width":50,"height":50,"mime_type":"image\/jpeg","source_url":"https:\/\/tucomarca.whitekongsoftware.com\/wp-content\/uploads\/2019\/07\/CARTEL-UMU-CERTAMENCULLERA-50x50.jpg"},"full":{"file":"CARTEL-UMU-CERTAMENCULLERA.jpg","width":377,"height":800,"mime_type":"image\/jpeg","source_url":"https:\/\/tucomarca.whitekongsoftware.com\/wp-content\/uploads\/2019\/07\/CARTEL-UMU-CERTAMENCULLERA.jpg"}},"image_meta":{"aperture":"0","credit":"","camera":"","caption":"","created_timestamp":"0","copyright":"","focal_length":"0","iso":"0","shutter_speed":"0","title":"","orientation":"0","keywords":[]}},"post":89535,"source_url":"https:\/\/tucomarca.whitekongsoftware.com\/wp-content\/uploads\/2019\/07\/CARTEL-UMU-CERTAMENCULLERA.jpg","filename":"CARTEL-UMU-CERTAMENCULLERA.jpg","filesize":null,"_links":{"self":[{"href":"https:\/\/tucomarca.whitekongsoftware.com\/ca\/wp-json\/wp\/v2\/media\/89533","targetHints":{"allow":["GET"]}}],"collection":[{"href":"https:\/\/tucomarca.whitekongsoftware.com\/ca\/wp-json\/wp\/v2\/media"}],"about":[{"href":"https:\/\/tucomarca.whitekongsoftware.com\/ca\/wp-json\/wp\/v2\/types\/attachment"}],"author":[{"embeddable":true,"href":"https:\/\/tucomarca.whitekongsoftware.com\/ca\/wp-json\/wp\/v2\/users\/1"}],"replies":[{"embeddable":true,"href":"https:\/\/tucomarca.whitekongsoftware.com\/ca\/wp-json\/wp\/v2\/comments?post=89533"}],"wp:attached-to":[{"embeddable":true,"post_type":"post","id":89535,"href":"https:\/\/tucomarca.whitekongsoftware.com\/ca\/wp-json\/wp\/v2\/posts\/89535"}],"curies":[{"name":"wp","href":"https:\/\/api.w.org\/{rel}","templated":true}]}}

<p class="attachment"><a href='https://tucomarca.whitekongsoftware.com/wp-content/uploads/2019/07/CARTEL-UMU-CERTAMENCULLERA.jpg'><img loading="lazy" decoding="async" width="141" height="300" src="https://tucomarca.whitekongsoftware.com/wp-content/uploads/2019/07/CARTEL-UMU-CERTAMENCULLERA-141x300.jpg" class="attachment-medium size-medium" alt="El próximo sábado, los músicos utielanos se disputarán el primer premio con las bandas de Massamagrell y Castelló de Rugat." srcset="https://tucomarca.whitekongsoftware.com/wp-content/uploads/2019/07/CARTEL-UMU-CERTAMENCULLERA-141x300.jpg 141w, https://tucomarca.whitekongsoftware.com/wp-content/uploads/2019/07/CARTEL-UMU-CERTAMENCULLERA.jpg 377w" sizes="auto, (max-width: 141px) 100vw, 141px" /></a></p>
<p>El próximo sábado, los músicos utielanos se disputarán el primer premio con las bandas de Massamagrell y Castelló de Rugat.</p>

<div class="mh-excerpt">El próximo sábado, los músicos utielanos se disputarán el primer premio con las bandas de Massamagrell y Castelló de Rugat.</div>
<p> <a class="mh-excerpt-more" href="https://tucomarca.whitekongsoftware.com/ca/la-unio-musical-utielana-actuara-al-x-certamen-nacional-de-bandes-de-musica-de-cinema-de-cullera/cartel-umu-certamencullera-2/" title="CARTEL-UMU-CERTAMENCULLERA">[+] </a></p>

El próximo sábado, los músicos utielanos se disputarán el primer premio con las bandas de Massamagrell y Castelló de Rugat.
