{"id":89444,"date":"2019-07-23T14:48:13","date_gmt":"2019-07-23T12:48:13","guid":{"rendered":"http:\/\/www.tucomarca.com\/wordpress\/segunda\/wp-content\/uploads\/2019\/07\/DSC_0225B.jpg"},"modified":"2019-07-23T15:00:49","modified_gmt":"2019-07-23T13:00:49","slug":"dsc_0225b","status":"inherit","type":"attachment","link":"https:\/\/tucomarca.whitekongsoftware.com\/ca\/fotogaleria-les-imatges-de-la-proclamacio-de-cristina-parla-i-estela-lopez-com-a-falleres-2020-de-la-falla-las-ventas\/dsc_0225b\/","title":{"rendered":"DSC_0225B"},"author":2,"featured_media":0,"comment_status":"open","ping_status":"closed","template":"","meta":[],"class_list":["post-89444","attachment","type-attachment","status-inherit"],"description":{"rendered":"<p class=\"attachment\"><a href='https:\/\/tucomarca.whitekongsoftware.com\/wp-content\/uploads\/2019\/07\/DSC_0225B.jpg'><img loading=\"lazy\" decoding=\"async\" width=\"300\" height=\"226\" src=\"https:\/\/tucomarca.whitekongsoftware.com\/wp-content\/uploads\/2019\/07\/DSC_0225B-300x226.jpg\" class=\"attachment-medium size-medium\" alt=\"Cristina Parla Villanueva y Estela L\u00f3pez Pall\u00e1s ser\u00e1n las Falleras Mayores para este nuevo ejercicio 2020-21, tomando el relevo de las actuales Claudia T\u00f3rtola Carre\u00f1o y Miriam Carre\u00f1o Rehu\u00e9s.\" srcset=\"https:\/\/tucomarca.whitekongsoftware.com\/wp-content\/uploads\/2019\/07\/DSC_0225B-300x226.jpg 300w, https:\/\/tucomarca.whitekongsoftware.com\/wp-content\/uploads\/2019\/07\/DSC_0225B-768x579.jpg 768w, https:\/\/tucomarca.whitekongsoftware.com\/wp-content\/uploads\/2019\/07\/DSC_0225B-1024x771.jpg 1024w\" sizes=\"auto, (max-width: 300px) 100vw, 300px\" \/><\/a><\/p>\n<p>Cristina Parla Villanueva y Estela L\u00f3pez Pall\u00e1s ser\u00e1n las Falleras Mayores para este nuevo ejercicio 2020-21, tomando el relevo de las actuales Claudia T\u00f3rtola Carre\u00f1o y Miriam Carre\u00f1o Rehu\u00e9s. <\/p>\n"},"caption":{"rendered":"<div class=\"mh-excerpt\">Cristina Parla Villanueva y Estela L\u00f3pez Pall\u00e1s ser\u00e1n las Falleras Mayores para este nuevo ejercicio 2020-21, tomando el relevo de las actuales Claudia T\u00f3rtola Carre\u00f1o y Miriam Carre\u00f1o Rehu\u00e9s. <\/div>\n<p> <a class=\"mh-excerpt-more\" href=\"https:\/\/tucomarca.whitekongsoftware.com\/ca\/fotogaleria-les-imatges-de-la-proclamacio-de-cristina-parla-i-estela-lopez-com-a-falleres-2020-de-la-falla-las-ventas\/dsc_0225b\/\" title=\"DSC_0225B\">[+] <\/a><\/p>\n"},"alt_text":"Cristina Parla Villanueva y Estela L\u00f3pez Pall\u00e1s ser\u00e1n las Falleras Mayores para este nuevo ejercicio 2020-21, tomando el relevo de las actuales Claudia T\u00f3rtola Carre\u00f1o y Miriam Carre\u00f1o Rehu\u00e9s.","media_type":"image","mime_type":"image\/jpeg","media_details":{"width":2254,"height":1698,"file":"2019\/07\/DSC_0225B.jpg","sizes":{"thumbnail":{"file":"DSC_0225B-290x290.jpg","width":290,"height":290,"mime_type":"image\/jpeg","source_url":"https:\/\/tucomarca.whitekongsoftware.com\/wp-content\/uploads\/2019\/07\/DSC_0225B-290x290.jpg"},"medium":{"file":"DSC_0225B-300x226.jpg","width":300,"height":226,"mime_type":"image\/jpeg","source_url":"https:\/\/tucomarca.whitekongsoftware.com\/wp-content\/uploads\/2019\/07\/DSC_0225B-300x226.jpg"},"medium_large":{"file":"DSC_0225B-768x579.jpg","width":768,"height":579,"mime_type":"image\/jpeg","source_url":"https:\/\/tucomarca.whitekongsoftware.com\/wp-content\/uploads\/2019\/07\/DSC_0225B-768x579.jpg"},"large":{"file":"DSC_0225B-1024x771.jpg","width":1024,"height":771,"mime_type":"image\/jpeg","source_url":"https:\/\/tucomarca.whitekongsoftware.com\/wp-content\/uploads\/2019\/07\/DSC_0225B-1024x771.jpg"},"rss-image":{"file":"DSC_0225B-300x226.jpg","width":300,"height":226,"mime_type":"image\/jpeg","source_url":"https:\/\/tucomarca.whitekongsoftware.com\/wp-content\/uploads\/2019\/07\/DSC_0225B-300x226.jpg"},"post-thumbnail":{"file":"DSC_0225B-50x50.jpg","width":50,"height":50,"mime_type":"image\/jpeg","source_url":"https:\/\/tucomarca.whitekongsoftware.com\/wp-content\/uploads\/2019\/07\/DSC_0225B-50x50.jpg"},"gabfire":{"file":"DSC_0225B-1024x771.jpg","width":1024,"height":771,"mime_type":"image\/jpeg","source_url":"https:\/\/tucomarca.whitekongsoftware.com\/wp-content\/uploads\/2019\/07\/DSC_0225B-1024x771.jpg"},"full":{"file":"DSC_0225B.jpg","width":2254,"height":1698,"mime_type":"image\/jpeg","source_url":"https:\/\/tucomarca.whitekongsoftware.com\/wp-content\/uploads\/2019\/07\/DSC_0225B.jpg"}},"image_meta":{"aperture":"3.5","credit":"","camera":"NIKON D60","caption":"","created_timestamp":"1562370134","copyright":"","focal_length":"18","iso":"200","shutter_speed":"0.016666666666667","title":"","orientation":"1","keywords":[]}},"post":89424,"source_url":"https:\/\/tucomarca.whitekongsoftware.com\/wp-content\/uploads\/2019\/07\/DSC_0225B.jpg","filename":"DSC_0225B.jpg","filesize":null,"_links":{"self":[{"href":"https:\/\/tucomarca.whitekongsoftware.com\/ca\/wp-json\/wp\/v2\/media\/89444","targetHints":{"allow":["GET"]}}],"collection":[{"href":"https:\/\/tucomarca.whitekongsoftware.com\/ca\/wp-json\/wp\/v2\/media"}],"about":[{"href":"https:\/\/tucomarca.whitekongsoftware.com\/ca\/wp-json\/wp\/v2\/types\/attachment"}],"author":[{"embeddable":true,"href":"https:\/\/tucomarca.whitekongsoftware.com\/ca\/wp-json\/wp\/v2\/users\/2"}],"replies":[{"embeddable":true,"href":"https:\/\/tucomarca.whitekongsoftware.com\/ca\/wp-json\/wp\/v2\/comments?post=89444"}],"wp:attached-to":[{"embeddable":true,"post_type":"post","id":89424,"href":"https:\/\/tucomarca.whitekongsoftware.com\/ca\/wp-json\/wp\/v2\/posts\/89424"}],"curies":[{"name":"wp","href":"https:\/\/api.w.org\/{rel}","templated":true}]}}

<p class="attachment"><a href='https://tucomarca.whitekongsoftware.com/wp-content/uploads/2019/07/DSC_0225B.jpg'><img loading="lazy" decoding="async" width="300" height="226" src="https://tucomarca.whitekongsoftware.com/wp-content/uploads/2019/07/DSC_0225B-300x226.jpg" class="attachment-medium size-medium" alt="Cristina Parla Villanueva y Estela López Pallás serán las Falleras Mayores para este nuevo ejercicio 2020-21, tomando el relevo de las actuales Claudia Tórtola Carreño y Miriam Carreño Rehués." srcset="https://tucomarca.whitekongsoftware.com/wp-content/uploads/2019/07/DSC_0225B-300x226.jpg 300w, https://tucomarca.whitekongsoftware.com/wp-content/uploads/2019/07/DSC_0225B-768x579.jpg 768w, https://tucomarca.whitekongsoftware.com/wp-content/uploads/2019/07/DSC_0225B-1024x771.jpg 1024w" sizes="auto, (max-width: 300px) 100vw, 300px" /></a></p>
<p>Cristina Parla Villanueva y Estela López Pallás serán las Falleras Mayores para este nuevo ejercicio 2020-21, tomando el relevo de las actuales Claudia Tórtola Carreño y Miriam Carreño Rehués. </p>

<div class="mh-excerpt">Cristina Parla Villanueva y Estela López Pallás serán las Falleras Mayores para este nuevo ejercicio 2020-21, tomando el relevo de las actuales Claudia Tórtola Carreño y Miriam Carreño Rehués. </div>
<p> <a class="mh-excerpt-more" href="https://tucomarca.whitekongsoftware.com/ca/fotogaleria-les-imatges-de-la-proclamacio-de-cristina-parla-i-estela-lopez-com-a-falleres-2020-de-la-falla-las-ventas/dsc_0225b/" title="DSC_0225B">[+] </a></p>

Cristina Parla Villanueva y Estela López Pallás serán las Falleras Mayores para este nuevo ejercicio 2020-21, tomando el relevo de las actuales Claudia Tórtola Carreño y Miriam Carreño Rehués.
