{"id":86154,"date":"2019-05-15T22:33:55","date_gmt":"2019-05-15T20:33:55","guid":{"rendered":"http:\/\/www.tucomarca.com\/wordpress\/segunda\/wp-content\/uploads\/2019\/05\/PSOEAlgemesi.jpg"},"modified":"2019-05-15T22:35:03","modified_gmt":"2019-05-15T20:35:03","slug":"psoealgemesi-2","status":"inherit","type":"attachment","link":"https:\/\/tucomarca.whitekongsoftware.com\/ca\/rodriguez-pinero-els-socialistes-ens-hem-convertit-en-referent-davant-de-lentrada-de-lextrema-dreta-en-les-institucions\/psoealgemesi-2\/","title":{"rendered":"PSOEAlgemesi"},"author":2,"featured_media":0,"comment_status":"open","ping_status":"closed","template":"","meta":[],"class_list":["post-86154","attachment","type-attachment","status-inherit"],"description":{"rendered":"<p class=\"attachment\"><a href='https:\/\/tucomarca.whitekongsoftware.com\/wp-content\/uploads\/2019\/05\/PSOEAlgemesi.jpg'><img loading=\"lazy\" decoding=\"async\" width=\"300\" height=\"225\" src=\"https:\/\/tucomarca.whitekongsoftware.com\/wp-content\/uploads\/2019\/05\/PSOEAlgemesi-300x225.jpg\" class=\"attachment-medium size-medium\" alt=\"La candidata socialista al Parlamento Europeo, Inmaculada Rodr\u00edguez Pi\u00f1ero, en Algemes\u00ed.\" srcset=\"https:\/\/tucomarca.whitekongsoftware.com\/wp-content\/uploads\/2019\/05\/PSOEAlgemesi-300x225.jpg 300w, https:\/\/tucomarca.whitekongsoftware.com\/wp-content\/uploads\/2019\/05\/PSOEAlgemesi.jpg 640w\" sizes=\"auto, (max-width: 300px) 100vw, 300px\" \/><\/a><\/p>\n<p>La candidata socialista al Parlamento Europeo, Inmaculada Rodr\u00edguez Pi\u00f1ero, en Algemes\u00ed.<\/p>\n"},"caption":{"rendered":"<div class=\"mh-excerpt\">La candidata socialista al Parlamento Europeo, Inmaculada Rodr\u00edguez Pi\u00f1ero, en Algemes\u00ed.<\/div>\n<p> <a class=\"mh-excerpt-more\" href=\"https:\/\/tucomarca.whitekongsoftware.com\/ca\/rodriguez-pinero-els-socialistes-ens-hem-convertit-en-referent-davant-de-lentrada-de-lextrema-dreta-en-les-institucions\/psoealgemesi-2\/\" title=\"PSOEAlgemesi\">[+] <\/a><\/p>\n"},"alt_text":"La candidata socialista al Parlamento Europeo, Inmaculada Rodr\u00edguez Pi\u00f1ero, en Algemes\u00ed.","media_type":"image","mime_type":"image\/jpeg","media_details":{"width":640,"height":480,"file":"2019\/05\/PSOEAlgemesi.jpg","sizes":{"thumbnail":{"file":"PSOEAlgemesi-290x290.jpg","width":290,"height":290,"mime_type":"image\/jpeg","source_url":"https:\/\/tucomarca.whitekongsoftware.com\/wp-content\/uploads\/2019\/05\/PSOEAlgemesi-290x290.jpg"},"medium":{"file":"PSOEAlgemesi-300x225.jpg","width":300,"height":225,"mime_type":"image\/jpeg","source_url":"https:\/\/tucomarca.whitekongsoftware.com\/wp-content\/uploads\/2019\/05\/PSOEAlgemesi-300x225.jpg"},"rss-image":{"file":"PSOEAlgemesi-300x225.jpg","width":300,"height":225,"mime_type":"image\/jpeg","source_url":"https:\/\/tucomarca.whitekongsoftware.com\/wp-content\/uploads\/2019\/05\/PSOEAlgemesi-300x225.jpg"},"post-thumbnail":{"file":"PSOEAlgemesi-50x50.jpg","width":50,"height":50,"mime_type":"image\/jpeg","source_url":"https:\/\/tucomarca.whitekongsoftware.com\/wp-content\/uploads\/2019\/05\/PSOEAlgemesi-50x50.jpg"},"full":{"file":"PSOEAlgemesi.jpg","width":640,"height":480,"mime_type":"image\/jpeg","source_url":"https:\/\/tucomarca.whitekongsoftware.com\/wp-content\/uploads\/2019\/05\/PSOEAlgemesi.jpg"}},"image_meta":{"aperture":"2.2","credit":"","camera":"iPhone 6","caption":"","created_timestamp":"1557955549","copyright":"","focal_length":"4.15","iso":"50","shutter_speed":"0.03030303030303","title":"","orientation":"1","keywords":[]}},"post":86156,"source_url":"https:\/\/tucomarca.whitekongsoftware.com\/wp-content\/uploads\/2019\/05\/PSOEAlgemesi.jpg","filename":"PSOEAlgemesi.jpg","filesize":null,"_links":{"self":[{"href":"https:\/\/tucomarca.whitekongsoftware.com\/ca\/wp-json\/wp\/v2\/media\/86154","targetHints":{"allow":["GET"]}}],"collection":[{"href":"https:\/\/tucomarca.whitekongsoftware.com\/ca\/wp-json\/wp\/v2\/media"}],"about":[{"href":"https:\/\/tucomarca.whitekongsoftware.com\/ca\/wp-json\/wp\/v2\/types\/attachment"}],"author":[{"embeddable":true,"href":"https:\/\/tucomarca.whitekongsoftware.com\/ca\/wp-json\/wp\/v2\/users\/2"}],"replies":[{"embeddable":true,"href":"https:\/\/tucomarca.whitekongsoftware.com\/ca\/wp-json\/wp\/v2\/comments?post=86154"}],"wp:attached-to":[{"embeddable":true,"post_type":"post","id":86156,"href":"https:\/\/tucomarca.whitekongsoftware.com\/ca\/wp-json\/wp\/v2\/posts\/86156"}],"curies":[{"name":"wp","href":"https:\/\/api.w.org\/{rel}","templated":true}]}}

<p class="attachment"><a href='https://tucomarca.whitekongsoftware.com/wp-content/uploads/2019/05/PSOEAlgemesi.jpg'><img loading="lazy" decoding="async" width="300" height="225" src="https://tucomarca.whitekongsoftware.com/wp-content/uploads/2019/05/PSOEAlgemesi-300x225.jpg" class="attachment-medium size-medium" alt="La candidata socialista al Parlamento Europeo, Inmaculada Rodríguez Piñero, en Algemesí." srcset="https://tucomarca.whitekongsoftware.com/wp-content/uploads/2019/05/PSOEAlgemesi-300x225.jpg 300w, https://tucomarca.whitekongsoftware.com/wp-content/uploads/2019/05/PSOEAlgemesi.jpg 640w" sizes="auto, (max-width: 300px) 100vw, 300px" /></a></p>
<p>La candidata socialista al Parlamento Europeo, Inmaculada Rodríguez Piñero, en Algemesí.</p>

<div class="mh-excerpt">La candidata socialista al Parlamento Europeo, Inmaculada Rodríguez Piñero, en Algemesí.</div>
<p> <a class="mh-excerpt-more" href="https://tucomarca.whitekongsoftware.com/ca/rodriguez-pinero-els-socialistes-ens-hem-convertit-en-referent-davant-de-lentrada-de-lextrema-dreta-en-les-institucions/psoealgemesi-2/" title="PSOEAlgemesi">[+] </a></p>

La candidata socialista al Parlamento Europeo, Inmaculada Rodríguez Piñero, en Algemesí.
