{"id":86131,"date":"2019-05-15T20:41:42","date_gmt":"2019-05-15T18:41:42","guid":{"rendered":"http:\/\/www.tucomarca.com\/wordpress\/segunda\/wp-content\/uploads\/2019\/05\/abanderado.jpg"},"modified":"2019-05-15T20:43:25","modified_gmt":"2019-05-15T18:43:25","slug":"abanderado-2","status":"inherit","type":"attachment","link":"https:\/\/tucomarca.whitekongsoftware.com\/ca\/el-mes-de-maig-ha-arribat-carregat-dactes-per-al-cim-la-armonica-de-bunyol\/abanderado-2\/","title":{"rendered":"abanderado"},"author":2,"featured_media":0,"comment_status":"open","ping_status":"closed","template":"","meta":[],"class_list":["post-86131","attachment","type-attachment","status-inherit"],"description":{"rendered":"<p class=\"attachment\"><a href='https:\/\/tucomarca.whitekongsoftware.com\/wp-content\/uploads\/2019\/05\/abanderado.jpg'><img loading=\"lazy\" decoding=\"async\" width=\"225\" height=\"300\" src=\"https:\/\/tucomarca.whitekongsoftware.com\/wp-content\/uploads\/2019\/05\/abanderado-225x300.jpg\" class=\"attachment-medium size-medium\" alt=\"Manuel Vila Garc\u00eda, abanderado de la Banda Sinf\u00f3nica fue homenajeado por sus 30 a\u00f1os de dedicaci\u00f3n.\" srcset=\"https:\/\/tucomarca.whitekongsoftware.com\/wp-content\/uploads\/2019\/05\/abanderado-225x300.jpg 225w, https:\/\/tucomarca.whitekongsoftware.com\/wp-content\/uploads\/2019\/05\/abanderado-768x1024.jpg 768w, https:\/\/tucomarca.whitekongsoftware.com\/wp-content\/uploads\/2019\/05\/abanderado-1024x1365.jpg 1024w, https:\/\/tucomarca.whitekongsoftware.com\/wp-content\/uploads\/2019\/05\/abanderado.jpg 1200w\" sizes=\"auto, (max-width: 225px) 100vw, 225px\" \/><\/a><\/p>\n<p>Manuel Vila Garc\u00eda, abanderado de la Banda Sinf\u00f3nica fue homenajeado por sus 30 a\u00f1os de dedicaci\u00f3n.<\/p>\n"},"caption":{"rendered":"<div class=\"mh-excerpt\">Manuel Vila Garc\u00eda, abanderado de la Banda Sinf\u00f3nica fue homenajeado por sus 30 a\u00f1os de dedicaci\u00f3n.<\/div>\n<p> <a class=\"mh-excerpt-more\" href=\"https:\/\/tucomarca.whitekongsoftware.com\/ca\/el-mes-de-maig-ha-arribat-carregat-dactes-per-al-cim-la-armonica-de-bunyol\/abanderado-2\/\" title=\"abanderado\">[+] <\/a><\/p>\n"},"alt_text":"Manuel Vila Garc\u00eda, abanderado de la Banda Sinf\u00f3nica fue homenajeado por sus 30 a\u00f1os de dedicaci\u00f3n.","media_type":"image","mime_type":"image\/jpeg","media_details":{"width":1200,"height":1600,"file":"2019\/05\/abanderado.jpg","sizes":{"thumbnail":{"file":"abanderado-290x290.jpg","width":290,"height":290,"mime_type":"image\/jpeg","source_url":"https:\/\/tucomarca.whitekongsoftware.com\/wp-content\/uploads\/2019\/05\/abanderado-290x290.jpg"},"medium":{"file":"abanderado-225x300.jpg","width":225,"height":300,"mime_type":"image\/jpeg","source_url":"https:\/\/tucomarca.whitekongsoftware.com\/wp-content\/uploads\/2019\/05\/abanderado-225x300.jpg"},"medium_large":{"file":"abanderado-768x1024.jpg","width":768,"height":1024,"mime_type":"image\/jpeg","source_url":"https:\/\/tucomarca.whitekongsoftware.com\/wp-content\/uploads\/2019\/05\/abanderado-768x1024.jpg"},"large":{"file":"abanderado-768x1024.jpg","width":768,"height":1024,"mime_type":"image\/jpeg","source_url":"https:\/\/tucomarca.whitekongsoftware.com\/wp-content\/uploads\/2019\/05\/abanderado-768x1024.jpg"},"rss-image":{"file":"abanderado-225x300.jpg","width":225,"height":300,"mime_type":"image\/jpeg","source_url":"https:\/\/tucomarca.whitekongsoftware.com\/wp-content\/uploads\/2019\/05\/abanderado-225x300.jpg"},"post-thumbnail":{"file":"abanderado-50x50.jpg","width":50,"height":50,"mime_type":"image\/jpeg","source_url":"https:\/\/tucomarca.whitekongsoftware.com\/wp-content\/uploads\/2019\/05\/abanderado-50x50.jpg"},"gabfire":{"file":"abanderado-1024x1365.jpg","width":1024,"height":1365,"mime_type":"image\/jpeg","source_url":"https:\/\/tucomarca.whitekongsoftware.com\/wp-content\/uploads\/2019\/05\/abanderado-1024x1365.jpg"},"full":{"file":"abanderado.jpg","width":1200,"height":1600,"mime_type":"image\/jpeg","source_url":"https:\/\/tucomarca.whitekongsoftware.com\/wp-content\/uploads\/2019\/05\/abanderado.jpg"}},"image_meta":{"aperture":"0","credit":"","camera":"","caption":"","created_timestamp":"0","copyright":"","focal_length":"0","iso":"0","shutter_speed":"0","title":"","orientation":"0","keywords":[]}},"post":86135,"source_url":"https:\/\/tucomarca.whitekongsoftware.com\/wp-content\/uploads\/2019\/05\/abanderado.jpg","filename":"abanderado.jpg","filesize":null,"_links":{"self":[{"href":"https:\/\/tucomarca.whitekongsoftware.com\/ca\/wp-json\/wp\/v2\/media\/86131","targetHints":{"allow":["GET"]}}],"collection":[{"href":"https:\/\/tucomarca.whitekongsoftware.com\/ca\/wp-json\/wp\/v2\/media"}],"about":[{"href":"https:\/\/tucomarca.whitekongsoftware.com\/ca\/wp-json\/wp\/v2\/types\/attachment"}],"author":[{"embeddable":true,"href":"https:\/\/tucomarca.whitekongsoftware.com\/ca\/wp-json\/wp\/v2\/users\/2"}],"replies":[{"embeddable":true,"href":"https:\/\/tucomarca.whitekongsoftware.com\/ca\/wp-json\/wp\/v2\/comments?post=86131"}],"wp:attached-to":[{"embeddable":true,"post_type":"post","id":86135,"href":"https:\/\/tucomarca.whitekongsoftware.com\/ca\/wp-json\/wp\/v2\/posts\/86135"}],"curies":[{"name":"wp","href":"https:\/\/api.w.org\/{rel}","templated":true}]}}

<p class="attachment"><a href='https://tucomarca.whitekongsoftware.com/wp-content/uploads/2019/05/abanderado.jpg'><img loading="lazy" decoding="async" width="225" height="300" src="https://tucomarca.whitekongsoftware.com/wp-content/uploads/2019/05/abanderado-225x300.jpg" class="attachment-medium size-medium" alt="Manuel Vila García, abanderado de la Banda Sinfónica fue homenajeado por sus 30 años de dedicación." srcset="https://tucomarca.whitekongsoftware.com/wp-content/uploads/2019/05/abanderado-225x300.jpg 225w, https://tucomarca.whitekongsoftware.com/wp-content/uploads/2019/05/abanderado-768x1024.jpg 768w, https://tucomarca.whitekongsoftware.com/wp-content/uploads/2019/05/abanderado-1024x1365.jpg 1024w, https://tucomarca.whitekongsoftware.com/wp-content/uploads/2019/05/abanderado.jpg 1200w" sizes="auto, (max-width: 225px) 100vw, 225px" /></a></p>
<p>Manuel Vila García, abanderado de la Banda Sinfónica fue homenajeado por sus 30 años de dedicación.</p>

<div class="mh-excerpt">Manuel Vila García, abanderado de la Banda Sinfónica fue homenajeado por sus 30 años de dedicación.</div>
<p> <a class="mh-excerpt-more" href="https://tucomarca.whitekongsoftware.com/ca/el-mes-de-maig-ha-arribat-carregat-dactes-per-al-cim-la-armonica-de-bunyol/abanderado-2/" title="abanderado">[+] </a></p>

Manuel Vila García, abanderado de la Banda Sinfónica fue homenajeado por sus 30 años de dedicación.
