{"id":84877,"date":"2019-04-22T13:06:03","date_gmt":"2019-04-22T11:06:03","guid":{"rendered":"http:\/\/www.tucomarca.com\/wordpress\/segunda\/wp-content\/uploads\/2019\/04\/IMG-20190422-WA0001.4.jpg"},"modified":"2019-04-22T13:06:59","modified_gmt":"2019-04-22T11:06:59","slug":"img-20190422-wa0001-4-2","status":"inherit","type":"attachment","link":"https:\/\/tucomarca.whitekongsoftware.com\/ca\/alboraig-exposa-la-serie-fotografica-punt-i-seguim-la-vida-pot-mes-promoguda-pel-secretariat-de-la-comissio-episcopal-de-migracions\/img-20190422-wa0001-4-2\/","title":{"rendered":"IMG-20190422-WA0001.4"},"author":2,"featured_media":0,"comment_status":"open","ping_status":"closed","template":"","meta":[],"class_list":["post-84877","attachment","type-attachment","status-inherit"],"description":{"rendered":"<p class=\"attachment\"><a href='https:\/\/tucomarca.whitekongsoftware.com\/wp-content\/uploads\/2019\/04\/IMG-20190422-WA0001.4.jpg'><img loading=\"lazy\" decoding=\"async\" width=\"169\" height=\"300\" src=\"https:\/\/tucomarca.whitekongsoftware.com\/wp-content\/uploads\/2019\/04\/IMG-20190422-WA0001.4-169x300.jpg\" class=\"attachment-medium size-medium\" alt=\"Una de las im\u00e1genes de la exposici\u00f3n promovida por el Secretariado de la Comisi\u00f3n Episcopal de Migraciones a trav\u00e9s de la Secci\u00f3n de Trata de Personas.\" srcset=\"https:\/\/tucomarca.whitekongsoftware.com\/wp-content\/uploads\/2019\/04\/IMG-20190422-WA0001.4-169x300.jpg 169w, https:\/\/tucomarca.whitekongsoftware.com\/wp-content\/uploads\/2019\/04\/IMG-20190422-WA0001.4-768x1364.jpg 768w, https:\/\/tucomarca.whitekongsoftware.com\/wp-content\/uploads\/2019\/04\/IMG-20190422-WA0001.4-577x1024.jpg 577w, https:\/\/tucomarca.whitekongsoftware.com\/wp-content\/uploads\/2019\/04\/IMG-20190422-WA0001.4.jpg 901w\" sizes=\"auto, (max-width: 169px) 100vw, 169px\" \/><\/a><\/p>\n<p>Una de las im\u00e1genes de la exposici\u00f3n promovida por el Secretariado de la Comisi\u00f3n Episcopal de Migraciones a trav\u00e9s de la Secci\u00f3n de Trata de Personas.<\/p>\n"},"caption":{"rendered":"<div class=\"mh-excerpt\">Una de las im\u00e1genes de la exposici\u00f3n promovida por el Secretariado de la Comisi\u00f3n Episcopal de Migraciones a trav\u00e9s de la Secci\u00f3n de Trata de Personas.<\/div>\n<p> <a class=\"mh-excerpt-more\" href=\"https:\/\/tucomarca.whitekongsoftware.com\/ca\/alboraig-exposa-la-serie-fotografica-punt-i-seguim-la-vida-pot-mes-promoguda-pel-secretariat-de-la-comissio-episcopal-de-migracions\/img-20190422-wa0001-4-2\/\" title=\"IMG-20190422-WA0001.4\">[+] <\/a><\/p>\n"},"alt_text":"Una de las im\u00e1genes de la exposici\u00f3n promovida por el Secretariado de la Comisi\u00f3n Episcopal de Migraciones a trav\u00e9s de la Secci\u00f3n de Trata de Personas.","media_type":"image","mime_type":"image\/jpeg","media_details":{"width":901,"height":1600,"file":"2019\/04\/IMG-20190422-WA0001.4.jpg","sizes":{"thumbnail":{"file":"IMG-20190422-WA0001.4-290x290.jpg","width":290,"height":290,"mime_type":"image\/jpeg","source_url":"https:\/\/tucomarca.whitekongsoftware.com\/wp-content\/uploads\/2019\/04\/IMG-20190422-WA0001.4-290x290.jpg"},"medium":{"file":"IMG-20190422-WA0001.4-169x300.jpg","width":169,"height":300,"mime_type":"image\/jpeg","source_url":"https:\/\/tucomarca.whitekongsoftware.com\/wp-content\/uploads\/2019\/04\/IMG-20190422-WA0001.4-169x300.jpg"},"medium_large":{"file":"IMG-20190422-WA0001.4-768x1364.jpg","width":768,"height":1364,"mime_type":"image\/jpeg","source_url":"https:\/\/tucomarca.whitekongsoftware.com\/wp-content\/uploads\/2019\/04\/IMG-20190422-WA0001.4-768x1364.jpg"},"large":{"file":"IMG-20190422-WA0001.4-577x1024.jpg","width":577,"height":1024,"mime_type":"image\/jpeg","source_url":"https:\/\/tucomarca.whitekongsoftware.com\/wp-content\/uploads\/2019\/04\/IMG-20190422-WA0001.4-577x1024.jpg"},"rss-image":{"file":"IMG-20190422-WA0001.4-169x300.jpg","width":169,"height":300,"mime_type":"image\/jpeg","source_url":"https:\/\/tucomarca.whitekongsoftware.com\/wp-content\/uploads\/2019\/04\/IMG-20190422-WA0001.4-169x300.jpg"},"post-thumbnail":{"file":"IMG-20190422-WA0001.4-50x50.jpg","width":50,"height":50,"mime_type":"image\/jpeg","source_url":"https:\/\/tucomarca.whitekongsoftware.com\/wp-content\/uploads\/2019\/04\/IMG-20190422-WA0001.4-50x50.jpg"},"full":{"file":"IMG-20190422-WA0001.4.jpg","width":901,"height":1600,"mime_type":"image\/jpeg","source_url":"https:\/\/tucomarca.whitekongsoftware.com\/wp-content\/uploads\/2019\/04\/IMG-20190422-WA0001.4.jpg"}},"image_meta":{"aperture":"0","credit":"","camera":"","caption":"","created_timestamp":"0","copyright":"","focal_length":"0","iso":"0","shutter_speed":"0","title":"","orientation":"0","keywords":[]}},"post":84885,"source_url":"https:\/\/tucomarca.whitekongsoftware.com\/wp-content\/uploads\/2019\/04\/IMG-20190422-WA0001.4.jpg","filename":"IMG-20190422-WA0001.4.jpg","filesize":null,"_links":{"self":[{"href":"https:\/\/tucomarca.whitekongsoftware.com\/ca\/wp-json\/wp\/v2\/media\/84877","targetHints":{"allow":["GET"]}}],"collection":[{"href":"https:\/\/tucomarca.whitekongsoftware.com\/ca\/wp-json\/wp\/v2\/media"}],"about":[{"href":"https:\/\/tucomarca.whitekongsoftware.com\/ca\/wp-json\/wp\/v2\/types\/attachment"}],"author":[{"embeddable":true,"href":"https:\/\/tucomarca.whitekongsoftware.com\/ca\/wp-json\/wp\/v2\/users\/2"}],"replies":[{"embeddable":true,"href":"https:\/\/tucomarca.whitekongsoftware.com\/ca\/wp-json\/wp\/v2\/comments?post=84877"}],"wp:attached-to":[{"embeddable":true,"post_type":"post","id":84885,"href":"https:\/\/tucomarca.whitekongsoftware.com\/ca\/wp-json\/wp\/v2\/posts\/84885"}],"curies":[{"name":"wp","href":"https:\/\/api.w.org\/{rel}","templated":true}]}}

<p class="attachment"><a href='https://tucomarca.whitekongsoftware.com/wp-content/uploads/2019/04/IMG-20190422-WA0001.4.jpg'><img loading="lazy" decoding="async" width="169" height="300" src="https://tucomarca.whitekongsoftware.com/wp-content/uploads/2019/04/IMG-20190422-WA0001.4-169x300.jpg" class="attachment-medium size-medium" alt="Una de las imágenes de la exposición promovida por el Secretariado de la Comisión Episcopal de Migraciones a través de la Sección de Trata de Personas." srcset="https://tucomarca.whitekongsoftware.com/wp-content/uploads/2019/04/IMG-20190422-WA0001.4-169x300.jpg 169w, https://tucomarca.whitekongsoftware.com/wp-content/uploads/2019/04/IMG-20190422-WA0001.4-768x1364.jpg 768w, https://tucomarca.whitekongsoftware.com/wp-content/uploads/2019/04/IMG-20190422-WA0001.4-577x1024.jpg 577w, https://tucomarca.whitekongsoftware.com/wp-content/uploads/2019/04/IMG-20190422-WA0001.4.jpg 901w" sizes="auto, (max-width: 169px) 100vw, 169px" /></a></p>
<p>Una de las imágenes de la exposición promovida por el Secretariado de la Comisión Episcopal de Migraciones a través de la Sección de Trata de Personas.</p>

<div class="mh-excerpt">Una de las imágenes de la exposición promovida por el Secretariado de la Comisión Episcopal de Migraciones a través de la Sección de Trata de Personas.</div>
<p> <a class="mh-excerpt-more" href="https://tucomarca.whitekongsoftware.com/ca/alboraig-exposa-la-serie-fotografica-punt-i-seguim-la-vida-pot-mes-promoguda-pel-secretariat-de-la-comissio-episcopal-de-migracions/img-20190422-wa0001-4-2/" title="IMG-20190422-WA0001.4">[+] </a></p>

Una de las imágenes de la exposición promovida por el Secretariado de la Comisión Episcopal de Migraciones a través de la Sección de Trata de Personas.
