{"id":84128,"date":"2019-04-03T23:53:48","date_gmt":"2019-04-03T21:53:48","guid":{"rendered":"http:\/\/www.tucomarca.com\/wordpress\/segunda\/wp-content\/uploads\/2019\/04\/LIBROCOMUNISTAS.jpg"},"modified":"2019-04-03T23:57:14","modified_gmt":"2019-04-03T21:57:14","slug":"librocomunistas-2","status":"inherit","type":"attachment","link":"https:\/\/tucomarca.whitekongsoftware.com\/ca\/presentacio-del-llibre-comunistes-a-bunyol-historia-del-pce-i-iu-1921-2018\/librocomunistas-2\/","title":{"rendered":"LIBROCOMUNISTAS"},"author":2,"featured_media":0,"comment_status":"open","ping_status":"closed","template":"","meta":[],"class_list":["post-84128","attachment","type-attachment","status-inherit"],"description":{"rendered":"<p class=\"attachment\"><a href='https:\/\/tucomarca.whitekongsoftware.com\/wp-content\/uploads\/2019\/04\/LIBROCOMUNISTAS.jpg'><img loading=\"lazy\" decoding=\"async\" width=\"240\" height=\"300\" src=\"https:\/\/tucomarca.whitekongsoftware.com\/wp-content\/uploads\/2019\/04\/LIBROCOMUNISTAS-240x300.jpg\" class=\"attachment-medium size-medium\" alt=\"Este pr\u00f3ximo domingo 7 de Abril el N\u00facleo comunista de Bu\u00f1ol del PCE y EUPV presentan en el Palacio de la M\u00fasica de El Litro el libro &quot;Comunistas en Bu\u00f1ol, Historia del PCE e IU 1921 -2018&quot;.\" srcset=\"https:\/\/tucomarca.whitekongsoftware.com\/wp-content\/uploads\/2019\/04\/LIBROCOMUNISTAS-240x300.jpg 240w, https:\/\/tucomarca.whitekongsoftware.com\/wp-content\/uploads\/2019\/04\/LIBROCOMUNISTAS-768x958.jpg 768w, https:\/\/tucomarca.whitekongsoftware.com\/wp-content\/uploads\/2019\/04\/LIBROCOMUNISTAS-821x1024.jpg 821w, https:\/\/tucomarca.whitekongsoftware.com\/wp-content\/uploads\/2019\/04\/LIBROCOMUNISTAS-1024x1278.jpg 1024w, https:\/\/tucomarca.whitekongsoftware.com\/wp-content\/uploads\/2019\/04\/LIBROCOMUNISTAS.jpg 1271w\" sizes=\"auto, (max-width: 240px) 100vw, 240px\" \/><\/a><\/p>\n<p>Este pr\u00f3ximo domingo 7 de Abril el N\u00facleo comunista de Bu\u00f1ol del PCE y EUPV presentan en el Palacio de la M\u00fasica de El Litro el libro &#8220;Comunistas en Bu\u00f1ol, Historia del PCE e IU 1921 -2018&#8221;.<\/p>\n"},"caption":{"rendered":"<div class=\"mh-excerpt\">Este pr\u00f3ximo domingo 7 de Abril el N\u00facleo comunista de Bu\u00f1ol del PCE y EUPV presentan en el Palacio de la M\u00fasica de El Litro el libro &#8220;Comunistas en Bu\u00f1ol, Historia del PCE e IU 1921 -2018&#8221;.<\/div>\n<p> <a class=\"mh-excerpt-more\" href=\"https:\/\/tucomarca.whitekongsoftware.com\/ca\/presentacio-del-llibre-comunistes-a-bunyol-historia-del-pce-i-iu-1921-2018\/librocomunistas-2\/\" title=\"LIBROCOMUNISTAS\">[+] <\/a><\/p>\n"},"alt_text":"Este pr\u00f3ximo domingo 7 de Abril el N\u00facleo comunista de Bu\u00f1ol del PCE y EUPV presentan en el Palacio de la M\u00fasica de El Litro el libro \"Comunistas en Bu\u00f1ol, Historia del PCE e IU 1921 -2018\".","media_type":"image","mime_type":"image\/jpeg","media_details":{"width":1271,"height":1586,"file":"2019\/04\/LIBROCOMUNISTAS.jpg","sizes":{"thumbnail":{"file":"LIBROCOMUNISTAS-290x290.jpg","width":290,"height":290,"mime_type":"image\/jpeg","source_url":"https:\/\/tucomarca.whitekongsoftware.com\/wp-content\/uploads\/2019\/04\/LIBROCOMUNISTAS-290x290.jpg"},"medium":{"file":"LIBROCOMUNISTAS-240x300.jpg","width":240,"height":300,"mime_type":"image\/jpeg","source_url":"https:\/\/tucomarca.whitekongsoftware.com\/wp-content\/uploads\/2019\/04\/LIBROCOMUNISTAS-240x300.jpg"},"medium_large":{"file":"LIBROCOMUNISTAS-768x958.jpg","width":768,"height":958,"mime_type":"image\/jpeg","source_url":"https:\/\/tucomarca.whitekongsoftware.com\/wp-content\/uploads\/2019\/04\/LIBROCOMUNISTAS-768x958.jpg"},"large":{"file":"LIBROCOMUNISTAS-821x1024.jpg","width":821,"height":1024,"mime_type":"image\/jpeg","source_url":"https:\/\/tucomarca.whitekongsoftware.com\/wp-content\/uploads\/2019\/04\/LIBROCOMUNISTAS-821x1024.jpg"},"rss-image":{"file":"LIBROCOMUNISTAS-240x300.jpg","width":240,"height":300,"mime_type":"image\/jpeg","source_url":"https:\/\/tucomarca.whitekongsoftware.com\/wp-content\/uploads\/2019\/04\/LIBROCOMUNISTAS-240x300.jpg"},"post-thumbnail":{"file":"LIBROCOMUNISTAS-50x50.jpg","width":50,"height":50,"mime_type":"image\/jpeg","source_url":"https:\/\/tucomarca.whitekongsoftware.com\/wp-content\/uploads\/2019\/04\/LIBROCOMUNISTAS-50x50.jpg"},"gabfire":{"file":"LIBROCOMUNISTAS-1024x1278.jpg","width":1024,"height":1278,"mime_type":"image\/jpeg","source_url":"https:\/\/tucomarca.whitekongsoftware.com\/wp-content\/uploads\/2019\/04\/LIBROCOMUNISTAS-1024x1278.jpg"},"full":{"file":"LIBROCOMUNISTAS.jpg","width":1271,"height":1586,"mime_type":"image\/jpeg","source_url":"https:\/\/tucomarca.whitekongsoftware.com\/wp-content\/uploads\/2019\/04\/LIBROCOMUNISTAS.jpg"}},"image_meta":{"aperture":"0","credit":"","camera":"","caption":"","created_timestamp":"0","copyright":"","focal_length":"0","iso":"0","shutter_speed":"0","title":"","orientation":"0","keywords":[]}},"post":84130,"source_url":"https:\/\/tucomarca.whitekongsoftware.com\/wp-content\/uploads\/2019\/04\/LIBROCOMUNISTAS.jpg","filename":"LIBROCOMUNISTAS.jpg","filesize":null,"_links":{"self":[{"href":"https:\/\/tucomarca.whitekongsoftware.com\/ca\/wp-json\/wp\/v2\/media\/84128","targetHints":{"allow":["GET"]}}],"collection":[{"href":"https:\/\/tucomarca.whitekongsoftware.com\/ca\/wp-json\/wp\/v2\/media"}],"about":[{"href":"https:\/\/tucomarca.whitekongsoftware.com\/ca\/wp-json\/wp\/v2\/types\/attachment"}],"author":[{"embeddable":true,"href":"https:\/\/tucomarca.whitekongsoftware.com\/ca\/wp-json\/wp\/v2\/users\/2"}],"replies":[{"embeddable":true,"href":"https:\/\/tucomarca.whitekongsoftware.com\/ca\/wp-json\/wp\/v2\/comments?post=84128"}],"wp:attached-to":[{"embeddable":true,"post_type":"post","id":84130,"href":"https:\/\/tucomarca.whitekongsoftware.com\/ca\/wp-json\/wp\/v2\/posts\/84130"}],"curies":[{"name":"wp","href":"https:\/\/api.w.org\/{rel}","templated":true}]}}

<p class="attachment"><a href='https://tucomarca.whitekongsoftware.com/wp-content/uploads/2019/04/LIBROCOMUNISTAS.jpg'><img loading="lazy" decoding="async" width="240" height="300" src="https://tucomarca.whitekongsoftware.com/wp-content/uploads/2019/04/LIBROCOMUNISTAS-240x300.jpg" class="attachment-medium size-medium" alt="Este próximo domingo 7 de Abril el Núcleo comunista de Buñol del PCE y EUPV presentan en el Palacio de la Música de El Litro el libro &quot;Comunistas en Buñol, Historia del PCE e IU 1921 -2018&quot;." srcset="https://tucomarca.whitekongsoftware.com/wp-content/uploads/2019/04/LIBROCOMUNISTAS-240x300.jpg 240w, https://tucomarca.whitekongsoftware.com/wp-content/uploads/2019/04/LIBROCOMUNISTAS-768x958.jpg 768w, https://tucomarca.whitekongsoftware.com/wp-content/uploads/2019/04/LIBROCOMUNISTAS-821x1024.jpg 821w, https://tucomarca.whitekongsoftware.com/wp-content/uploads/2019/04/LIBROCOMUNISTAS-1024x1278.jpg 1024w, https://tucomarca.whitekongsoftware.com/wp-content/uploads/2019/04/LIBROCOMUNISTAS.jpg 1271w" sizes="auto, (max-width: 240px) 100vw, 240px" /></a></p>
<p>Este próximo domingo 7 de Abril el Núcleo comunista de Buñol del PCE y EUPV presentan en el Palacio de la Música de El Litro el libro &#8220;Comunistas en Buñol, Historia del PCE e IU 1921 -2018&#8221;.</p>

<div class="mh-excerpt">Este próximo domingo 7 de Abril el Núcleo comunista de Buñol del PCE y EUPV presentan en el Palacio de la Música de El Litro el libro &#8220;Comunistas en Buñol, Historia del PCE e IU 1921 -2018&#8221;.</div>
<p> <a class="mh-excerpt-more" href="https://tucomarca.whitekongsoftware.com/ca/presentacio-del-llibre-comunistes-a-bunyol-historia-del-pce-i-iu-1921-2018/librocomunistas-2/" title="LIBROCOMUNISTAS">[+] </a></p>

Este próximo domingo 7 de Abril el Núcleo comunista de Buñol del PCE y EUPV presentan en el Palacio de la Música de El Litro el libro "Comunistas en Buñol, Historia del PCE e IU 1921 -2018".
