{"id":82241,"date":"2019-02-25T22:07:49","date_gmt":"2019-02-25T20:07:49","guid":{"rendered":"http:\/\/www.tucomarca.com\/wordpress\/segunda\/wp-content\/uploads\/2019\/02\/23_4.jpeg"},"modified":"2019-02-25T22:09:21","modified_gmt":"2019-02-25T20:09:21","slug":"23_4-2","status":"inherit","type":"attachment","link":"https:\/\/tucomarca.whitekongsoftware.com\/ca\/xest-inaugura-una-placa-a-la-placa-de-la-constitucio-per-visibilitzar-la-realitat-de-les-persones-amb-malalties-rares\/23_4-2\/","title":{"rendered":"23_4"},"author":2,"featured_media":0,"comment_status":"open","ping_status":"closed","template":"","meta":[],"class_list":["post-82241","attachment","type-attachment","status-inherit"],"description":{"rendered":"<p class=\"attachment\"><a href='https:\/\/tucomarca.whitekongsoftware.com\/wp-content\/uploads\/2019\/02\/23_4.jpeg'><img loading=\"lazy\" decoding=\"async\" width=\"300\" height=\"200\" src=\"https:\/\/tucomarca.whitekongsoftware.com\/wp-content\/uploads\/2019\/02\/23_4-300x200.jpeg\" class=\"attachment-medium size-medium\" alt=\"Concierto solidario \u201cToda una vida\u201d, a cargo de la agrupaci\u00f3n musical Amigos de la M\u00fasica, dirigida por Manolo Tar\u00edn, en el Teatro Liceo.\" srcset=\"https:\/\/tucomarca.whitekongsoftware.com\/wp-content\/uploads\/2019\/02\/23_4-300x200.jpeg 300w, https:\/\/tucomarca.whitekongsoftware.com\/wp-content\/uploads\/2019\/02\/23_4-768x512.jpeg 768w, https:\/\/tucomarca.whitekongsoftware.com\/wp-content\/uploads\/2019\/02\/23_4-1024x683.jpeg 1024w\" sizes=\"auto, (max-width: 300px) 100vw, 300px\" \/><\/a><\/p>\n<p>Concierto solidario \u201cToda una vida\u201d, a cargo de la agrupaci\u00f3n musical Amigos de la M\u00fasica, dirigida por Manolo Tar\u00edn, en el Teatro Liceo.<\/p>\n"},"caption":{"rendered":"<div class=\"mh-excerpt\">Concierto solidario \u201cToda una vida\u201d, a cargo de la agrupaci\u00f3n musical Amigos de la M\u00fasica, dirigida por Manolo Tar\u00edn, en el Teatro Liceo.<\/div>\n<p> <a class=\"mh-excerpt-more\" href=\"https:\/\/tucomarca.whitekongsoftware.com\/ca\/xest-inaugura-una-placa-a-la-placa-de-la-constitucio-per-visibilitzar-la-realitat-de-les-persones-amb-malalties-rares\/23_4-2\/\" title=\"23_4\">[+] <\/a><\/p>\n"},"alt_text":"Concierto solidario \u201cToda una vida\u201d, a cargo de la agrupaci\u00f3n musical Amigos de la M\u00fasica, dirigida por Manolo Tar\u00edn, en el Teatro Liceo.","media_type":"image","mime_type":"image\/jpeg","media_details":{"width":5184,"height":3456,"file":"2019\/02\/23_4.jpeg","sizes":{"thumbnail":{"file":"23_4-290x290.jpeg","width":290,"height":290,"mime_type":"image\/jpeg","source_url":"https:\/\/tucomarca.whitekongsoftware.com\/wp-content\/uploads\/2019\/02\/23_4-290x290.jpeg"},"medium":{"file":"23_4-300x200.jpeg","width":300,"height":200,"mime_type":"image\/jpeg","source_url":"https:\/\/tucomarca.whitekongsoftware.com\/wp-content\/uploads\/2019\/02\/23_4-300x200.jpeg"},"medium_large":{"file":"23_4-768x512.jpeg","width":768,"height":512,"mime_type":"image\/jpeg","source_url":"https:\/\/tucomarca.whitekongsoftware.com\/wp-content\/uploads\/2019\/02\/23_4-768x512.jpeg"},"large":{"file":"23_4-1024x683.jpeg","width":1024,"height":683,"mime_type":"image\/jpeg","source_url":"https:\/\/tucomarca.whitekongsoftware.com\/wp-content\/uploads\/2019\/02\/23_4-1024x683.jpeg"},"rss-image":{"file":"23_4-300x200.jpeg","width":300,"height":200,"mime_type":"image\/jpeg","source_url":"https:\/\/tucomarca.whitekongsoftware.com\/wp-content\/uploads\/2019\/02\/23_4-300x200.jpeg"},"post-thumbnail":{"file":"23_4-50x50.jpeg","width":50,"height":50,"mime_type":"image\/jpeg","source_url":"https:\/\/tucomarca.whitekongsoftware.com\/wp-content\/uploads\/2019\/02\/23_4-50x50.jpeg"},"gabfire":{"file":"23_4-1024x683.jpeg","width":1024,"height":683,"mime_type":"image\/jpeg","source_url":"https:\/\/tucomarca.whitekongsoftware.com\/wp-content\/uploads\/2019\/02\/23_4-1024x683.jpeg"},"full":{"file":"23_4.jpeg","width":5184,"height":3456,"mime_type":"image\/jpeg","source_url":"https:\/\/tucomarca.whitekongsoftware.com\/wp-content\/uploads\/2019\/02\/23_4.jpeg"}},"image_meta":{"aperture":"5.6","credit":"","camera":"Canon EOS 700D","caption":"","created_timestamp":"1550953621","copyright":"","focal_length":"55","iso":"3200","shutter_speed":"0.033333333333333","title":"","orientation":"1","keywords":[]}},"post":82243,"source_url":"https:\/\/tucomarca.whitekongsoftware.com\/wp-content\/uploads\/2019\/02\/23_4.jpeg","filename":"23_4.jpeg","filesize":null,"_links":{"self":[{"href":"https:\/\/tucomarca.whitekongsoftware.com\/ca\/wp-json\/wp\/v2\/media\/82241","targetHints":{"allow":["GET"]}}],"collection":[{"href":"https:\/\/tucomarca.whitekongsoftware.com\/ca\/wp-json\/wp\/v2\/media"}],"about":[{"href":"https:\/\/tucomarca.whitekongsoftware.com\/ca\/wp-json\/wp\/v2\/types\/attachment"}],"author":[{"embeddable":true,"href":"https:\/\/tucomarca.whitekongsoftware.com\/ca\/wp-json\/wp\/v2\/users\/2"}],"replies":[{"embeddable":true,"href":"https:\/\/tucomarca.whitekongsoftware.com\/ca\/wp-json\/wp\/v2\/comments?post=82241"}],"wp:attached-to":[{"embeddable":true,"post_type":"post","id":82243,"href":"https:\/\/tucomarca.whitekongsoftware.com\/ca\/wp-json\/wp\/v2\/posts\/82243"}],"curies":[{"name":"wp","href":"https:\/\/api.w.org\/{rel}","templated":true}]}}

<p class="attachment"><a href='https://tucomarca.whitekongsoftware.com/wp-content/uploads/2019/02/23_4.jpeg'><img loading="lazy" decoding="async" width="300" height="200" src="https://tucomarca.whitekongsoftware.com/wp-content/uploads/2019/02/23_4-300x200.jpeg" class="attachment-medium size-medium" alt="Concierto solidario “Toda una vida”, a cargo de la agrupación musical Amigos de la Música, dirigida por Manolo Tarín, en el Teatro Liceo." srcset="https://tucomarca.whitekongsoftware.com/wp-content/uploads/2019/02/23_4-300x200.jpeg 300w, https://tucomarca.whitekongsoftware.com/wp-content/uploads/2019/02/23_4-768x512.jpeg 768w, https://tucomarca.whitekongsoftware.com/wp-content/uploads/2019/02/23_4-1024x683.jpeg 1024w" sizes="auto, (max-width: 300px) 100vw, 300px" /></a></p>
<p>Concierto solidario “Toda una vida”, a cargo de la agrupación musical Amigos de la Música, dirigida por Manolo Tarín, en el Teatro Liceo.</p>

<div class="mh-excerpt">Concierto solidario “Toda una vida”, a cargo de la agrupación musical Amigos de la Música, dirigida por Manolo Tarín, en el Teatro Liceo.</div>
<p> <a class="mh-excerpt-more" href="https://tucomarca.whitekongsoftware.com/ca/xest-inaugura-una-placa-a-la-placa-de-la-constitucio-per-visibilitzar-la-realitat-de-les-persones-amb-malalties-rares/23_4-2/" title="23_4">[+] </a></p>

Concierto solidario “Toda una vida”, a cargo de la agrupación musical Amigos de la Música, dirigida por Manolo Tarín, en el Teatro Liceo.
