{"id":82184,"date":"2019-02-25T20:47:22","date_gmt":"2019-02-25T18:47:22","guid":{"rendered":"http:\/\/www.tucomarca.com\/wordpress\/segunda\/wp-content\/uploads\/2019\/02\/Olocau.jpg"},"modified":"2019-02-25T20:47:54","modified_gmt":"2019-02-25T18:47:54","slug":"olocau-3-2","status":"inherit","type":"attachment","link":"https:\/\/tucomarca.whitekongsoftware.com\/ca\/larea-de-cultura-i-el-museu-de-prehistoria-lliuren-lultim-reconeixement-de-la-cultura-a-olocau\/olocau-3-2\/","title":{"rendered":"Olocau"},"author":1,"featured_media":0,"comment_status":"open","ping_status":"closed","template":"","meta":[],"class_list":["post-82184","attachment","type-attachment","status-inherit"],"description":{"rendered":"<p class=\"attachment\"><a href='https:\/\/tucomarca.whitekongsoftware.com\/wp-content\/uploads\/2019\/02\/Olocau.jpg'><img loading=\"lazy\" decoding=\"async\" width=\"300\" height=\"154\" src=\"https:\/\/tucomarca.whitekongsoftware.com\/wp-content\/uploads\/2019\/02\/Olocau-300x154.jpg\" class=\"attachment-medium size-medium\" alt=\"El Museu de Prehist\u00f2ria reconoce, con este galard\u00f3n, la contribuci\u00f3n de los vecinos y vecinas de Olocau a la Iberfesta, una importante cita cultural y un polo de atracci\u00f3n tur\u00edstico.\" srcset=\"https:\/\/tucomarca.whitekongsoftware.com\/wp-content\/uploads\/2019\/02\/Olocau-300x154.jpg 300w, https:\/\/tucomarca.whitekongsoftware.com\/wp-content\/uploads\/2019\/02\/Olocau-768x393.jpg 768w, https:\/\/tucomarca.whitekongsoftware.com\/wp-content\/uploads\/2019\/02\/Olocau-1024x524.jpg 1024w, https:\/\/tucomarca.whitekongsoftware.com\/wp-content\/uploads\/2019\/02\/Olocau.jpg 1763w\" sizes=\"auto, (max-width: 300px) 100vw, 300px\" \/><\/a><\/p>\n<p>El Museu de Prehist\u00f2ria reconoce, con este galard\u00f3n, la contribuci\u00f3n de los vecinos y vecinas de Olocau a la Iberfesta, una importante cita cultural y un polo de atracci\u00f3n tur\u00edstico.<\/p>\n"},"caption":{"rendered":"<div class=\"mh-excerpt\">El Museu de Prehist\u00f2ria reconoce, con este galard\u00f3n, la contribuci\u00f3n de los vecinos y vecinas de Olocau a la Iberfesta, una importante cita cultural y un polo de atracci\u00f3n tur\u00edstico.<\/div>\n<p> <a class=\"mh-excerpt-more\" href=\"https:\/\/tucomarca.whitekongsoftware.com\/ca\/larea-de-cultura-i-el-museu-de-prehistoria-lliuren-lultim-reconeixement-de-la-cultura-a-olocau\/olocau-3-2\/\" title=\"Olocau\">[+] <\/a><\/p>\n"},"alt_text":"El Museu de Prehist\u00f2ria reconoce, con este galard\u00f3n, la contribuci\u00f3n de los vecinos y vecinas de Olocau a la Iberfesta, una importante cita cultural y un polo de atracci\u00f3n tur\u00edstico.","media_type":"image","mime_type":"image\/jpeg","media_details":{"width":1763,"height":903,"file":"2019\/02\/Olocau.jpg","sizes":{"thumbnail":{"file":"Olocau-290x290.jpg","width":290,"height":290,"mime_type":"image\/jpeg","source_url":"https:\/\/tucomarca.whitekongsoftware.com\/wp-content\/uploads\/2019\/02\/Olocau-290x290.jpg"},"medium":{"file":"Olocau-300x154.jpg","width":300,"height":154,"mime_type":"image\/jpeg","source_url":"https:\/\/tucomarca.whitekongsoftware.com\/wp-content\/uploads\/2019\/02\/Olocau-300x154.jpg"},"medium_large":{"file":"Olocau-768x393.jpg","width":768,"height":393,"mime_type":"image\/jpeg","source_url":"https:\/\/tucomarca.whitekongsoftware.com\/wp-content\/uploads\/2019\/02\/Olocau-768x393.jpg"},"large":{"file":"Olocau-1024x524.jpg","width":1024,"height":524,"mime_type":"image\/jpeg","source_url":"https:\/\/tucomarca.whitekongsoftware.com\/wp-content\/uploads\/2019\/02\/Olocau-1024x524.jpg"},"rss-image":{"file":"Olocau-300x154.jpg","width":300,"height":154,"mime_type":"image\/jpeg","source_url":"https:\/\/tucomarca.whitekongsoftware.com\/wp-content\/uploads\/2019\/02\/Olocau-300x154.jpg"},"post-thumbnail":{"file":"Olocau-50x50.jpg","width":50,"height":50,"mime_type":"image\/jpeg","source_url":"https:\/\/tucomarca.whitekongsoftware.com\/wp-content\/uploads\/2019\/02\/Olocau-50x50.jpg"},"gabfire":{"file":"Olocau-1024x524.jpg","width":1024,"height":524,"mime_type":"image\/jpeg","source_url":"https:\/\/tucomarca.whitekongsoftware.com\/wp-content\/uploads\/2019\/02\/Olocau-1024x524.jpg"},"full":{"file":"Olocau.jpg","width":1763,"height":903,"mime_type":"image\/jpeg","source_url":"https:\/\/tucomarca.whitekongsoftware.com\/wp-content\/uploads\/2019\/02\/Olocau.jpg"}},"image_meta":{"aperture":"0","credit":"Felix Perez","camera":"","caption":"","created_timestamp":"0","copyright":"fpmonte56@gmail.com","focal_length":"0","iso":"0","shutter_speed":"0","title":"","orientation":"0","keywords":[]}},"post":82186,"source_url":"https:\/\/tucomarca.whitekongsoftware.com\/wp-content\/uploads\/2019\/02\/Olocau.jpg","filename":"Olocau.jpg","filesize":null,"_links":{"self":[{"href":"https:\/\/tucomarca.whitekongsoftware.com\/ca\/wp-json\/wp\/v2\/media\/82184","targetHints":{"allow":["GET"]}}],"collection":[{"href":"https:\/\/tucomarca.whitekongsoftware.com\/ca\/wp-json\/wp\/v2\/media"}],"about":[{"href":"https:\/\/tucomarca.whitekongsoftware.com\/ca\/wp-json\/wp\/v2\/types\/attachment"}],"author":[{"embeddable":true,"href":"https:\/\/tucomarca.whitekongsoftware.com\/ca\/wp-json\/wp\/v2\/users\/1"}],"replies":[{"embeddable":true,"href":"https:\/\/tucomarca.whitekongsoftware.com\/ca\/wp-json\/wp\/v2\/comments?post=82184"}],"wp:attached-to":[{"embeddable":true,"post_type":"post","id":82186,"href":"https:\/\/tucomarca.whitekongsoftware.com\/ca\/wp-json\/wp\/v2\/posts\/82186"}],"curies":[{"name":"wp","href":"https:\/\/api.w.org\/{rel}","templated":true}]}}

<p class="attachment"><a href='https://tucomarca.whitekongsoftware.com/wp-content/uploads/2019/02/Olocau.jpg'><img loading="lazy" decoding="async" width="300" height="154" src="https://tucomarca.whitekongsoftware.com/wp-content/uploads/2019/02/Olocau-300x154.jpg" class="attachment-medium size-medium" alt="El Museu de Prehistòria reconoce, con este galardón, la contribución de los vecinos y vecinas de Olocau a la Iberfesta, una importante cita cultural y un polo de atracción turístico." srcset="https://tucomarca.whitekongsoftware.com/wp-content/uploads/2019/02/Olocau-300x154.jpg 300w, https://tucomarca.whitekongsoftware.com/wp-content/uploads/2019/02/Olocau-768x393.jpg 768w, https://tucomarca.whitekongsoftware.com/wp-content/uploads/2019/02/Olocau-1024x524.jpg 1024w, https://tucomarca.whitekongsoftware.com/wp-content/uploads/2019/02/Olocau.jpg 1763w" sizes="auto, (max-width: 300px) 100vw, 300px" /></a></p>
<p>El Museu de Prehistòria reconoce, con este galardón, la contribución de los vecinos y vecinas de Olocau a la Iberfesta, una importante cita cultural y un polo de atracción turístico.</p>

<div class="mh-excerpt">El Museu de Prehistòria reconoce, con este galardón, la contribución de los vecinos y vecinas de Olocau a la Iberfesta, una importante cita cultural y un polo de atracción turístico.</div>
<p> <a class="mh-excerpt-more" href="https://tucomarca.whitekongsoftware.com/ca/larea-de-cultura-i-el-museu-de-prehistoria-lliuren-lultim-reconeixement-de-la-cultura-a-olocau/olocau-3-2/" title="Olocau">[+] </a></p>

El Museu de Prehistòria reconoce, con este galardón, la contribución de los vecinos y vecinas de Olocau a la Iberfesta, una importante cita cultural y un polo de atracción turístico.
