{"id":82048,"date":"2019-02-21T19:23:34","date_gmt":"2019-02-21T17:23:34","guid":{"rendered":"http:\/\/www.tucomarca.com\/wordpress\/segunda\/wp-content\/uploads\/2019\/02\/Ademuz.jpg"},"modified":"2019-02-21T19:23:46","modified_gmt":"2019-02-21T17:23:46","slug":"ademuz-8-2","status":"inherit","type":"attachment","link":"https:\/\/tucomarca.whitekongsoftware.com\/ca\/el-nou-model-de-serveis-socials-triplica-el-numero-de-professionals-en-el-rincon-de-ademuz\/ademuz-8-2\/","title":{"rendered":"Ademuz"},"author":1,"featured_media":0,"comment_status":"open","ping_status":"closed","template":"","meta":[],"class_list":["post-82048","attachment","type-attachment","status-inherit"],"description":{"rendered":"<p class=\"attachment\"><a href='https:\/\/tucomarca.whitekongsoftware.com\/wp-content\/uploads\/2019\/02\/Ademuz.jpg'><img loading=\"lazy\" decoding=\"async\" width=\"300\" height=\"169\" src=\"https:\/\/tucomarca.whitekongsoftware.com\/wp-content\/uploads\/2019\/02\/Ademuz-300x169.jpg\" class=\"attachment-medium size-medium\" alt=\"La mancomunidad de esta comarca y el \u00e1rea de Inclusi\u00f3n Social de la Diputaci\u00f3 han organizado unas jornadas en Casas Altas para dar visibilidad a los servicios p\u00fablicos como un derecho humano esencial.\" srcset=\"https:\/\/tucomarca.whitekongsoftware.com\/wp-content\/uploads\/2019\/02\/Ademuz-300x169.jpg 300w, https:\/\/tucomarca.whitekongsoftware.com\/wp-content\/uploads\/2019\/02\/Ademuz-768x432.jpg 768w, https:\/\/tucomarca.whitekongsoftware.com\/wp-content\/uploads\/2019\/02\/Ademuz-1024x576.jpg 1024w\" sizes=\"auto, (max-width: 300px) 100vw, 300px\" \/><\/a><\/p>\n<p>La mancomunidad de esta comarca y el \u00e1rea de Inclusi\u00f3n Social de la Diputaci\u00f3 han organizado unas jornadas en Casas Altas para dar visibilidad a los servicios p\u00fablicos como un derecho humano esencial.<\/p>\n"},"caption":{"rendered":"<div class=\"mh-excerpt\">La mancomunidad de esta comarca y el \u00e1rea de Inclusi\u00f3n Social de la Diputaci\u00f3 han organizado unas jornadas en Casas Altas para dar visibilidad a los servicios p\u00fablicos como un derecho humano esencial.<\/div>\n<p> <a class=\"mh-excerpt-more\" href=\"https:\/\/tucomarca.whitekongsoftware.com\/ca\/el-nou-model-de-serveis-socials-triplica-el-numero-de-professionals-en-el-rincon-de-ademuz\/ademuz-8-2\/\" title=\"Ademuz\">[+] <\/a><\/p>\n"},"alt_text":"La mancomunidad de esta comarca y el \u00e1rea de Inclusi\u00f3n Social de la Diputaci\u00f3 han organizado unas jornadas en Casas Altas para dar visibilidad a los servicios p\u00fablicos como un derecho humano esencial.","media_type":"image","mime_type":"image\/jpeg","media_details":{"width":4032,"height":2268,"file":"2019\/02\/Ademuz.jpg","sizes":{"thumbnail":{"file":"Ademuz-290x290.jpg","width":290,"height":290,"mime_type":"image\/jpeg","source_url":"https:\/\/tucomarca.whitekongsoftware.com\/wp-content\/uploads\/2019\/02\/Ademuz-290x290.jpg"},"medium":{"file":"Ademuz-300x169.jpg","width":300,"height":169,"mime_type":"image\/jpeg","source_url":"https:\/\/tucomarca.whitekongsoftware.com\/wp-content\/uploads\/2019\/02\/Ademuz-300x169.jpg"},"medium_large":{"file":"Ademuz-768x432.jpg","width":768,"height":432,"mime_type":"image\/jpeg","source_url":"https:\/\/tucomarca.whitekongsoftware.com\/wp-content\/uploads\/2019\/02\/Ademuz-768x432.jpg"},"large":{"file":"Ademuz-1024x576.jpg","width":1024,"height":576,"mime_type":"image\/jpeg","source_url":"https:\/\/tucomarca.whitekongsoftware.com\/wp-content\/uploads\/2019\/02\/Ademuz-1024x576.jpg"},"rss-image":{"file":"Ademuz-300x169.jpg","width":300,"height":169,"mime_type":"image\/jpeg","source_url":"https:\/\/tucomarca.whitekongsoftware.com\/wp-content\/uploads\/2019\/02\/Ademuz-300x169.jpg"},"post-thumbnail":{"file":"Ademuz-50x50.jpg","width":50,"height":50,"mime_type":"image\/jpeg","source_url":"https:\/\/tucomarca.whitekongsoftware.com\/wp-content\/uploads\/2019\/02\/Ademuz-50x50.jpg"},"gabfire":{"file":"Ademuz-1024x576.jpg","width":1024,"height":576,"mime_type":"image\/jpeg","source_url":"https:\/\/tucomarca.whitekongsoftware.com\/wp-content\/uploads\/2019\/02\/Ademuz-1024x576.jpg"},"full":{"file":"Ademuz.jpg","width":4032,"height":2268,"mime_type":"image\/jpeg","source_url":"https:\/\/tucomarca.whitekongsoftware.com\/wp-content\/uploads\/2019\/02\/Ademuz.jpg"}},"image_meta":{"aperture":"1.7","credit":"","camera":"SM-G935F","caption":"","created_timestamp":"1550659880","copyright":"","focal_length":"4.2","iso":"64","shutter_speed":"0.02","title":"","orientation":"1","keywords":[]}},"post":82050,"source_url":"https:\/\/tucomarca.whitekongsoftware.com\/wp-content\/uploads\/2019\/02\/Ademuz.jpg","filename":"Ademuz.jpg","filesize":null,"_links":{"self":[{"href":"https:\/\/tucomarca.whitekongsoftware.com\/ca\/wp-json\/wp\/v2\/media\/82048","targetHints":{"allow":["GET"]}}],"collection":[{"href":"https:\/\/tucomarca.whitekongsoftware.com\/ca\/wp-json\/wp\/v2\/media"}],"about":[{"href":"https:\/\/tucomarca.whitekongsoftware.com\/ca\/wp-json\/wp\/v2\/types\/attachment"}],"author":[{"embeddable":true,"href":"https:\/\/tucomarca.whitekongsoftware.com\/ca\/wp-json\/wp\/v2\/users\/1"}],"replies":[{"embeddable":true,"href":"https:\/\/tucomarca.whitekongsoftware.com\/ca\/wp-json\/wp\/v2\/comments?post=82048"}],"wp:attached-to":[{"embeddable":true,"post_type":"post","id":82050,"href":"https:\/\/tucomarca.whitekongsoftware.com\/ca\/wp-json\/wp\/v2\/posts\/82050"}],"curies":[{"name":"wp","href":"https:\/\/api.w.org\/{rel}","templated":true}]}}

<p class="attachment"><a href='https://tucomarca.whitekongsoftware.com/wp-content/uploads/2019/02/Ademuz.jpg'><img loading="lazy" decoding="async" width="300" height="169" src="https://tucomarca.whitekongsoftware.com/wp-content/uploads/2019/02/Ademuz-300x169.jpg" class="attachment-medium size-medium" alt="La mancomunidad de esta comarca y el área de Inclusión Social de la Diputació han organizado unas jornadas en Casas Altas para dar visibilidad a los servicios públicos como un derecho humano esencial." srcset="https://tucomarca.whitekongsoftware.com/wp-content/uploads/2019/02/Ademuz-300x169.jpg 300w, https://tucomarca.whitekongsoftware.com/wp-content/uploads/2019/02/Ademuz-768x432.jpg 768w, https://tucomarca.whitekongsoftware.com/wp-content/uploads/2019/02/Ademuz-1024x576.jpg 1024w" sizes="auto, (max-width: 300px) 100vw, 300px" /></a></p>
<p>La mancomunidad de esta comarca y el área de Inclusión Social de la Diputació han organizado unas jornadas en Casas Altas para dar visibilidad a los servicios públicos como un derecho humano esencial.</p>

<div class="mh-excerpt">La mancomunidad de esta comarca y el área de Inclusión Social de la Diputació han organizado unas jornadas en Casas Altas para dar visibilidad a los servicios públicos como un derecho humano esencial.</div>
<p> <a class="mh-excerpt-more" href="https://tucomarca.whitekongsoftware.com/ca/el-nou-model-de-serveis-socials-triplica-el-numero-de-professionals-en-el-rincon-de-ademuz/ademuz-8-2/" title="Ademuz">[+] </a></p>

La mancomunidad de esta comarca y el área de Inclusión Social de la Diputació han organizado unas jornadas en Casas Altas para dar visibilidad a los servicios públicos como un derecho humano esencial.
