{"id":80315,"date":"2019-01-18T23:09:20","date_gmt":"2019-01-18T21:09:20","guid":{"rendered":"http:\/\/www.tucomarca.com\/wordpress\/segunda\/wp-content\/uploads\/2019\/01\/carcaixent.jpeg"},"modified":"2019-01-18T23:11:14","modified_gmt":"2019-01-18T21:11:14","slug":"carcaixent-2-2","status":"inherit","type":"attachment","link":"https:\/\/tucomarca.whitekongsoftware.com\/ca\/mulero-el-consell-de-ximo-puig-destinara-3-milions-deuros-per-financar-un-pla-extraordinari-docupacio-a-la-ribera-per-a-les-persones-afectades-pel-granis\/carcaixent-2-2\/","title":{"rendered":"carcaixent"},"author":2,"featured_media":0,"comment_status":"open","ping_status":"closed","template":"","meta":[],"class_list":["post-80315","attachment","type-attachment","status-inherit"],"description":{"rendered":"<p class=\"attachment\"><a href='https:\/\/tucomarca.whitekongsoftware.com\/wp-content\/uploads\/2019\/01\/carcaixent.jpeg'><img loading=\"lazy\" decoding=\"async\" width=\"300\" height=\"169\" src=\"https:\/\/tucomarca.whitekongsoftware.com\/wp-content\/uploads\/2019\/01\/carcaixent-300x169.jpeg\" class=\"attachment-medium size-medium\" alt=\"Francisco Rodr\u00edguez Mulero, ha participado este mi\u00e9rcoles en un acto junto a la candidata socialista a la Alcald\u00eda de Carcaixent, Sara Diert.\" srcset=\"https:\/\/tucomarca.whitekongsoftware.com\/wp-content\/uploads\/2019\/01\/carcaixent-300x169.jpeg 300w, https:\/\/tucomarca.whitekongsoftware.com\/wp-content\/uploads\/2019\/01\/carcaixent-768x432.jpeg 768w, https:\/\/tucomarca.whitekongsoftware.com\/wp-content\/uploads\/2019\/01\/carcaixent-1024x576.jpeg 1024w, https:\/\/tucomarca.whitekongsoftware.com\/wp-content\/uploads\/2019\/01\/carcaixent.jpeg 1599w\" sizes=\"auto, (max-width: 300px) 100vw, 300px\" \/><\/a><\/p>\n<p>Francisco Rodr\u00edguez Mulero, ha participado este mi\u00e9rcoles en un acto junto a la candidata socialista a la Alcald\u00eda de Carcaixent, Sara Diert.<\/p>\n"},"caption":{"rendered":"<div class=\"mh-excerpt\">Francisco Rodr\u00edguez Mulero, ha participado este mi\u00e9rcoles en un acto junto a la candidata socialista a la Alcald\u00eda de Carcaixent, Sara Diert.<\/div>\n<p> <a class=\"mh-excerpt-more\" href=\"https:\/\/tucomarca.whitekongsoftware.com\/ca\/mulero-el-consell-de-ximo-puig-destinara-3-milions-deuros-per-financar-un-pla-extraordinari-docupacio-a-la-ribera-per-a-les-persones-afectades-pel-granis\/carcaixent-2-2\/\" title=\"carcaixent\">[+] <\/a><\/p>\n"},"alt_text":"Francisco Rodr\u00edguez Mulero, ha participado este mi\u00e9rcoles en un acto junto a la candidata socialista a la Alcald\u00eda de Carcaixent, Sara Diert.","media_type":"image","mime_type":"image\/jpeg","media_details":{"width":1599,"height":900,"file":"2019\/01\/carcaixent.jpeg","sizes":{"thumbnail":{"file":"carcaixent-290x290.jpeg","width":290,"height":290,"mime_type":"image\/jpeg","source_url":"https:\/\/tucomarca.whitekongsoftware.com\/wp-content\/uploads\/2019\/01\/carcaixent-290x290.jpeg"},"medium":{"file":"carcaixent-300x169.jpeg","width":300,"height":169,"mime_type":"image\/jpeg","source_url":"https:\/\/tucomarca.whitekongsoftware.com\/wp-content\/uploads\/2019\/01\/carcaixent-300x169.jpeg"},"medium_large":{"file":"carcaixent-768x432.jpeg","width":768,"height":432,"mime_type":"image\/jpeg","source_url":"https:\/\/tucomarca.whitekongsoftware.com\/wp-content\/uploads\/2019\/01\/carcaixent-768x432.jpeg"},"large":{"file":"carcaixent-1024x576.jpeg","width":1024,"height":576,"mime_type":"image\/jpeg","source_url":"https:\/\/tucomarca.whitekongsoftware.com\/wp-content\/uploads\/2019\/01\/carcaixent-1024x576.jpeg"},"rss-image":{"file":"carcaixent-300x169.jpeg","width":300,"height":169,"mime_type":"image\/jpeg","source_url":"https:\/\/tucomarca.whitekongsoftware.com\/wp-content\/uploads\/2019\/01\/carcaixent-300x169.jpeg"},"post-thumbnail":{"file":"carcaixent-50x50.jpeg","width":50,"height":50,"mime_type":"image\/jpeg","source_url":"https:\/\/tucomarca.whitekongsoftware.com\/wp-content\/uploads\/2019\/01\/carcaixent-50x50.jpeg"},"gabfire":{"file":"carcaixent-1024x576.jpeg","width":1024,"height":576,"mime_type":"image\/jpeg","source_url":"https:\/\/tucomarca.whitekongsoftware.com\/wp-content\/uploads\/2019\/01\/carcaixent-1024x576.jpeg"},"full":{"file":"carcaixent.jpeg","width":1599,"height":900,"mime_type":"image\/jpeg","source_url":"https:\/\/tucomarca.whitekongsoftware.com\/wp-content\/uploads\/2019\/01\/carcaixent.jpeg"}},"image_meta":{"aperture":"0","credit":"","camera":"","caption":"","created_timestamp":"0","copyright":"","focal_length":"0","iso":"0","shutter_speed":"0","title":"","orientation":"0","keywords":[]}},"post":80317,"source_url":"https:\/\/tucomarca.whitekongsoftware.com\/wp-content\/uploads\/2019\/01\/carcaixent.jpeg","filename":"carcaixent.jpeg","filesize":null,"_links":{"self":[{"href":"https:\/\/tucomarca.whitekongsoftware.com\/ca\/wp-json\/wp\/v2\/media\/80315","targetHints":{"allow":["GET"]}}],"collection":[{"href":"https:\/\/tucomarca.whitekongsoftware.com\/ca\/wp-json\/wp\/v2\/media"}],"about":[{"href":"https:\/\/tucomarca.whitekongsoftware.com\/ca\/wp-json\/wp\/v2\/types\/attachment"}],"author":[{"embeddable":true,"href":"https:\/\/tucomarca.whitekongsoftware.com\/ca\/wp-json\/wp\/v2\/users\/2"}],"replies":[{"embeddable":true,"href":"https:\/\/tucomarca.whitekongsoftware.com\/ca\/wp-json\/wp\/v2\/comments?post=80315"}],"wp:attached-to":[{"embeddable":true,"post_type":"post","id":80317,"href":"https:\/\/tucomarca.whitekongsoftware.com\/ca\/wp-json\/wp\/v2\/posts\/80317"}],"curies":[{"name":"wp","href":"https:\/\/api.w.org\/{rel}","templated":true}]}}

<p class="attachment"><a href='https://tucomarca.whitekongsoftware.com/wp-content/uploads/2019/01/carcaixent.jpeg'><img loading="lazy" decoding="async" width="300" height="169" src="https://tucomarca.whitekongsoftware.com/wp-content/uploads/2019/01/carcaixent-300x169.jpeg" class="attachment-medium size-medium" alt="Francisco Rodríguez Mulero, ha participado este miércoles en un acto junto a la candidata socialista a la Alcaldía de Carcaixent, Sara Diert." srcset="https://tucomarca.whitekongsoftware.com/wp-content/uploads/2019/01/carcaixent-300x169.jpeg 300w, https://tucomarca.whitekongsoftware.com/wp-content/uploads/2019/01/carcaixent-768x432.jpeg 768w, https://tucomarca.whitekongsoftware.com/wp-content/uploads/2019/01/carcaixent-1024x576.jpeg 1024w, https://tucomarca.whitekongsoftware.com/wp-content/uploads/2019/01/carcaixent.jpeg 1599w" sizes="auto, (max-width: 300px) 100vw, 300px" /></a></p>
<p>Francisco Rodríguez Mulero, ha participado este miércoles en un acto junto a la candidata socialista a la Alcaldía de Carcaixent, Sara Diert.</p>

<div class="mh-excerpt">Francisco Rodríguez Mulero, ha participado este miércoles en un acto junto a la candidata socialista a la Alcaldía de Carcaixent, Sara Diert.</div>
<p> <a class="mh-excerpt-more" href="https://tucomarca.whitekongsoftware.com/ca/mulero-el-consell-de-ximo-puig-destinara-3-milions-deuros-per-financar-un-pla-extraordinari-docupacio-a-la-ribera-per-a-les-persones-afectades-pel-granis/carcaixent-2-2/" title="carcaixent">[+] </a></p>

Francisco Rodríguez Mulero, ha participado este miércoles en un acto junto a la candidata socialista a la Alcaldía de Carcaixent, Sara Diert.
