{"id":79129,"date":"2018-12-12T12:58:49","date_gmt":"2018-12-12T10:58:49","guid":{"rendered":"http:\/\/www.tucomarca.com\/wordpress\/segunda\/wp-content\/uploads\/2018\/12\/logohospitalcomarcal.jpg"},"modified":"2020-07-15T15:11:10","modified_gmt":"2020-07-15T13:11:10","slug":"logohospitalcomarcal-2","status":"inherit","type":"attachment","link":"https:\/\/tucomarca.whitekongsoftware.com\/ca\/la-plataforma-pro-hospital-juntament-amb-lies-i-les-regidories-de-sanitat-i-educacio-de-bunyol-organitzen-un-concurs-literari\/logohospitalcomarcal-2\/","title":{"rendered":"logohospitalcomarcal"},"author":2,"featured_media":0,"comment_status":"open","ping_status":"closed","template":"","meta":[],"class_list":["post-79129","attachment","type-attachment","status-inherit"],"description":{"rendered":"<p class=\"attachment\"><a href='https:\/\/tucomarca.whitekongsoftware.com\/wp-content\/uploads\/2018\/12\/logohospitalcomarcal.jpg'><img loading=\"lazy\" decoding=\"async\" width=\"296\" height=\"300\" src=\"https:\/\/tucomarca.whitekongsoftware.com\/wp-content\/uploads\/2018\/12\/logohospitalcomarcal-296x300.jpg\" class=\"attachment-medium size-medium\" alt=\"La Plataforma Pro-Hospital junto con el IES y las concejal\u00edas de Sanidad y Educaci\u00f3n de Bu\u00f1ol organizan un concurso literario.\" srcset=\"https:\/\/tucomarca.whitekongsoftware.com\/wp-content\/uploads\/2018\/12\/logohospitalcomarcal-296x300.jpg 296w, https:\/\/tucomarca.whitekongsoftware.com\/wp-content\/uploads\/2018\/12\/logohospitalcomarcal-768x778.jpg 768w, https:\/\/tucomarca.whitekongsoftware.com\/wp-content\/uploads\/2018\/12\/logohospitalcomarcal-1011x1024.jpg 1011w, https:\/\/tucomarca.whitekongsoftware.com\/wp-content\/uploads\/2018\/12\/logohospitalcomarcal-50x50.jpg 50w, https:\/\/tucomarca.whitekongsoftware.com\/wp-content\/uploads\/2018\/12\/logohospitalcomarcal-1024x1037.jpg 1024w, https:\/\/tucomarca.whitekongsoftware.com\/wp-content\/uploads\/2018\/12\/logohospitalcomarcal.jpg 1500w\" sizes=\"auto, (max-width: 296px) 100vw, 296px\" \/><\/a><\/p>\n<p>La Plataforma Pro-Hospital junto con el IES y las concejal\u00edas de Sanidad y Educaci\u00f3n de Bu\u00f1ol organizan un concurso literario.<\/p>\n"},"caption":{"rendered":"<div class=\"mh-excerpt\">La Plataforma Pro-Hospital junto con el IES y las concejal\u00edas de Sanidad y Educaci\u00f3n de Bu\u00f1ol organizan un concurso literario.<\/div>\n<p> <a class=\"mh-excerpt-more\" href=\"https:\/\/tucomarca.whitekongsoftware.com\/ca\/la-plataforma-pro-hospital-juntament-amb-lies-i-les-regidories-de-sanitat-i-educacio-de-bunyol-organitzen-un-concurs-literari\/logohospitalcomarcal-2\/\" title=\"logohospitalcomarcal\">[+] <\/a><\/p>\n"},"alt_text":"La Plataforma Pro-Hospital junto con el IES y las concejal\u00edas de Sanidad y Educaci\u00f3n de Bu\u00f1ol organizan un concurso literario.","media_type":"image","mime_type":"image\/jpeg","media_details":{"width":1500,"height":1519,"file":"2018\/12\/logohospitalcomarcal.jpg","sizes":{"thumbnail":{"file":"logohospitalcomarcal-290x290.jpg","width":290,"height":290,"mime_type":"image\/jpeg","source_url":"https:\/\/tucomarca.whitekongsoftware.com\/wp-content\/uploads\/2018\/12\/logohospitalcomarcal-290x290.jpg"},"medium":{"file":"logohospitalcomarcal-296x300.jpg","width":296,"height":300,"mime_type":"image\/jpeg","source_url":"https:\/\/tucomarca.whitekongsoftware.com\/wp-content\/uploads\/2018\/12\/logohospitalcomarcal-296x300.jpg"},"medium_large":{"file":"logohospitalcomarcal-768x778.jpg","width":768,"height":778,"mime_type":"image\/jpeg","source_url":"https:\/\/tucomarca.whitekongsoftware.com\/wp-content\/uploads\/2018\/12\/logohospitalcomarcal-768x778.jpg"},"large":{"file":"logohospitalcomarcal-1011x1024.jpg","width":1011,"height":1024,"mime_type":"image\/jpeg","source_url":"https:\/\/tucomarca.whitekongsoftware.com\/wp-content\/uploads\/2018\/12\/logohospitalcomarcal-1011x1024.jpg"},"rss-image":{"file":"logohospitalcomarcal-296x300.jpg","width":296,"height":300,"mime_type":"image\/jpeg","source_url":"https:\/\/tucomarca.whitekongsoftware.com\/wp-content\/uploads\/2018\/12\/logohospitalcomarcal-296x300.jpg"},"post-thumbnail":{"file":"logohospitalcomarcal-50x50.jpg","width":50,"height":50,"mime_type":"image\/jpeg","source_url":"https:\/\/tucomarca.whitekongsoftware.com\/wp-content\/uploads\/2018\/12\/logohospitalcomarcal-50x50.jpg"},"gabfire":{"file":"logohospitalcomarcal-1024x1037.jpg","width":1024,"height":1037,"mime_type":"image\/jpeg","source_url":"https:\/\/tucomarca.whitekongsoftware.com\/wp-content\/uploads\/2018\/12\/logohospitalcomarcal-1024x1037.jpg"},"full":{"file":"logohospitalcomarcal.jpg","width":1500,"height":1519,"mime_type":"image\/jpeg","source_url":"https:\/\/tucomarca.whitekongsoftware.com\/wp-content\/uploads\/2018\/12\/logohospitalcomarcal.jpg"}},"image_meta":{"aperture":"0","credit":"","camera":"","caption":"","created_timestamp":"0","copyright":"","focal_length":"0","iso":"0","shutter_speed":"0","title":"","orientation":"1","keywords":[]}},"post":79131,"source_url":"https:\/\/tucomarca.whitekongsoftware.com\/wp-content\/uploads\/2018\/12\/logohospitalcomarcal.jpg","filename":"logohospitalcomarcal.jpg","filesize":null,"_links":{"self":[{"href":"https:\/\/tucomarca.whitekongsoftware.com\/ca\/wp-json\/wp\/v2\/media\/79129","targetHints":{"allow":["GET"]}}],"collection":[{"href":"https:\/\/tucomarca.whitekongsoftware.com\/ca\/wp-json\/wp\/v2\/media"}],"about":[{"href":"https:\/\/tucomarca.whitekongsoftware.com\/ca\/wp-json\/wp\/v2\/types\/attachment"}],"author":[{"embeddable":true,"href":"https:\/\/tucomarca.whitekongsoftware.com\/ca\/wp-json\/wp\/v2\/users\/2"}],"replies":[{"embeddable":true,"href":"https:\/\/tucomarca.whitekongsoftware.com\/ca\/wp-json\/wp\/v2\/comments?post=79129"}],"wp:attached-to":[{"embeddable":true,"post_type":"post","id":79131,"href":"https:\/\/tucomarca.whitekongsoftware.com\/ca\/wp-json\/wp\/v2\/posts\/79131"}],"curies":[{"name":"wp","href":"https:\/\/api.w.org\/{rel}","templated":true}]}}

<p class="attachment"><a href='https://tucomarca.whitekongsoftware.com/wp-content/uploads/2018/12/logohospitalcomarcal.jpg'><img loading="lazy" decoding="async" width="296" height="300" src="https://tucomarca.whitekongsoftware.com/wp-content/uploads/2018/12/logohospitalcomarcal-296x300.jpg" class="attachment-medium size-medium" alt="La Plataforma Pro-Hospital junto con el IES y las concejalías de Sanidad y Educación de Buñol organizan un concurso literario." srcset="https://tucomarca.whitekongsoftware.com/wp-content/uploads/2018/12/logohospitalcomarcal-296x300.jpg 296w, https://tucomarca.whitekongsoftware.com/wp-content/uploads/2018/12/logohospitalcomarcal-768x778.jpg 768w, https://tucomarca.whitekongsoftware.com/wp-content/uploads/2018/12/logohospitalcomarcal-1011x1024.jpg 1011w, https://tucomarca.whitekongsoftware.com/wp-content/uploads/2018/12/logohospitalcomarcal-50x50.jpg 50w, https://tucomarca.whitekongsoftware.com/wp-content/uploads/2018/12/logohospitalcomarcal-1024x1037.jpg 1024w, https://tucomarca.whitekongsoftware.com/wp-content/uploads/2018/12/logohospitalcomarcal.jpg 1500w" sizes="auto, (max-width: 296px) 100vw, 296px" /></a></p>
<p>La Plataforma Pro-Hospital junto con el IES y las concejalías de Sanidad y Educación de Buñol organizan un concurso literario.</p>

<div class="mh-excerpt">La Plataforma Pro-Hospital junto con el IES y las concejalías de Sanidad y Educación de Buñol organizan un concurso literario.</div>
<p> <a class="mh-excerpt-more" href="https://tucomarca.whitekongsoftware.com/ca/la-plataforma-pro-hospital-juntament-amb-lies-i-les-regidories-de-sanitat-i-educacio-de-bunyol-organitzen-un-concurs-literari/logohospitalcomarcal-2/" title="logohospitalcomarcal">[+] </a></p>

La Plataforma Pro-Hospital junto con el IES y las concejalías de Sanidad y Educación de Buñol organizan un concurso literario.
