{"id":76179,"date":"2018-10-16T19:39:02","date_gmt":"2018-10-16T17:39:02","guid":{"rendered":"http:\/\/www.tucomarca.com\/wordpress\/segunda\/wp-content\/uploads\/2018\/10\/XIIALCUBLUESdef.jpg"},"modified":"2018-10-16T19:41:14","modified_gmt":"2018-10-16T17:41:14","slug":"xiialcubluesdef-2","status":"inherit","type":"attachment","link":"https:\/\/tucomarca.whitekongsoftware.com\/ca\/la-xii-edicio-de-alcublues-posposada-pel-mal-temps-sinicia-des-daquest-divendres-i-fins-diumenge\/xiialcubluesdef-2\/","title":{"rendered":"XIIALCUBLUESdef"},"author":2,"featured_media":0,"comment_status":"open","ping_status":"closed","template":"","meta":[],"class_list":["post-76179","attachment","type-attachment","status-inherit"],"description":{"rendered":"<p class=\"attachment\"><a href='https:\/\/tucomarca.whitekongsoftware.com\/wp-content\/uploads\/2018\/10\/XIIALCUBLUESdef.jpg'><img loading=\"lazy\" decoding=\"async\" width=\"212\" height=\"300\" src=\"https:\/\/tucomarca.whitekongsoftware.com\/wp-content\/uploads\/2018\/10\/XIIALCUBLUESdef-212x300.jpg\" class=\"attachment-medium size-medium\" alt=\"Este festival est\u00e1 organizado por el Ayuntamiento de Alcublas, con el patrocinio de la Diputaci\u00f3n de Valencia y con la colaboraci\u00f3n de Rafa Casa\u00f1a y Medi XXI.\" srcset=\"https:\/\/tucomarca.whitekongsoftware.com\/wp-content\/uploads\/2018\/10\/XIIALCUBLUESdef-212x300.jpg 212w, https:\/\/tucomarca.whitekongsoftware.com\/wp-content\/uploads\/2018\/10\/XIIALCUBLUESdef.jpg 300w\" sizes=\"auto, (max-width: 212px) 100vw, 212px\" \/><\/a><\/p>\n<p>Este festival est\u00e1 organizado por el Ayuntamiento de Alcublas, con el patrocinio de la Diputaci\u00f3n de Valencia y con la colaboraci\u00f3n de Rafa Casa\u00f1a y Medi XXI.<\/p>\n"},"caption":{"rendered":"<div class=\"mh-excerpt\">Este festival est\u00e1 organizado por el Ayuntamiento de Alcublas, con el patrocinio de la Diputaci\u00f3n de Valencia y con la colaboraci\u00f3n de Rafa Casa\u00f1a y Medi XXI.<\/div>\n<p> <a class=\"mh-excerpt-more\" href=\"https:\/\/tucomarca.whitekongsoftware.com\/ca\/la-xii-edicio-de-alcublues-posposada-pel-mal-temps-sinicia-des-daquest-divendres-i-fins-diumenge\/xiialcubluesdef-2\/\" title=\"XIIALCUBLUESdef\">[+] <\/a><\/p>\n"},"alt_text":"Este festival est\u00e1 organizado por el Ayuntamiento de Alcublas, con el patrocinio de la Diputaci\u00f3n de Valencia y con la colaboraci\u00f3n de Rafa Casa\u00f1a y Medi XXI.","media_type":"image","mime_type":"image\/jpeg","media_details":{"width":300,"height":424,"file":"2018\/10\/XIIALCUBLUESdef.jpg","sizes":{"thumbnail":{"file":"XIIALCUBLUESdef-290x290.jpg","width":290,"height":290,"mime_type":"image\/jpeg","source_url":"https:\/\/tucomarca.whitekongsoftware.com\/wp-content\/uploads\/2018\/10\/XIIALCUBLUESdef-290x290.jpg"},"medium":{"file":"XIIALCUBLUESdef-212x300.jpg","width":212,"height":300,"mime_type":"image\/jpeg","source_url":"https:\/\/tucomarca.whitekongsoftware.com\/wp-content\/uploads\/2018\/10\/XIIALCUBLUESdef-212x300.jpg"},"rss-image":{"file":"XIIALCUBLUESdef-212x300.jpg","width":212,"height":300,"mime_type":"image\/jpeg","source_url":"https:\/\/tucomarca.whitekongsoftware.com\/wp-content\/uploads\/2018\/10\/XIIALCUBLUESdef-212x300.jpg"},"post-thumbnail":{"file":"XIIALCUBLUESdef-50x50.jpg","width":50,"height":50,"mime_type":"image\/jpeg","source_url":"https:\/\/tucomarca.whitekongsoftware.com\/wp-content\/uploads\/2018\/10\/XIIALCUBLUESdef-50x50.jpg"},"full":{"file":"XIIALCUBLUESdef.jpg","width":300,"height":424,"mime_type":"image\/jpeg","source_url":"https:\/\/tucomarca.whitekongsoftware.com\/wp-content\/uploads\/2018\/10\/XIIALCUBLUESdef.jpg"}},"image_meta":{"aperture":"0","credit":"","camera":"","caption":"","created_timestamp":"0","copyright":"","focal_length":"0","iso":"0","shutter_speed":"0","title":"","orientation":"1","keywords":[]}},"post":77392,"source_url":"https:\/\/tucomarca.whitekongsoftware.com\/wp-content\/uploads\/2018\/10\/XIIALCUBLUESdef.jpg","filename":"XIIALCUBLUESdef.jpg","filesize":null,"_links":{"self":[{"href":"https:\/\/tucomarca.whitekongsoftware.com\/ca\/wp-json\/wp\/v2\/media\/76179","targetHints":{"allow":["GET"]}}],"collection":[{"href":"https:\/\/tucomarca.whitekongsoftware.com\/ca\/wp-json\/wp\/v2\/media"}],"about":[{"href":"https:\/\/tucomarca.whitekongsoftware.com\/ca\/wp-json\/wp\/v2\/types\/attachment"}],"author":[{"embeddable":true,"href":"https:\/\/tucomarca.whitekongsoftware.com\/ca\/wp-json\/wp\/v2\/users\/2"}],"replies":[{"embeddable":true,"href":"https:\/\/tucomarca.whitekongsoftware.com\/ca\/wp-json\/wp\/v2\/comments?post=76179"}],"wp:attached-to":[{"embeddable":true,"post_type":"post","id":77392,"href":"https:\/\/tucomarca.whitekongsoftware.com\/ca\/wp-json\/wp\/v2\/posts\/77392"}],"curies":[{"name":"wp","href":"https:\/\/api.w.org\/{rel}","templated":true}]}}

<p class="attachment"><a href='https://tucomarca.whitekongsoftware.com/wp-content/uploads/2018/10/XIIALCUBLUESdef.jpg'><img loading="lazy" decoding="async" width="212" height="300" src="https://tucomarca.whitekongsoftware.com/wp-content/uploads/2018/10/XIIALCUBLUESdef-212x300.jpg" class="attachment-medium size-medium" alt="Este festival está organizado por el Ayuntamiento de Alcublas, con el patrocinio de la Diputación de Valencia y con la colaboración de Rafa Casaña y Medi XXI." srcset="https://tucomarca.whitekongsoftware.com/wp-content/uploads/2018/10/XIIALCUBLUESdef-212x300.jpg 212w, https://tucomarca.whitekongsoftware.com/wp-content/uploads/2018/10/XIIALCUBLUESdef.jpg 300w" sizes="auto, (max-width: 212px) 100vw, 212px" /></a></p>
<p>Este festival está organizado por el Ayuntamiento de Alcublas, con el patrocinio de la Diputación de Valencia y con la colaboración de Rafa Casaña y Medi XXI.</p>

<div class="mh-excerpt">Este festival está organizado por el Ayuntamiento de Alcublas, con el patrocinio de la Diputación de Valencia y con la colaboración de Rafa Casaña y Medi XXI.</div>
<p> <a class="mh-excerpt-more" href="https://tucomarca.whitekongsoftware.com/ca/la-xii-edicio-de-alcublues-posposada-pel-mal-temps-sinicia-des-daquest-divendres-i-fins-diumenge/xiialcubluesdef-2/" title="XIIALCUBLUESdef">[+] </a></p>

Este festival está organizado por el Ayuntamiento de Alcublas, con el patrocinio de la Diputación de Valencia y con la colaboración de Rafa Casaña y Medi XXI.
