{"id":75683,"date":"2018-10-08T19:58:29","date_gmt":"2018-10-08T17:58:29","guid":{"rendered":"http:\/\/www.tucomarca.com\/wordpress\/segunda\/wp-content\/uploads\/2018\/10\/1_Exposicion.jpg"},"modified":"2018-10-08T19:59:03","modified_gmt":"2018-10-08T17:59:03","slug":"1_exposicion-2","status":"inherit","type":"attachment","link":"https:\/\/tucomarca.whitekongsoftware.com\/ca\/francisco-farinos-i-jose-pedro-andres-presenten-la-seua-obra-pictorica-en-el-teatre-liceu-de-xest\/1_exposicion-2\/","title":{"rendered":"1_Exposicion"},"author":2,"featured_media":0,"comment_status":"open","ping_status":"closed","template":"","meta":[],"class_list":["post-75683","attachment","type-attachment","status-inherit"],"description":{"rendered":"<p class=\"attachment\"><a href='https:\/\/tucomarca.whitekongsoftware.com\/wp-content\/uploads\/2018\/10\/1_Exposicion.jpg'><img loading=\"lazy\" decoding=\"async\" width=\"300\" height=\"200\" src=\"https:\/\/tucomarca.whitekongsoftware.com\/wp-content\/uploads\/2018\/10\/1_Exposicion-300x200.jpg\" class=\"attachment-medium size-medium\" alt=\"Francisco Farin\u00f3s y Jos\u00e9 Pedro Andr\u00e9s presentan su obra pict\u00f3rica en el Teatro Liceo de Cheste.\" srcset=\"https:\/\/tucomarca.whitekongsoftware.com\/wp-content\/uploads\/2018\/10\/1_Exposicion-300x200.jpg 300w, https:\/\/tucomarca.whitekongsoftware.com\/wp-content\/uploads\/2018\/10\/1_Exposicion-768x512.jpg 768w, https:\/\/tucomarca.whitekongsoftware.com\/wp-content\/uploads\/2018\/10\/1_Exposicion-1024x683.jpg 1024w\" sizes=\"auto, (max-width: 300px) 100vw, 300px\" \/><\/a><\/p>\n<p>Francisco Farin\u00f3s y Jos\u00e9 Pedro Andr\u00e9s presentan su obra pict\u00f3rica en el Teatro Liceo de Cheste.<\/p>\n"},"caption":{"rendered":"<div class=\"mh-excerpt\">Francisco Farin\u00f3s y Jos\u00e9 Pedro Andr\u00e9s presentan su obra pict\u00f3rica en el Teatro Liceo de Cheste.<\/div>\n<p> <a class=\"mh-excerpt-more\" href=\"https:\/\/tucomarca.whitekongsoftware.com\/ca\/francisco-farinos-i-jose-pedro-andres-presenten-la-seua-obra-pictorica-en-el-teatre-liceu-de-xest\/1_exposicion-2\/\" title=\"1_Exposicion\">[+] <\/a><\/p>\n"},"alt_text":"Francisco Farin\u00f3s y Jos\u00e9 Pedro Andr\u00e9s presentan su obra pict\u00f3rica en el Teatro Liceo de Cheste.","media_type":"image","mime_type":"image\/jpeg","media_details":{"width":5472,"height":3648,"file":"2018\/10\/1_Exposicion.jpg","sizes":{"thumbnail":{"file":"1_Exposicion-290x290.jpg","width":290,"height":290,"mime_type":"image\/jpeg","source_url":"https:\/\/tucomarca.whitekongsoftware.com\/wp-content\/uploads\/2018\/10\/1_Exposicion-290x290.jpg"},"medium":{"file":"1_Exposicion-300x200.jpg","width":300,"height":200,"mime_type":"image\/jpeg","source_url":"https:\/\/tucomarca.whitekongsoftware.com\/wp-content\/uploads\/2018\/10\/1_Exposicion-300x200.jpg"},"medium_large":{"file":"1_Exposicion-768x512.jpg","width":768,"height":512,"mime_type":"image\/jpeg","source_url":"https:\/\/tucomarca.whitekongsoftware.com\/wp-content\/uploads\/2018\/10\/1_Exposicion-768x512.jpg"},"large":{"file":"1_Exposicion-1024x683.jpg","width":1024,"height":683,"mime_type":"image\/jpeg","source_url":"https:\/\/tucomarca.whitekongsoftware.com\/wp-content\/uploads\/2018\/10\/1_Exposicion-1024x683.jpg"},"rss-image":{"file":"1_Exposicion-300x200.jpg","width":300,"height":200,"mime_type":"image\/jpeg","source_url":"https:\/\/tucomarca.whitekongsoftware.com\/wp-content\/uploads\/2018\/10\/1_Exposicion-300x200.jpg"},"post-thumbnail":{"file":"1_Exposicion-50x50.jpg","width":50,"height":50,"mime_type":"image\/jpeg","source_url":"https:\/\/tucomarca.whitekongsoftware.com\/wp-content\/uploads\/2018\/10\/1_Exposicion-50x50.jpg"},"gabfire":{"file":"1_Exposicion-1024x683.jpg","width":1024,"height":683,"mime_type":"image\/jpeg","source_url":"https:\/\/tucomarca.whitekongsoftware.com\/wp-content\/uploads\/2018\/10\/1_Exposicion-1024x683.jpg"},"full":{"file":"1_Exposicion.jpg","width":5472,"height":3648,"mime_type":"image\/jpeg","source_url":"https:\/\/tucomarca.whitekongsoftware.com\/wp-content\/uploads\/2018\/10\/1_Exposicion.jpg"}},"image_meta":{"aperture":"4","credit":"","camera":"Canon EOS 6D","caption":"","created_timestamp":"1538769649","copyright":"","focal_length":"24","iso":"1600","shutter_speed":"0.016666666666667","title":"","orientation":"1","keywords":[]}},"post":75704,"source_url":"https:\/\/tucomarca.whitekongsoftware.com\/wp-content\/uploads\/2018\/10\/1_Exposicion.jpg","filename":"1_Exposicion.jpg","filesize":null,"_links":{"self":[{"href":"https:\/\/tucomarca.whitekongsoftware.com\/ca\/wp-json\/wp\/v2\/media\/75683","targetHints":{"allow":["GET"]}}],"collection":[{"href":"https:\/\/tucomarca.whitekongsoftware.com\/ca\/wp-json\/wp\/v2\/media"}],"about":[{"href":"https:\/\/tucomarca.whitekongsoftware.com\/ca\/wp-json\/wp\/v2\/types\/attachment"}],"author":[{"embeddable":true,"href":"https:\/\/tucomarca.whitekongsoftware.com\/ca\/wp-json\/wp\/v2\/users\/2"}],"replies":[{"embeddable":true,"href":"https:\/\/tucomarca.whitekongsoftware.com\/ca\/wp-json\/wp\/v2\/comments?post=75683"}],"wp:attached-to":[{"embeddable":true,"post_type":"post","id":75704,"href":"https:\/\/tucomarca.whitekongsoftware.com\/ca\/wp-json\/wp\/v2\/posts\/75704"}],"curies":[{"name":"wp","href":"https:\/\/api.w.org\/{rel}","templated":true}]}}

<p class="attachment"><a href='https://tucomarca.whitekongsoftware.com/wp-content/uploads/2018/10/1_Exposicion.jpg'><img loading="lazy" decoding="async" width="300" height="200" src="https://tucomarca.whitekongsoftware.com/wp-content/uploads/2018/10/1_Exposicion-300x200.jpg" class="attachment-medium size-medium" alt="Francisco Farinós y José Pedro Andrés presentan su obra pictórica en el Teatro Liceo de Cheste." srcset="https://tucomarca.whitekongsoftware.com/wp-content/uploads/2018/10/1_Exposicion-300x200.jpg 300w, https://tucomarca.whitekongsoftware.com/wp-content/uploads/2018/10/1_Exposicion-768x512.jpg 768w, https://tucomarca.whitekongsoftware.com/wp-content/uploads/2018/10/1_Exposicion-1024x683.jpg 1024w" sizes="auto, (max-width: 300px) 100vw, 300px" /></a></p>
<p>Francisco Farinós y José Pedro Andrés presentan su obra pictórica en el Teatro Liceo de Cheste.</p>

<div class="mh-excerpt">Francisco Farinós y José Pedro Andrés presentan su obra pictórica en el Teatro Liceo de Cheste.</div>
<p> <a class="mh-excerpt-more" href="https://tucomarca.whitekongsoftware.com/ca/francisco-farinos-i-jose-pedro-andres-presenten-la-seua-obra-pictorica-en-el-teatre-liceu-de-xest/1_exposicion-2/" title="1_Exposicion">[+] </a></p>

Francisco Farinós y José Pedro Andrés presentan su obra pictórica en el Teatro Liceo de Cheste.
