{"id":74350,"date":"2018-09-11T14:58:38","date_gmt":"2018-09-11T12:58:38","guid":{"rendered":"http:\/\/www.tucomarca.com\/wordpress\/segunda\/wp-content\/uploads\/2018\/09\/turisalzheimer.jpeg"},"modified":"2018-09-11T14:59:00","modified_gmt":"2018-09-11T12:59:00","slug":"turisalzheimer-2","status":"inherit","type":"attachment","link":"https:\/\/tucomarca.whitekongsoftware.com\/ca\/lajuntament-de-turis-presenta-el-pla-de-sensibilitzacio-amb-lalzheimer\/turisalzheimer-2\/","title":{"rendered":"turisalzheimer"},"author":1,"featured_media":0,"comment_status":"open","ping_status":"closed","template":"","meta":[],"class_list":["post-74350","attachment","type-attachment","status-inherit"],"description":{"rendered":"<p class=\"attachment\"><a href='https:\/\/tucomarca.whitekongsoftware.com\/wp-content\/uploads\/2018\/09\/turisalzheimer.jpeg'><img loading=\"lazy\" decoding=\"async\" width=\"300\" height=\"225\" src=\"https:\/\/tucomarca.whitekongsoftware.com\/wp-content\/uploads\/2018\/09\/turisalzheimer-300x225.jpeg\" class=\"attachment-medium size-medium\" alt=\"Tur\u00eds ha presentado en el sal\u00f3n de plenos el programa de sensibilizaci\u00f3n con la enfermedad de Alzheimer.\" srcset=\"https:\/\/tucomarca.whitekongsoftware.com\/wp-content\/uploads\/2018\/09\/turisalzheimer-300x225.jpeg 300w, https:\/\/tucomarca.whitekongsoftware.com\/wp-content\/uploads\/2018\/09\/turisalzheimer-768x576.jpeg 768w, https:\/\/tucomarca.whitekongsoftware.com\/wp-content\/uploads\/2018\/09\/turisalzheimer-1024x768.jpeg 1024w, https:\/\/tucomarca.whitekongsoftware.com\/wp-content\/uploads\/2018\/09\/turisalzheimer.jpeg 1600w\" sizes=\"auto, (max-width: 300px) 100vw, 300px\" \/><\/a><\/p>\n<p>Tur\u00eds ha presentado en el sal\u00f3n de plenos el programa de sensibilizaci\u00f3n con la enfermedad de Alzheimer.<\/p>\n"},"caption":{"rendered":"<div class=\"mh-excerpt\">Tur\u00eds ha presentado en el sal\u00f3n de plenos el programa de sensibilizaci\u00f3n con la enfermedad de Alzheimer.<\/div>\n<p> <a class=\"mh-excerpt-more\" href=\"https:\/\/tucomarca.whitekongsoftware.com\/ca\/lajuntament-de-turis-presenta-el-pla-de-sensibilitzacio-amb-lalzheimer\/turisalzheimer-2\/\" title=\"turisalzheimer\">[+] <\/a><\/p>\n"},"alt_text":"Tur\u00eds ha presentado en el sal\u00f3n de plenos el programa de sensibilizaci\u00f3n con la enfermedad de Alzheimer.","media_type":"image","mime_type":"image\/jpeg","media_details":{"width":1600,"height":1200,"file":"2018\/09\/turisalzheimer.jpeg","sizes":{"thumbnail":{"file":"turisalzheimer-290x290.jpeg","width":290,"height":290,"mime_type":"image\/jpeg","source_url":"https:\/\/tucomarca.whitekongsoftware.com\/wp-content\/uploads\/2018\/09\/turisalzheimer-290x290.jpeg"},"medium":{"file":"turisalzheimer-300x225.jpeg","width":300,"height":225,"mime_type":"image\/jpeg","source_url":"https:\/\/tucomarca.whitekongsoftware.com\/wp-content\/uploads\/2018\/09\/turisalzheimer-300x225.jpeg"},"medium_large":{"file":"turisalzheimer-768x576.jpeg","width":768,"height":576,"mime_type":"image\/jpeg","source_url":"https:\/\/tucomarca.whitekongsoftware.com\/wp-content\/uploads\/2018\/09\/turisalzheimer-768x576.jpeg"},"large":{"file":"turisalzheimer-1024x768.jpeg","width":1024,"height":768,"mime_type":"image\/jpeg","source_url":"https:\/\/tucomarca.whitekongsoftware.com\/wp-content\/uploads\/2018\/09\/turisalzheimer-1024x768.jpeg"},"rss-image":{"file":"turisalzheimer-300x225.jpeg","width":300,"height":225,"mime_type":"image\/jpeg","source_url":"https:\/\/tucomarca.whitekongsoftware.com\/wp-content\/uploads\/2018\/09\/turisalzheimer-300x225.jpeg"},"post-thumbnail":{"file":"turisalzheimer-50x50.jpeg","width":50,"height":50,"mime_type":"image\/jpeg","source_url":"https:\/\/tucomarca.whitekongsoftware.com\/wp-content\/uploads\/2018\/09\/turisalzheimer-50x50.jpeg"},"gabfire":{"file":"turisalzheimer-1024x768.jpeg","width":1024,"height":768,"mime_type":"image\/jpeg","source_url":"https:\/\/tucomarca.whitekongsoftware.com\/wp-content\/uploads\/2018\/09\/turisalzheimer-1024x768.jpeg"},"full":{"file":"turisalzheimer.jpeg","width":1600,"height":1200,"mime_type":"image\/jpeg","source_url":"https:\/\/tucomarca.whitekongsoftware.com\/wp-content\/uploads\/2018\/09\/turisalzheimer.jpeg"}},"image_meta":{"aperture":"0","credit":"","camera":"","caption":"","created_timestamp":"0","copyright":"","focal_length":"0","iso":"0","shutter_speed":"0","title":"","orientation":"0","keywords":[]}},"post":74352,"source_url":"https:\/\/tucomarca.whitekongsoftware.com\/wp-content\/uploads\/2018\/09\/turisalzheimer.jpeg","filename":"turisalzheimer.jpeg","filesize":null,"_links":{"self":[{"href":"https:\/\/tucomarca.whitekongsoftware.com\/ca\/wp-json\/wp\/v2\/media\/74350","targetHints":{"allow":["GET"]}}],"collection":[{"href":"https:\/\/tucomarca.whitekongsoftware.com\/ca\/wp-json\/wp\/v2\/media"}],"about":[{"href":"https:\/\/tucomarca.whitekongsoftware.com\/ca\/wp-json\/wp\/v2\/types\/attachment"}],"author":[{"embeddable":true,"href":"https:\/\/tucomarca.whitekongsoftware.com\/ca\/wp-json\/wp\/v2\/users\/1"}],"replies":[{"embeddable":true,"href":"https:\/\/tucomarca.whitekongsoftware.com\/ca\/wp-json\/wp\/v2\/comments?post=74350"}],"wp:attached-to":[{"embeddable":true,"post_type":"post","id":74352,"href":"https:\/\/tucomarca.whitekongsoftware.com\/ca\/wp-json\/wp\/v2\/posts\/74352"}],"curies":[{"name":"wp","href":"https:\/\/api.w.org\/{rel}","templated":true}]}}

<p class="attachment"><a href='https://tucomarca.whitekongsoftware.com/wp-content/uploads/2018/09/turisalzheimer.jpeg'><img loading="lazy" decoding="async" width="300" height="225" src="https://tucomarca.whitekongsoftware.com/wp-content/uploads/2018/09/turisalzheimer-300x225.jpeg" class="attachment-medium size-medium" alt="Turís ha presentado en el salón de plenos el programa de sensibilización con la enfermedad de Alzheimer." srcset="https://tucomarca.whitekongsoftware.com/wp-content/uploads/2018/09/turisalzheimer-300x225.jpeg 300w, https://tucomarca.whitekongsoftware.com/wp-content/uploads/2018/09/turisalzheimer-768x576.jpeg 768w, https://tucomarca.whitekongsoftware.com/wp-content/uploads/2018/09/turisalzheimer-1024x768.jpeg 1024w, https://tucomarca.whitekongsoftware.com/wp-content/uploads/2018/09/turisalzheimer.jpeg 1600w" sizes="auto, (max-width: 300px) 100vw, 300px" /></a></p>
<p>Turís ha presentado en el salón de plenos el programa de sensibilización con la enfermedad de Alzheimer.</p>

<div class="mh-excerpt">Turís ha presentado en el salón de plenos el programa de sensibilización con la enfermedad de Alzheimer.</div>
<p> <a class="mh-excerpt-more" href="https://tucomarca.whitekongsoftware.com/ca/lajuntament-de-turis-presenta-el-pla-de-sensibilitzacio-amb-lalzheimer/turisalzheimer-2/" title="turisalzheimer">[+] </a></p>

Turís ha presentado en el salón de plenos el programa de sensibilización con la enfermedad de Alzheimer.
