{"id":74160,"date":"2018-09-05T13:14:22","date_gmt":"2018-09-05T11:14:22","guid":{"rendered":"http:\/\/www.tucomarca.com\/wordpress\/segunda\/wp-content\/uploads\/2018\/09\/Vuelta-a-Valencia_Foto-MPazos-2.jpg"},"modified":"2018-09-05T13:21:07","modified_gmt":"2018-09-05T11:21:07","slug":"vuelta-a-valencia_foto-mpazos-2-2","status":"inherit","type":"attachment","link":"https:\/\/tucomarca.whitekongsoftware.com\/ca\/la-volta-a-valencia-trofeu-diputacio-es-consolida-amb-la-seva-vuitena-edicio\/vuelta-a-valencia_foto-mpazos-2-2\/","title":{"rendered":"Vuelta a Valencia_Foto MPazos (2)"},"author":1,"featured_media":0,"comment_status":"open","ping_status":"closed","template":"","meta":[],"class_list":["post-74160","attachment","type-attachment","status-inherit"],"description":{"rendered":"<p class=\"attachment\"><a href='https:\/\/tucomarca.whitekongsoftware.com\/wp-content\/uploads\/2018\/09\/Vuelta-a-Valencia_Foto-MPazos-2.jpg'><img loading=\"lazy\" decoding=\"async\" width=\"300\" height=\"201\" src=\"https:\/\/tucomarca.whitekongsoftware.com\/wp-content\/uploads\/2018\/09\/Vuelta-a-Valencia_Foto-MPazos-2-300x201.jpg\" class=\"attachment-medium size-medium\" alt=\"Aquesta edici\u00f3 comptar\u00e0 amb un total de 21 equips en competici\u00f3 que aniran durant quatre dies pels carrers de Val\u00e8ncia, Benag\u00e9ber, Ares dels Oms, Riba-roja de T\u00faria, Ll\u00edria i Montcada.\" srcset=\"https:\/\/tucomarca.whitekongsoftware.com\/wp-content\/uploads\/2018\/09\/Vuelta-a-Valencia_Foto-MPazos-2-300x201.jpg 300w, https:\/\/tucomarca.whitekongsoftware.com\/wp-content\/uploads\/2018\/09\/Vuelta-a-Valencia_Foto-MPazos-2-768x514.jpg 768w, https:\/\/tucomarca.whitekongsoftware.com\/wp-content\/uploads\/2018\/09\/Vuelta-a-Valencia_Foto-MPazos-2-1024x685.jpg 1024w\" sizes=\"auto, (max-width: 300px) 100vw, 300px\" \/><\/a><\/p>\n<p>Aquesta edici\u00f3 comptar\u00e0 amb un total de 21 equips en competici\u00f3 que aniran durant quatre dies pels carrers de Val\u00e8ncia, Benag\u00e9ber, Ares dels Oms, Riba-roja de T\u00faria, Ll\u00edria i Montcada.<\/p>\n"},"caption":{"rendered":"<div class=\"mh-excerpt\">Aquesta edici\u00f3 comptar\u00e0 amb un total de 21 equips en competici\u00f3 que aniran durant quatre dies pels carrers de Val\u00e8ncia, Benag\u00e9ber, Ares dels Oms, Riba-roja de T\u00faria, Ll\u00edria i Montcada.<\/div>\n<p> <a class=\"mh-excerpt-more\" href=\"https:\/\/tucomarca.whitekongsoftware.com\/ca\/la-volta-a-valencia-trofeu-diputacio-es-consolida-amb-la-seva-vuitena-edicio\/vuelta-a-valencia_foto-mpazos-2-2\/\" title=\"Vuelta a Valencia_Foto MPazos (2)\">[+] <\/a><\/p>\n"},"alt_text":"Aquesta edici\u00f3 comptar\u00e0 amb un total de 21 equips en competici\u00f3 que aniran durant quatre dies pels carrers de Val\u00e8ncia, Benag\u00e9ber, Ares dels Oms, Riba-roja de T\u00faria, Ll\u00edria i Montcada.","media_type":"image","mime_type":"image\/jpeg","media_details":{"width":3872,"height":2592,"file":"2018\/09\/Vuelta-a-Valencia_Foto-MPazos-2.jpg","sizes":{"thumbnail":{"file":"Vuelta-a-Valencia_Foto-MPazos-2-290x290.jpg","width":290,"height":290,"mime_type":"image\/jpeg","source_url":"https:\/\/tucomarca.whitekongsoftware.com\/wp-content\/uploads\/2018\/09\/Vuelta-a-Valencia_Foto-MPazos-2-290x290.jpg"},"medium":{"file":"Vuelta-a-Valencia_Foto-MPazos-2-300x201.jpg","width":300,"height":201,"mime_type":"image\/jpeg","source_url":"https:\/\/tucomarca.whitekongsoftware.com\/wp-content\/uploads\/2018\/09\/Vuelta-a-Valencia_Foto-MPazos-2-300x201.jpg"},"medium_large":{"file":"Vuelta-a-Valencia_Foto-MPazos-2-768x514.jpg","width":768,"height":514,"mime_type":"image\/jpeg","source_url":"https:\/\/tucomarca.whitekongsoftware.com\/wp-content\/uploads\/2018\/09\/Vuelta-a-Valencia_Foto-MPazos-2-768x514.jpg"},"large":{"file":"Vuelta-a-Valencia_Foto-MPazos-2-1024x685.jpg","width":1024,"height":685,"mime_type":"image\/jpeg","source_url":"https:\/\/tucomarca.whitekongsoftware.com\/wp-content\/uploads\/2018\/09\/Vuelta-a-Valencia_Foto-MPazos-2-1024x685.jpg"},"rss-image":{"file":"Vuelta-a-Valencia_Foto-MPazos-2-300x201.jpg","width":300,"height":201,"mime_type":"image\/jpeg","source_url":"https:\/\/tucomarca.whitekongsoftware.com\/wp-content\/uploads\/2018\/09\/Vuelta-a-Valencia_Foto-MPazos-2-300x201.jpg"},"post-thumbnail":{"file":"Vuelta-a-Valencia_Foto-MPazos-2-50x50.jpg","width":50,"height":50,"mime_type":"image\/jpeg","source_url":"https:\/\/tucomarca.whitekongsoftware.com\/wp-content\/uploads\/2018\/09\/Vuelta-a-Valencia_Foto-MPazos-2-50x50.jpg"},"gabfire":{"file":"Vuelta-a-Valencia_Foto-MPazos-2-1024x685.jpg","width":1024,"height":685,"mime_type":"image\/jpeg","source_url":"https:\/\/tucomarca.whitekongsoftware.com\/wp-content\/uploads\/2018\/09\/Vuelta-a-Valencia_Foto-MPazos-2-1024x685.jpg"},"full":{"file":"Vuelta-a-Valencia_Foto-MPazos-2.jpg","width":3872,"height":2592,"mime_type":"image\/jpeg","source_url":"https:\/\/tucomarca.whitekongsoftware.com\/wp-content\/uploads\/2018\/09\/Vuelta-a-Valencia_Foto-MPazos-2.jpg"}},"image_meta":{"aperture":"2.8","credit":"","camera":"NIKON D200","caption":"","created_timestamp":"1226393436","copyright":"","focal_length":"24","iso":"1250","shutter_speed":"0.02","title":"","orientation":"1","keywords":[]}},"post":74162,"source_url":"https:\/\/tucomarca.whitekongsoftware.com\/wp-content\/uploads\/2018\/09\/Vuelta-a-Valencia_Foto-MPazos-2.jpg","filename":"Vuelta-a-Valencia_Foto-MPazos-2.jpg","filesize":null,"_links":{"self":[{"href":"https:\/\/tucomarca.whitekongsoftware.com\/ca\/wp-json\/wp\/v2\/media\/74160","targetHints":{"allow":["GET"]}}],"collection":[{"href":"https:\/\/tucomarca.whitekongsoftware.com\/ca\/wp-json\/wp\/v2\/media"}],"about":[{"href":"https:\/\/tucomarca.whitekongsoftware.com\/ca\/wp-json\/wp\/v2\/types\/attachment"}],"author":[{"embeddable":true,"href":"https:\/\/tucomarca.whitekongsoftware.com\/ca\/wp-json\/wp\/v2\/users\/1"}],"replies":[{"embeddable":true,"href":"https:\/\/tucomarca.whitekongsoftware.com\/ca\/wp-json\/wp\/v2\/comments?post=74160"}],"wp:attached-to":[{"embeddable":true,"post_type":"post","id":74162,"href":"https:\/\/tucomarca.whitekongsoftware.com\/ca\/wp-json\/wp\/v2\/posts\/74162"}],"curies":[{"name":"wp","href":"https:\/\/api.w.org\/{rel}","templated":true}]}}

<p class="attachment"><a href='https://tucomarca.whitekongsoftware.com/wp-content/uploads/2018/09/Vuelta-a-Valencia_Foto-MPazos-2.jpg'><img loading="lazy" decoding="async" width="300" height="201" src="https://tucomarca.whitekongsoftware.com/wp-content/uploads/2018/09/Vuelta-a-Valencia_Foto-MPazos-2-300x201.jpg" class="attachment-medium size-medium" alt="Aquesta edició comptarà amb un total de 21 equips en competició que aniran durant quatre dies pels carrers de València, Benagéber, Ares dels Oms, Riba-roja de Túria, Llíria i Montcada." srcset="https://tucomarca.whitekongsoftware.com/wp-content/uploads/2018/09/Vuelta-a-Valencia_Foto-MPazos-2-300x201.jpg 300w, https://tucomarca.whitekongsoftware.com/wp-content/uploads/2018/09/Vuelta-a-Valencia_Foto-MPazos-2-768x514.jpg 768w, https://tucomarca.whitekongsoftware.com/wp-content/uploads/2018/09/Vuelta-a-Valencia_Foto-MPazos-2-1024x685.jpg 1024w" sizes="auto, (max-width: 300px) 100vw, 300px" /></a></p>
<p>Aquesta edició comptarà amb un total de 21 equips en competició que aniran durant quatre dies pels carrers de València, Benagéber, Ares dels Oms, Riba-roja de Túria, Llíria i Montcada.</p>

<div class="mh-excerpt">Aquesta edició comptarà amb un total de 21 equips en competició que aniran durant quatre dies pels carrers de València, Benagéber, Ares dels Oms, Riba-roja de Túria, Llíria i Montcada.</div>
<p> <a class="mh-excerpt-more" href="https://tucomarca.whitekongsoftware.com/ca/la-volta-a-valencia-trofeu-diputacio-es-consolida-amb-la-seva-vuitena-edicio/vuelta-a-valencia_foto-mpazos-2-2/" title="Vuelta a Valencia_Foto MPazos (2)">[+] </a></p>

Aquesta edició comptarà amb un total de 21 equips en competició que aniran durant quatre dies pels carrers de València, Benagéber, Ares dels Oms, Riba-roja de Túria, Llíria i Montcada.
