{"id":73216,"date":"2018-08-24T14:14:54","date_gmt":"2018-08-24T12:14:54","guid":{"rendered":"http:\/\/www.tucomarca.com\/wordpress\/segunda\/wp-content\/uploads\/2016\/01\/policia-06_008_1.jpg"},"modified":"2018-08-24T14:17:53","modified_gmt":"2018-08-24T12:17:53","slug":"policia-06_008_1-2","status":"inherit","type":"attachment","link":"https:\/\/tucomarca.whitekongsoftware.com\/ca\/la-policia-de-bunyol-recomana-limitar-lus-dels-vehicles-en-aquests-dies-de-fira-i-festes\/policia-06_008_1-2\/","title":{"rendered":"policia-06_008_1"},"author":1,"featured_media":0,"comment_status":"open","ping_status":"closed","template":"","meta":[],"class_list":["post-73216","attachment","type-attachment","status-inherit"],"description":{"rendered":"<p class=\"attachment\"><a href='https:\/\/tucomarca.whitekongsoftware.com\/wp-content\/uploads\/2016\/01\/policia-06_008_1-e1452243885138.jpg'><img loading=\"lazy\" decoding=\"async\" width=\"300\" height=\"162\" src=\"https:\/\/tucomarca.whitekongsoftware.com\/wp-content\/uploads\/2016\/01\/policia-06_008_1-e1452243885138-300x162.jpg\" class=\"attachment-medium size-medium\" alt=\"Efectivos de la Polic\u00eda Local de Bu\u00f1ol ante la ermita del patr\u00f3n de la localidad, San Luis.\" srcset=\"https:\/\/tucomarca.whitekongsoftware.com\/wp-content\/uploads\/2016\/01\/policia-06_008_1-e1452243885138-300x162.jpg 300w, https:\/\/tucomarca.whitekongsoftware.com\/wp-content\/uploads\/2016\/01\/policia-06_008_1-e1452243885138.jpg 468w\" sizes=\"auto, (max-width: 300px) 100vw, 300px\" \/><\/a><\/p>\n<p>Efectivos de la Polic\u00eda Local de Bu\u00f1ol ante la ermita del patr\u00f3n de la localidad, San Luis.<\/p>\n"},"caption":{"rendered":"<div class=\"mh-excerpt\">Efectivos de la Polic\u00eda Local de Bu\u00f1ol ante la ermita del patr\u00f3n de la localidad, San Luis.<\/div>\n<p> <a class=\"mh-excerpt-more\" href=\"https:\/\/tucomarca.whitekongsoftware.com\/ca\/la-policia-de-bunyol-recomana-limitar-lus-dels-vehicles-en-aquests-dies-de-fira-i-festes\/policia-06_008_1-2\/\" title=\"policia-06_008_1\">[+] <\/a><\/p>\n"},"alt_text":"Efectivos de la Polic\u00eda Local de Bu\u00f1ol ante la ermita del patr\u00f3n de la localidad, San Luis.","media_type":"image","mime_type":"image\/jpeg","media_details":{"width":"468","height":"254","hwstring_small":"height='69' width='128'","file":"2016\/01\/policia-06_008_1-e1452243885138.jpg","sizes":{"thumbnail":{"file":"policia-06_008_1-e1452243885138-290x254.jpg","width":"290","height":"254","source_url":"https:\/\/tucomarca.whitekongsoftware.com\/wp-content\/uploads\/2016\/01\/policia-06_008_1-e1452243885138-290x254.jpg"},"medium":{"file":"policia-06_008_1-e1452243885138-300x162.jpg","width":"300","height":"162","source_url":"https:\/\/tucomarca.whitekongsoftware.com\/wp-content\/uploads\/2016\/01\/policia-06_008_1-e1452243885138-300x162.jpg"},"post-thumbnail":{"file":"policia-06_008_1-50x50.jpg","width":"50","height":"50","source_url":"https:\/\/tucomarca.whitekongsoftware.com\/wp-content\/uploads\/2016\/01\/policia-06_008_1-50x50.jpg"},"full":{"file":"policia-06_008_1-e1452243885138.jpg","width":468,"height":254,"mime_type":"image\/jpeg","source_url":"https:\/\/tucomarca.whitekongsoftware.com\/wp-content\/uploads\/2016\/01\/policia-06_008_1-e1452243885138.jpg"}},"image_meta":{"aperture":"0","credit":"","camera":"","caption":"","created_timestamp":"0","copyright":"","focal_length":"0","iso":"0","shutter_speed":"0","title":""}},"post":73215,"source_url":"https:\/\/tucomarca.whitekongsoftware.com\/wp-content\/uploads\/2016\/01\/policia-06_008_1-e1452243885138.jpg","filename":"policia-06_008_1-e1452243885138.jpg","filesize":null,"_links":{"self":[{"href":"https:\/\/tucomarca.whitekongsoftware.com\/ca\/wp-json\/wp\/v2\/media\/73216","targetHints":{"allow":["GET"]}}],"collection":[{"href":"https:\/\/tucomarca.whitekongsoftware.com\/ca\/wp-json\/wp\/v2\/media"}],"about":[{"href":"https:\/\/tucomarca.whitekongsoftware.com\/ca\/wp-json\/wp\/v2\/types\/attachment"}],"author":[{"embeddable":true,"href":"https:\/\/tucomarca.whitekongsoftware.com\/ca\/wp-json\/wp\/v2\/users\/1"}],"replies":[{"embeddable":true,"href":"https:\/\/tucomarca.whitekongsoftware.com\/ca\/wp-json\/wp\/v2\/comments?post=73216"}],"wp:attached-to":[{"embeddable":true,"post_type":"post","id":73215,"href":"https:\/\/tucomarca.whitekongsoftware.com\/ca\/wp-json\/wp\/v2\/posts\/73215"}],"curies":[{"name":"wp","href":"https:\/\/api.w.org\/{rel}","templated":true}]}}

<p class="attachment"><a href='https://tucomarca.whitekongsoftware.com/wp-content/uploads/2016/01/policia-06_008_1-e1452243885138.jpg'><img loading="lazy" decoding="async" width="300" height="162" src="https://tucomarca.whitekongsoftware.com/wp-content/uploads/2016/01/policia-06_008_1-e1452243885138-300x162.jpg" class="attachment-medium size-medium" alt="Efectivos de la Policía Local de Buñol ante la ermita del patrón de la localidad, San Luis." srcset="https://tucomarca.whitekongsoftware.com/wp-content/uploads/2016/01/policia-06_008_1-e1452243885138-300x162.jpg 300w, https://tucomarca.whitekongsoftware.com/wp-content/uploads/2016/01/policia-06_008_1-e1452243885138.jpg 468w" sizes="auto, (max-width: 300px) 100vw, 300px" /></a></p>
<p>Efectivos de la Policía Local de Buñol ante la ermita del patrón de la localidad, San Luis.</p>

<div class="mh-excerpt">Efectivos de la Policía Local de Buñol ante la ermita del patrón de la localidad, San Luis.</div>
<p> <a class="mh-excerpt-more" href="https://tucomarca.whitekongsoftware.com/ca/la-policia-de-bunyol-recomana-limitar-lus-dels-vehicles-en-aquests-dies-de-fira-i-festes/policia-06_008_1-2/" title="policia-06_008_1">[+] </a></p>

Efectivos de la Policía Local de Buñol ante la ermita del patrón de la localidad, San Luis.
