{"id":72947,"date":"2018-08-22T19:02:46","date_gmt":"2018-08-22T17:02:46","guid":{"rendered":"http:\/\/www.tucomarca.com\/wordpress\/segunda\/wp-content\/uploads\/2018\/08\/photo_2018-08-13_13-01-37-2.jpg"},"modified":"2018-08-22T19:10:56","modified_gmt":"2018-08-22T17:10:56","slug":"photo_2018-08-13_13-01-37-2-2","status":"inherit","type":"attachment","link":"https:\/\/tucomarca.whitekongsoftware.com\/ca\/el-recorregut-solidari-per-la-donacio-de-sang-empres-per-un-vei-de-benaguasil-finalitza-a-bunyol-aquest-dissabte-25-dagost\/photo_2018-08-13_13-01-37-2-2\/","title":{"rendered":"photo_2018-08-13_13-01-37 (2)"},"author":1,"featured_media":0,"comment_status":"open","ping_status":"closed","template":"","meta":[],"class_list":["post-72947","attachment","type-attachment","status-inherit"],"description":{"rendered":"<p class=\"attachment\"><a href='https:\/\/tucomarca.whitekongsoftware.com\/wp-content\/uploads\/2018\/08\/photo_2018-08-13_13-01-37-2.jpg'><img loading=\"lazy\" decoding=\"async\" width=\"279\" height=\"300\" src=\"https:\/\/tucomarca.whitekongsoftware.com\/wp-content\/uploads\/2018\/08\/photo_2018-08-13_13-01-37-2-279x300.jpg\" class=\"attachment-medium size-medium\" alt=\"Juan Manuel Darijo, va emprendre el repte #caminodarsangreesdarvida, ha empr\u00e8s un recorregut de 500 quil\u00f2metres descal\u00e7 des de Granada fins Benaguasil perqu\u00e8 la societat prengui consci\u00e8ncia de la import\u00e0ncia de donar sang.\" srcset=\"https:\/\/tucomarca.whitekongsoftware.com\/wp-content\/uploads\/2018\/08\/photo_2018-08-13_13-01-37-2-279x300.jpg 279w, https:\/\/tucomarca.whitekongsoftware.com\/wp-content\/uploads\/2018\/08\/photo_2018-08-13_13-01-37-2-768x825.jpg 768w, https:\/\/tucomarca.whitekongsoftware.com\/wp-content\/uploads\/2018\/08\/photo_2018-08-13_13-01-37-2.jpg 894w\" sizes=\"auto, (max-width: 279px) 100vw, 279px\" \/><\/a><\/p>\n<p>Juan Manuel Darijo, va emprendre el repte #caminodarsangreesdarvida, ha empr\u00e8s un recorregut de 500 quil\u00f2metres descal\u00e7 des de Granada fins Benaguasil perqu\u00e8 la societat prengui consci\u00e8ncia de la import\u00e0ncia de donar sang.<\/p>\n"},"caption":{"rendered":"<div class=\"mh-excerpt\">Juan Manuel Darijo, va emprendre el repte #caminodarsangreesdarvida, ha empr\u00e8s un recorregut de 500 quil\u00f2metres descal\u00e7 des de Granada fins Benaguasil perqu\u00e8 la societat prengui consci\u00e8ncia de la import\u00e0ncia de donar sang.<\/div>\n<p> <a class=\"mh-excerpt-more\" href=\"https:\/\/tucomarca.whitekongsoftware.com\/ca\/el-recorregut-solidari-per-la-donacio-de-sang-empres-per-un-vei-de-benaguasil-finalitza-a-bunyol-aquest-dissabte-25-dagost\/photo_2018-08-13_13-01-37-2-2\/\" title=\"photo_2018-08-13_13-01-37 (2)\">[+] <\/a><\/p>\n"},"alt_text":"Juan Manuel Darijo, va emprendre el repte #caminodarsangreesdarvida, ha empr\u00e8s un recorregut de 500 quil\u00f2metres descal\u00e7 des de Granada fins Benaguasil perqu\u00e8 la societat prengui consci\u00e8ncia de la import\u00e0ncia de donar sang.","media_type":"image","mime_type":"image\/jpeg","media_details":{"width":894,"height":960,"file":"2018\/08\/photo_2018-08-13_13-01-37-2.jpg","sizes":{"thumbnail":{"file":"photo_2018-08-13_13-01-37-2-290x290.jpg","width":290,"height":290,"mime_type":"image\/jpeg","source_url":"https:\/\/tucomarca.whitekongsoftware.com\/wp-content\/uploads\/2018\/08\/photo_2018-08-13_13-01-37-2-290x290.jpg"},"medium":{"file":"photo_2018-08-13_13-01-37-2-279x300.jpg","width":279,"height":300,"mime_type":"image\/jpeg","source_url":"https:\/\/tucomarca.whitekongsoftware.com\/wp-content\/uploads\/2018\/08\/photo_2018-08-13_13-01-37-2-279x300.jpg"},"medium_large":{"file":"photo_2018-08-13_13-01-37-2-768x825.jpg","width":768,"height":825,"mime_type":"image\/jpeg","source_url":"https:\/\/tucomarca.whitekongsoftware.com\/wp-content\/uploads\/2018\/08\/photo_2018-08-13_13-01-37-2-768x825.jpg"},"rss-image":{"file":"photo_2018-08-13_13-01-37-2-279x300.jpg","width":279,"height":300,"mime_type":"image\/jpeg","source_url":"https:\/\/tucomarca.whitekongsoftware.com\/wp-content\/uploads\/2018\/08\/photo_2018-08-13_13-01-37-2-279x300.jpg"},"post-thumbnail":{"file":"photo_2018-08-13_13-01-37-2-50x50.jpg","width":50,"height":50,"mime_type":"image\/jpeg","source_url":"https:\/\/tucomarca.whitekongsoftware.com\/wp-content\/uploads\/2018\/08\/photo_2018-08-13_13-01-37-2-50x50.jpg"},"full":{"file":"photo_2018-08-13_13-01-37-2.jpg","width":894,"height":960,"mime_type":"image\/jpeg","source_url":"https:\/\/tucomarca.whitekongsoftware.com\/wp-content\/uploads\/2018\/08\/photo_2018-08-13_13-01-37-2.jpg"}},"image_meta":{"aperture":"0","credit":"","camera":"","caption":"","created_timestamp":"0","copyright":"","focal_length":"0","iso":"0","shutter_speed":"0","title":"","orientation":"0","keywords":[]}},"post":72949,"source_url":"https:\/\/tucomarca.whitekongsoftware.com\/wp-content\/uploads\/2018\/08\/photo_2018-08-13_13-01-37-2.jpg","filename":"photo_2018-08-13_13-01-37-2.jpg","filesize":null,"_links":{"self":[{"href":"https:\/\/tucomarca.whitekongsoftware.com\/ca\/wp-json\/wp\/v2\/media\/72947","targetHints":{"allow":["GET"]}}],"collection":[{"href":"https:\/\/tucomarca.whitekongsoftware.com\/ca\/wp-json\/wp\/v2\/media"}],"about":[{"href":"https:\/\/tucomarca.whitekongsoftware.com\/ca\/wp-json\/wp\/v2\/types\/attachment"}],"author":[{"embeddable":true,"href":"https:\/\/tucomarca.whitekongsoftware.com\/ca\/wp-json\/wp\/v2\/users\/1"}],"replies":[{"embeddable":true,"href":"https:\/\/tucomarca.whitekongsoftware.com\/ca\/wp-json\/wp\/v2\/comments?post=72947"}],"wp:attached-to":[{"embeddable":true,"post_type":"post","id":72949,"href":"https:\/\/tucomarca.whitekongsoftware.com\/ca\/wp-json\/wp\/v2\/posts\/72949"}],"curies":[{"name":"wp","href":"https:\/\/api.w.org\/{rel}","templated":true}]}}

<p class="attachment"><a href='https://tucomarca.whitekongsoftware.com/wp-content/uploads/2018/08/photo_2018-08-13_13-01-37-2.jpg'><img loading="lazy" decoding="async" width="279" height="300" src="https://tucomarca.whitekongsoftware.com/wp-content/uploads/2018/08/photo_2018-08-13_13-01-37-2-279x300.jpg" class="attachment-medium size-medium" alt="Juan Manuel Darijo, va emprendre el repte #caminodarsangreesdarvida, ha emprès un recorregut de 500 quilòmetres descalç des de Granada fins Benaguasil perquè la societat prengui consciència de la importància de donar sang." srcset="https://tucomarca.whitekongsoftware.com/wp-content/uploads/2018/08/photo_2018-08-13_13-01-37-2-279x300.jpg 279w, https://tucomarca.whitekongsoftware.com/wp-content/uploads/2018/08/photo_2018-08-13_13-01-37-2-768x825.jpg 768w, https://tucomarca.whitekongsoftware.com/wp-content/uploads/2018/08/photo_2018-08-13_13-01-37-2.jpg 894w" sizes="auto, (max-width: 279px) 100vw, 279px" /></a></p>
<p>Juan Manuel Darijo, va emprendre el repte #caminodarsangreesdarvida, ha emprès un recorregut de 500 quilòmetres descalç des de Granada fins Benaguasil perquè la societat prengui consciència de la importància de donar sang.</p>

<div class="mh-excerpt">Juan Manuel Darijo, va emprendre el repte #caminodarsangreesdarvida, ha emprès un recorregut de 500 quilòmetres descalç des de Granada fins Benaguasil perquè la societat prengui consciència de la importància de donar sang.</div>
<p> <a class="mh-excerpt-more" href="https://tucomarca.whitekongsoftware.com/ca/el-recorregut-solidari-per-la-donacio-de-sang-empres-per-un-vei-de-benaguasil-finalitza-a-bunyol-aquest-dissabte-25-dagost/photo_2018-08-13_13-01-37-2-2/" title="photo_2018-08-13_13-01-37 (2)">[+] </a></p>

Juan Manuel Darijo, va emprendre el repte #caminodarsangreesdarvida, ha emprès un recorregut de 500 quilòmetres descalç des de Granada fins Benaguasil perquè la societat prengui consciència de la importància de donar sang.
