{"id":71985,"date":"2018-08-10T10:54:13","date_gmt":"2018-08-10T08:54:13","guid":{"rendered":"http:\/\/www.tucomarca.com\/wordpress\/segunda\/wp-content\/uploads\/2018\/08\/IMG_0156.jpg"},"modified":"2018-08-10T10:56:50","modified_gmt":"2018-08-10T08:56:50","slug":"img_0156-2-2","status":"inherit","type":"attachment","link":"https:\/\/tucomarca.whitekongsoftware.com\/ca\/franco-i-garcia-guanyen-el-campionat-de-padel-de-les-festes-de-turis\/img_0156-2-2\/","title":{"rendered":"IMG_0156"},"author":1,"featured_media":0,"comment_status":"open","ping_status":"closed","template":"","meta":[],"class_list":["post-71985","attachment","type-attachment","status-inherit"],"description":{"rendered":"<p class=\"attachment\"><a href='https:\/\/tucomarca.whitekongsoftware.com\/wp-content\/uploads\/2018\/08\/IMG_0156.jpg'><img loading=\"lazy\" decoding=\"async\" width=\"300\" height=\"171\" src=\"https:\/\/tucomarca.whitekongsoftware.com\/wp-content\/uploads\/2018\/08\/IMG_0156-300x171.jpg\" class=\"attachment-medium size-medium\" alt=\"Aquest dilluns l\u2019esdeveniment culmin\u00e0 amb la vict\u00f2ria d\u2019Edu Franco i Borja Garc\u00eda a la categoria S\u00e8nior, d\u2019Hugo Gonz\u00e1lez i Pablo Lled\u00f3 en J\u00fanior primera categoria i de Ferran Almonacil i Andr\u00e9s Tapia en J\u00fanior segona categoria.\" srcset=\"https:\/\/tucomarca.whitekongsoftware.com\/wp-content\/uploads\/2018\/08\/IMG_0156-300x171.jpg 300w, https:\/\/tucomarca.whitekongsoftware.com\/wp-content\/uploads\/2018\/08\/IMG_0156-768x439.jpg 768w, https:\/\/tucomarca.whitekongsoftware.com\/wp-content\/uploads\/2018\/08\/IMG_0156-1024x585.jpg 1024w\" sizes=\"auto, (max-width: 300px) 100vw, 300px\" \/><\/a><\/p>\n<p>Aquest dilluns l\u2019esdeveniment culmin\u00e0 amb la vict\u00f2ria d\u2019Edu Franco i Borja Garc\u00eda a la categoria S\u00e8nior, d\u2019Hugo Gonz\u00e1lez i Pablo Lled\u00f3 en J\u00fanior primera categoria i de Ferran Almonacil i Andr\u00e9s Tapia en J\u00fanior segona categoria.<\/p>\n"},"caption":{"rendered":"<div class=\"mh-excerpt\">Aquest dilluns l\u2019esdeveniment culmin\u00e0 amb la vict\u00f2ria d\u2019Edu Franco i Borja Garc\u00eda a la categoria S\u00e8nior, d\u2019Hugo Gonz\u00e1lez i Pablo Lled\u00f3 en J\u00fanior primera categoria i de Ferran Almonacil i Andr\u00e9s Tapia en J\u00fanior segona categoria.<\/div>\n<p> <a class=\"mh-excerpt-more\" href=\"https:\/\/tucomarca.whitekongsoftware.com\/ca\/franco-i-garcia-guanyen-el-campionat-de-padel-de-les-festes-de-turis\/img_0156-2-2\/\" title=\"IMG_0156\">[+] <\/a><\/p>\n"},"alt_text":"Aquest dilluns l\u2019esdeveniment culmin\u00e0 amb la vict\u00f2ria d\u2019Edu Franco i Borja Garc\u00eda a la categoria S\u00e8nior, d\u2019Hugo Gonz\u00e1lez i Pablo Lled\u00f3 en J\u00fanior primera categoria i de Ferran Almonacil i Andr\u00e9s Tapia en J\u00fanior segona categoria.","media_type":"image","mime_type":"image\/jpeg","media_details":{"width":4000,"height":2284,"file":"2018\/08\/IMG_0156.jpg","sizes":{"thumbnail":{"file":"IMG_0156-290x290.jpg","width":290,"height":290,"mime_type":"image\/jpeg","source_url":"https:\/\/tucomarca.whitekongsoftware.com\/wp-content\/uploads\/2018\/08\/IMG_0156-290x290.jpg"},"medium":{"file":"IMG_0156-300x171.jpg","width":300,"height":171,"mime_type":"image\/jpeg","source_url":"https:\/\/tucomarca.whitekongsoftware.com\/wp-content\/uploads\/2018\/08\/IMG_0156-300x171.jpg"},"medium_large":{"file":"IMG_0156-768x439.jpg","width":768,"height":439,"mime_type":"image\/jpeg","source_url":"https:\/\/tucomarca.whitekongsoftware.com\/wp-content\/uploads\/2018\/08\/IMG_0156-768x439.jpg"},"large":{"file":"IMG_0156-1024x585.jpg","width":1024,"height":585,"mime_type":"image\/jpeg","source_url":"https:\/\/tucomarca.whitekongsoftware.com\/wp-content\/uploads\/2018\/08\/IMG_0156-1024x585.jpg"},"rss-image":{"file":"IMG_0156-300x171.jpg","width":300,"height":171,"mime_type":"image\/jpeg","source_url":"https:\/\/tucomarca.whitekongsoftware.com\/wp-content\/uploads\/2018\/08\/IMG_0156-300x171.jpg"},"post-thumbnail":{"file":"IMG_0156-50x50.jpg","width":50,"height":50,"mime_type":"image\/jpeg","source_url":"https:\/\/tucomarca.whitekongsoftware.com\/wp-content\/uploads\/2018\/08\/IMG_0156-50x50.jpg"},"gabfire":{"file":"IMG_0156-1024x585.jpg","width":1024,"height":585,"mime_type":"image\/jpeg","source_url":"https:\/\/tucomarca.whitekongsoftware.com\/wp-content\/uploads\/2018\/08\/IMG_0156-1024x585.jpg"},"full":{"file":"IMG_0156.jpg","width":4000,"height":2284,"mime_type":"image\/jpeg","source_url":"https:\/\/tucomarca.whitekongsoftware.com\/wp-content\/uploads\/2018\/08\/IMG_0156.jpg"}},"image_meta":{"aperture":"1.8","credit":"","camera":"Canon PowerShot G15","caption":"","created_timestamp":"1533598314","copyright":"","focal_length":"6.1","iso":"200","shutter_speed":"0.033333333333333","title":"","orientation":"1","keywords":[]}},"post":71987,"source_url":"https:\/\/tucomarca.whitekongsoftware.com\/wp-content\/uploads\/2018\/08\/IMG_0156.jpg","filename":"IMG_0156.jpg","filesize":null,"_links":{"self":[{"href":"https:\/\/tucomarca.whitekongsoftware.com\/ca\/wp-json\/wp\/v2\/media\/71985","targetHints":{"allow":["GET"]}}],"collection":[{"href":"https:\/\/tucomarca.whitekongsoftware.com\/ca\/wp-json\/wp\/v2\/media"}],"about":[{"href":"https:\/\/tucomarca.whitekongsoftware.com\/ca\/wp-json\/wp\/v2\/types\/attachment"}],"author":[{"embeddable":true,"href":"https:\/\/tucomarca.whitekongsoftware.com\/ca\/wp-json\/wp\/v2\/users\/1"}],"replies":[{"embeddable":true,"href":"https:\/\/tucomarca.whitekongsoftware.com\/ca\/wp-json\/wp\/v2\/comments?post=71985"}],"wp:attached-to":[{"embeddable":true,"post_type":"post","id":71987,"href":"https:\/\/tucomarca.whitekongsoftware.com\/ca\/wp-json\/wp\/v2\/posts\/71987"}],"curies":[{"name":"wp","href":"https:\/\/api.w.org\/{rel}","templated":true}]}}

<p class="attachment"><a href='https://tucomarca.whitekongsoftware.com/wp-content/uploads/2018/08/IMG_0156.jpg'><img loading="lazy" decoding="async" width="300" height="171" src="https://tucomarca.whitekongsoftware.com/wp-content/uploads/2018/08/IMG_0156-300x171.jpg" class="attachment-medium size-medium" alt="Aquest dilluns l’esdeveniment culminà amb la victòria d’Edu Franco i Borja García a la categoria Sènior, d’Hugo González i Pablo Lledó en Júnior primera categoria i de Ferran Almonacil i Andrés Tapia en Júnior segona categoria." srcset="https://tucomarca.whitekongsoftware.com/wp-content/uploads/2018/08/IMG_0156-300x171.jpg 300w, https://tucomarca.whitekongsoftware.com/wp-content/uploads/2018/08/IMG_0156-768x439.jpg 768w, https://tucomarca.whitekongsoftware.com/wp-content/uploads/2018/08/IMG_0156-1024x585.jpg 1024w" sizes="auto, (max-width: 300px) 100vw, 300px" /></a></p>
<p>Aquest dilluns l’esdeveniment culminà amb la victòria d’Edu Franco i Borja García a la categoria Sènior, d’Hugo González i Pablo Lledó en Júnior primera categoria i de Ferran Almonacil i Andrés Tapia en Júnior segona categoria.</p>

<div class="mh-excerpt">Aquest dilluns l’esdeveniment culminà amb la victòria d’Edu Franco i Borja García a la categoria Sènior, d’Hugo González i Pablo Lledó en Júnior primera categoria i de Ferran Almonacil i Andrés Tapia en Júnior segona categoria.</div>
<p> <a class="mh-excerpt-more" href="https://tucomarca.whitekongsoftware.com/ca/franco-i-garcia-guanyen-el-campionat-de-padel-de-les-festes-de-turis/img_0156-2-2/" title="IMG_0156">[+] </a></p>

Aquest dilluns l’esdeveniment culminà amb la victòria d’Edu Franco i Borja García a la categoria Sènior, d’Hugo González i Pablo Lledó en Júnior primera categoria i de Ferran Almonacil i Andrés Tapia en Júnior segona categoria.
