{"id":71101,"date":"2018-07-27T00:00:14","date_gmt":"2018-07-26T22:00:14","guid":{"rendered":"http:\/\/www.tucomarca.com\/wordpress\/segunda\/wp-content\/uploads\/2018\/07\/ViolenciaVilamarxant.jpg"},"modified":"2018-07-27T00:00:40","modified_gmt":"2018-07-26T22:00:40","slug":"violenciavilamarxant","status":"inherit","type":"attachment","link":"https:\/\/tucomarca.whitekongsoftware.com\/ca\/condemna-i-record-a-vilamarxant-a-les-22-dones-a-qui-la-violencia-masclista-ha-assassinat-este-any\/violenciavilamarxant\/","title":{"rendered":"ViolenciaVilamarxant"},"author":1,"featured_media":0,"comment_status":"open","ping_status":"closed","template":"","meta":[],"class_list":["post-71101","attachment","type-attachment","status-inherit"],"description":{"rendered":"<p class=\"attachment\"><a href='https:\/\/tucomarca.whitekongsoftware.com\/wp-content\/uploads\/2018\/07\/ViolenciaVilamarxant.jpg'><img loading=\"lazy\" decoding=\"async\" width=\"300\" height=\"200\" src=\"https:\/\/tucomarca.whitekongsoftware.com\/wp-content\/uploads\/2018\/07\/ViolenciaVilamarxant-300x200.jpg\" class=\"attachment-medium size-medium\" alt=\"l\u2019avinguda 2 de Maig ha acollit la concentraci\u00f3 mensual contra la viol\u00e8ncia de g\u00e8nere amb la especial implicaci\u00f3 dels j\u00f3vens que estan formant-se a l\u2019Ajuntament amb el programa La Dipu et Beca.\" srcset=\"https:\/\/tucomarca.whitekongsoftware.com\/wp-content\/uploads\/2018\/07\/ViolenciaVilamarxant-300x200.jpg 300w, https:\/\/tucomarca.whitekongsoftware.com\/wp-content\/uploads\/2018\/07\/ViolenciaVilamarxant-768x512.jpg 768w, https:\/\/tucomarca.whitekongsoftware.com\/wp-content\/uploads\/2018\/07\/ViolenciaVilamarxant-1024x682.jpg 1024w, https:\/\/tucomarca.whitekongsoftware.com\/wp-content\/uploads\/2018\/07\/ViolenciaVilamarxant.jpg 2000w\" sizes=\"auto, (max-width: 300px) 100vw, 300px\" \/><\/a><\/p>\n<p>l\u2019avinguda 2 de Maig ha acollit la concentraci\u00f3 mensual contra la viol\u00e8ncia de g\u00e8nere amb la especial implicaci\u00f3 dels j\u00f3vens que estan formant-se a l\u2019Ajuntament amb el programa La Dipu et Beca.<\/p>\n"},"caption":{"rendered":"<div class=\"mh-excerpt\">l\u2019avinguda 2 de Maig ha acollit la concentraci\u00f3 mensual contra la viol\u00e8ncia de g\u00e8nere amb la especial implicaci\u00f3 dels j\u00f3vens que estan formant-se a l\u2019Ajuntament amb el programa La Dipu et Beca.<\/div>\n<p> <a class=\"mh-excerpt-more\" href=\"https:\/\/tucomarca.whitekongsoftware.com\/ca\/condemna-i-record-a-vilamarxant-a-les-22-dones-a-qui-la-violencia-masclista-ha-assassinat-este-any\/violenciavilamarxant\/\" title=\"ViolenciaVilamarxant\">[+] <\/a><\/p>\n"},"alt_text":"l\u2019avinguda 2 de Maig ha acollit la concentraci\u00f3 mensual contra la viol\u00e8ncia de g\u00e8nere amb la especial implicaci\u00f3 dels j\u00f3vens que estan formant-se a l\u2019Ajuntament amb el programa La Dipu et Beca.","media_type":"image","mime_type":"image\/jpeg","media_details":{"width":2000,"height":1333,"file":"2018\/07\/ViolenciaVilamarxant.jpg","sizes":{"thumbnail":{"file":"ViolenciaVilamarxant-290x290.jpg","width":290,"height":290,"mime_type":"image\/jpeg","source_url":"https:\/\/tucomarca.whitekongsoftware.com\/wp-content\/uploads\/2018\/07\/ViolenciaVilamarxant-290x290.jpg"},"medium":{"file":"ViolenciaVilamarxant-300x200.jpg","width":300,"height":200,"mime_type":"image\/jpeg","source_url":"https:\/\/tucomarca.whitekongsoftware.com\/wp-content\/uploads\/2018\/07\/ViolenciaVilamarxant-300x200.jpg"},"medium_large":{"file":"ViolenciaVilamarxant-768x512.jpg","width":768,"height":512,"mime_type":"image\/jpeg","source_url":"https:\/\/tucomarca.whitekongsoftware.com\/wp-content\/uploads\/2018\/07\/ViolenciaVilamarxant-768x512.jpg"},"large":{"file":"ViolenciaVilamarxant-1024x682.jpg","width":1024,"height":682,"mime_type":"image\/jpeg","source_url":"https:\/\/tucomarca.whitekongsoftware.com\/wp-content\/uploads\/2018\/07\/ViolenciaVilamarxant-1024x682.jpg"},"rss-image":{"file":"ViolenciaVilamarxant-300x200.jpg","width":300,"height":200,"mime_type":"image\/jpeg","source_url":"https:\/\/tucomarca.whitekongsoftware.com\/wp-content\/uploads\/2018\/07\/ViolenciaVilamarxant-300x200.jpg"},"post-thumbnail":{"file":"ViolenciaVilamarxant-50x50.jpg","width":50,"height":50,"mime_type":"image\/jpeg","source_url":"https:\/\/tucomarca.whitekongsoftware.com\/wp-content\/uploads\/2018\/07\/ViolenciaVilamarxant-50x50.jpg"},"gabfire":{"file":"ViolenciaVilamarxant-1024x682.jpg","width":1024,"height":682,"mime_type":"image\/jpeg","source_url":"https:\/\/tucomarca.whitekongsoftware.com\/wp-content\/uploads\/2018\/07\/ViolenciaVilamarxant-1024x682.jpg"},"full":{"file":"ViolenciaVilamarxant.jpg","width":2000,"height":1333,"mime_type":"image\/jpeg","source_url":"https:\/\/tucomarca.whitekongsoftware.com\/wp-content\/uploads\/2018\/07\/ViolenciaVilamarxant.jpg"}},"image_meta":{"aperture":"9","credit":"","camera":"NIKON D5300","caption":"","created_timestamp":"1532606682","copyright":"","focal_length":"18","iso":"200","shutter_speed":"0.003125","title":"","orientation":"1","keywords":[]}},"post":71100,"source_url":"https:\/\/tucomarca.whitekongsoftware.com\/wp-content\/uploads\/2018\/07\/ViolenciaVilamarxant.jpg","filename":"ViolenciaVilamarxant.jpg","filesize":null,"_links":{"self":[{"href":"https:\/\/tucomarca.whitekongsoftware.com\/ca\/wp-json\/wp\/v2\/media\/71101","targetHints":{"allow":["GET"]}}],"collection":[{"href":"https:\/\/tucomarca.whitekongsoftware.com\/ca\/wp-json\/wp\/v2\/media"}],"about":[{"href":"https:\/\/tucomarca.whitekongsoftware.com\/ca\/wp-json\/wp\/v2\/types\/attachment"}],"author":[{"embeddable":true,"href":"https:\/\/tucomarca.whitekongsoftware.com\/ca\/wp-json\/wp\/v2\/users\/1"}],"replies":[{"embeddable":true,"href":"https:\/\/tucomarca.whitekongsoftware.com\/ca\/wp-json\/wp\/v2\/comments?post=71101"}],"wp:attached-to":[{"embeddable":true,"post_type":"post","id":71100,"href":"https:\/\/tucomarca.whitekongsoftware.com\/ca\/wp-json\/wp\/v2\/posts\/71100"}],"curies":[{"name":"wp","href":"https:\/\/api.w.org\/{rel}","templated":true}]}}

<p class="attachment"><a href='https://tucomarca.whitekongsoftware.com/wp-content/uploads/2018/07/ViolenciaVilamarxant.jpg'><img loading="lazy" decoding="async" width="300" height="200" src="https://tucomarca.whitekongsoftware.com/wp-content/uploads/2018/07/ViolenciaVilamarxant-300x200.jpg" class="attachment-medium size-medium" alt="l’avinguda 2 de Maig ha acollit la concentració mensual contra la violència de gènere amb la especial implicació dels jóvens que estan formant-se a l’Ajuntament amb el programa La Dipu et Beca." srcset="https://tucomarca.whitekongsoftware.com/wp-content/uploads/2018/07/ViolenciaVilamarxant-300x200.jpg 300w, https://tucomarca.whitekongsoftware.com/wp-content/uploads/2018/07/ViolenciaVilamarxant-768x512.jpg 768w, https://tucomarca.whitekongsoftware.com/wp-content/uploads/2018/07/ViolenciaVilamarxant-1024x682.jpg 1024w, https://tucomarca.whitekongsoftware.com/wp-content/uploads/2018/07/ViolenciaVilamarxant.jpg 2000w" sizes="auto, (max-width: 300px) 100vw, 300px" /></a></p>
<p>l’avinguda 2 de Maig ha acollit la concentració mensual contra la violència de gènere amb la especial implicació dels jóvens que estan formant-se a l’Ajuntament amb el programa La Dipu et Beca.</p>

<div class="mh-excerpt">l’avinguda 2 de Maig ha acollit la concentració mensual contra la violència de gènere amb la especial implicació dels jóvens que estan formant-se a l’Ajuntament amb el programa La Dipu et Beca.</div>
<p> <a class="mh-excerpt-more" href="https://tucomarca.whitekongsoftware.com/ca/condemna-i-record-a-vilamarxant-a-les-22-dones-a-qui-la-violencia-masclista-ha-assassinat-este-any/violenciavilamarxant/" title="ViolenciaVilamarxant">[+] </a></p>

l’avinguda 2 de Maig ha acollit la concentració mensual contra la violència de gènere amb la especial implicació dels jóvens que estan formant-se a l’Ajuntament amb el programa La Dipu et Beca.
