{"id":260010,"date":"2025-04-01T12:25:58","date_gmt":"2025-04-01T11:25:58","guid":{"rendered":"http:\/\/www.tucomarca.com\/wordpress\/segunda\/wp-content\/uploads\/2025\/04\/BotifarraPrincipal02.jpg"},"modified":"2025-04-01T12:28:08","modified_gmt":"2025-04-01T11:28:08","slug":"botifarraprincipal02-2","status":"inherit","type":"attachment","link":"https:\/\/tucomarca.whitekongsoftware.com\/ca\/el-teatre-principal-de-valencia-es-rendix-a-pep-gimeno-botifarra-amb-el-seu-concert-les-veus-secretes\/botifarraprincipal02-2\/","title":{"rendered":"BotifarraPrincipal02"},"author":12,"featured_media":0,"comment_status":"open","ping_status":"closed","template":"","meta":[],"class_list":["post-260010","attachment","type-attachment","status-inherit"],"description":{"rendered":"<p class=\"attachment\"><a href='https:\/\/tucomarca.whitekongsoftware.com\/wp-content\/uploads\/2025\/04\/BotifarraPrincipal02.jpg'><img loading=\"lazy\" decoding=\"async\" width=\"300\" height=\"202\" src=\"https:\/\/tucomarca.whitekongsoftware.com\/wp-content\/uploads\/2025\/04\/BotifarraPrincipal02-300x202.jpg\" class=\"attachment-medium size-medium\" alt=\"\" srcset=\"https:\/\/tucomarca.whitekongsoftware.com\/wp-content\/uploads\/2025\/04\/BotifarraPrincipal02-300x202.jpg 300w, https:\/\/tucomarca.whitekongsoftware.com\/wp-content\/uploads\/2025\/04\/BotifarraPrincipal02-1024x691.jpg 1024w, https:\/\/tucomarca.whitekongsoftware.com\/wp-content\/uploads\/2025\/04\/BotifarraPrincipal02-768x518.jpg 768w, https:\/\/tucomarca.whitekongsoftware.com\/wp-content\/uploads\/2025\/04\/BotifarraPrincipal02.jpg 1181w\" sizes=\"auto, (max-width: 300px) 100vw, 300px\" \/><\/a><\/p>\n"},"caption":{"rendered":"<div class=\"mh-excerpt\">Valencia, Comunidad Valenciana, 30\/03\/2025. Asistencia de la vicepresidenta primera de la Diputaci\u00f3n, Nat\u00e0lia Enguix, al concierto organizado por la Diputaci\u00f3 de Val\u00e8ncia y Pep Gimeno &#8216;Botifarra&#8217; dentro de la gira &#8216;Les veus secretes&#8217;, proyecto subvencionado por<br \/>\nel \u00e1rea de Igualdad de la Diputaci\u00f3n, en el Teatro Principal de Valencia.<\/div>\n<p> <a class=\"mh-excerpt-more\" href=\"https:\/\/tucomarca.whitekongsoftware.com\/ca\/el-teatre-principal-de-valencia-es-rendix-a-pep-gimeno-botifarra-amb-el-seu-concert-les-veus-secretes\/botifarraprincipal02-2\/\" title=\"BotifarraPrincipal02\">[+] <\/a><\/p>\n"},"alt_text":"","media_type":"image","mime_type":"image\/jpeg","media_details":{"width":1181,"height":797,"file":"2025\/04\/BotifarraPrincipal02.jpg","filesize":697859,"sizes":{"medium":{"file":"BotifarraPrincipal02-300x202.jpg","width":300,"height":202,"filesize":38496,"mime_type":"image\/jpeg","source_url":"https:\/\/tucomarca.whitekongsoftware.com\/wp-content\/uploads\/2025\/04\/BotifarraPrincipal02-300x202.jpg"},"large":{"file":"BotifarraPrincipal02-1024x691.jpg","width":1024,"height":691,"filesize":150884,"mime_type":"image\/jpeg","source_url":"https:\/\/tucomarca.whitekongsoftware.com\/wp-content\/uploads\/2025\/04\/BotifarraPrincipal02-1024x691.jpg"},"thumbnail":{"file":"BotifarraPrincipal02-290x290.jpg","width":290,"height":290,"filesize":42741,"mime_type":"image\/jpeg","source_url":"https:\/\/tucomarca.whitekongsoftware.com\/wp-content\/uploads\/2025\/04\/BotifarraPrincipal02-290x290.jpg"},"medium_large":{"file":"BotifarraPrincipal02-768x518.jpg","width":768,"height":518,"filesize":102724,"mime_type":"image\/jpeg","source_url":"https:\/\/tucomarca.whitekongsoftware.com\/wp-content\/uploads\/2025\/04\/BotifarraPrincipal02-768x518.jpg"},"mh-magazine-slider":{"file":"BotifarraPrincipal02-1030x438.jpg","width":1030,"height":438,"filesize":108295,"mime_type":"image\/jpeg","source_url":"https:\/\/tucomarca.whitekongsoftware.com\/wp-content\/uploads\/2025\/04\/BotifarraPrincipal02-1030x438.jpg"},"mh-magazine-content":{"file":"BotifarraPrincipal02-678x381.jpg","width":678,"height":381,"filesize":78691,"mime_type":"image\/jpeg","source_url":"https:\/\/tucomarca.whitekongsoftware.com\/wp-content\/uploads\/2025\/04\/BotifarraPrincipal02-678x381.jpg"},"mh-magazine-large":{"file":"BotifarraPrincipal02-678x509.jpg","width":678,"height":509,"filesize":92607,"mime_type":"image\/jpeg","source_url":"https:\/\/tucomarca.whitekongsoftware.com\/wp-content\/uploads\/2025\/04\/BotifarraPrincipal02-678x509.jpg"},"mh-magazine-medium":{"file":"BotifarraPrincipal02-326x245.jpg","width":326,"height":245,"filesize":42381,"mime_type":"image\/jpeg","source_url":"https:\/\/tucomarca.whitekongsoftware.com\/wp-content\/uploads\/2025\/04\/BotifarraPrincipal02-326x245.jpg"},"mh-magazine-small":{"file":"BotifarraPrincipal02-80x60.jpg","width":80,"height":60,"filesize":23067,"mime_type":"image\/jpeg","source_url":"https:\/\/tucomarca.whitekongsoftware.com\/wp-content\/uploads\/2025\/04\/BotifarraPrincipal02-80x60.jpg"},"full":{"file":"BotifarraPrincipal02.jpg","width":1181,"height":797,"mime_type":"image\/jpeg","source_url":"https:\/\/tucomarca.whitekongsoftware.com\/wp-content\/uploads\/2025\/04\/BotifarraPrincipal02.jpg"}},"image_meta":{"aperture":"2.8","credit":"-","camera":"Canon EOS R3","caption":"Valencia, Comunidad Valenciana, 30\/03\/2025. Asistencia de la vicepresidenta primera de la Diputaci\u00f3n, Nat\u00e0lia Enguix, al concierto organizado por la Diputaci\u00f3 de Val\u00e8ncia y Pep Gimeno 'Botifarra' dentro de la gira 'Les veus secretes', proyecto subvencionado por\rel \u00e1rea de Igualdad de la Diputaci\u00f3n, en el Teatro Principal de Valencia.","created_timestamp":"1743352884","copyright":"Biel Ali\u00f1o","focal_length":"119","iso":"1250","shutter_speed":"0.004","title":"","orientation":"1","keywords":[]}},"post":260016,"source_url":"https:\/\/tucomarca.whitekongsoftware.com\/wp-content\/uploads\/2025\/04\/BotifarraPrincipal02.jpg","filename":"BotifarraPrincipal02.jpg","filesize":697859,"_links":{"self":[{"href":"https:\/\/tucomarca.whitekongsoftware.com\/ca\/wp-json\/wp\/v2\/media\/260010","targetHints":{"allow":["GET"]}}],"collection":[{"href":"https:\/\/tucomarca.whitekongsoftware.com\/ca\/wp-json\/wp\/v2\/media"}],"about":[{"href":"https:\/\/tucomarca.whitekongsoftware.com\/ca\/wp-json\/wp\/v2\/types\/attachment"}],"author":[{"embeddable":true,"href":"https:\/\/tucomarca.whitekongsoftware.com\/ca\/wp-json\/wp\/v2\/users\/12"}],"replies":[{"embeddable":true,"href":"https:\/\/tucomarca.whitekongsoftware.com\/ca\/wp-json\/wp\/v2\/comments?post=260010"}],"wp:attached-to":[{"embeddable":true,"post_type":"post","id":260016,"href":"https:\/\/tucomarca.whitekongsoftware.com\/ca\/wp-json\/wp\/v2\/posts\/260016"}],"curies":[{"name":"wp","href":"https:\/\/api.w.org\/{rel}","templated":true}]}}

<div class="mh-excerpt">Valencia, Comunidad Valenciana, 30/03/2025. Asistencia de la vicepresidenta primera de la Diputación, Natàlia Enguix, al concierto organizado por la Diputació de València y Pep Gimeno &#8216;Botifarra&#8217; dentro de la gira &#8216;Les veus secretes&#8217;, proyecto subvencionado por<br />
el área de Igualdad de la Diputación, en el Teatro Principal de Valencia.</div>
<p> <a class="mh-excerpt-more" href="https://tucomarca.whitekongsoftware.com/ca/el-teatre-principal-de-valencia-es-rendix-a-pep-gimeno-botifarra-amb-el-seu-concert-les-veus-secretes/botifarraprincipal02-2/" title="BotifarraPrincipal02">[+] </a></p>

Valencia, Comunidad Valenciana, 30/03/2025. Asistencia de la vicepresidenta primera de la Diputación, Natàlia Enguix, al concierto organizado por la Diputació de València y Pep Gimeno 'Botifarra' dentro de la gira 'Les veus secretes', proyecto subvencionado porel área de Igualdad de la Diputación, en el Teatro Principal de Valencia.

Biel Aliño
