{"id":177759,"date":"2017-02-06T15:24:26","date_gmt":"2017-02-06T12:24:26","guid":{"rendered":"http:\/\/www.tucomarca.com\/wordpress\/segunda\/wp-content\/uploads\/2017\/02\/embutidoRequena.jpg"},"modified":"2017-02-06T15:24:26","modified_gmt":"2017-02-06T12:24:26","slug":"embutidorequena-3","status":"inherit","type":"attachment","link":"https:\/\/tucomarca.whitekongsoftware.com\/ca\/la-xxviii-mostra-de-lembotit-de-requena-ja-te-canco-oficial\/embutidorequena-3\/","title":{"rendered":"embutidoRequena"},"author":1,"featured_media":0,"comment_status":"open","ping_status":"open","template":"","meta":[],"class_list":["post-177759","attachment","type-attachment","status-inherit"],"description":{"rendered":"<p class=\"attachment\"><a href='https:\/\/tucomarca.whitekongsoftware.com\/wp-content\/uploads\/2017\/02\/embutidoRequena.jpg'><img loading=\"lazy\" decoding=\"async\" width=\"300\" height=\"224\" src=\"https:\/\/tucomarca.whitekongsoftware.com\/wp-content\/uploads\/2017\/02\/embutidoRequena-300x224.jpg\" class=\"attachment-medium size-medium\" alt=\"\" srcset=\"https:\/\/tucomarca.whitekongsoftware.com\/wp-content\/uploads\/2017\/02\/embutidoRequena-300x224.jpg 300w, https:\/\/tucomarca.whitekongsoftware.com\/wp-content\/uploads\/2017\/02\/embutidoRequena-1024x767.jpg 1024w\" sizes=\"auto, (max-width: 300px) 100vw, 300px\" \/><\/a><\/p>\n<p>La feria gastron\u00f3mica, de las m\u00e1s destacadas de invierno de toda la Comunitat Valenciana, abre sus puertas los d\u00edas 10, 11 y 12 de febrero.<\/p>\n"},"caption":{"rendered":"<div class=\"mh-excerpt\">La feria gastron\u00f3mica, de las m\u00e1s destacadas de invierno de toda la Comunitat Valenciana, abre sus puertas los d\u00edas 10, 11 y 12 de febrero.<\/div>\n<p> <a class=\"mh-excerpt-more\" href=\"https:\/\/tucomarca.whitekongsoftware.com\/ca\/la-xxviii-mostra-de-lembotit-de-requena-ja-te-canco-oficial\/embutidorequena-3\/\" title=\"embutidoRequena\">[+] <\/a><\/p>\n"},"alt_text":"","media_type":"image","mime_type":"image\/jpeg","media_details":{"width":"2554","height":"1915","hwstring_small":"height='96' width='128'","file":"2017\/02\/embutidoRequena.jpg","sizes":{"thumbnail":{"file":"embutidoRequena-290x290.jpg","width":"290","height":"290","source_url":"https:\/\/tucomarca.whitekongsoftware.com\/wp-content\/uploads\/2017\/02\/embutidoRequena-290x290.jpg"},"medium":{"file":"embutidoRequena-300x224.jpg","width":"300","height":"224","source_url":"https:\/\/tucomarca.whitekongsoftware.com\/wp-content\/uploads\/2017\/02\/embutidoRequena-300x224.jpg"},"large":{"file":"embutidoRequena-1024x767.jpg","width":"1024","height":"767","source_url":"https:\/\/tucomarca.whitekongsoftware.com\/wp-content\/uploads\/2017\/02\/embutidoRequena-1024x767.jpg"},"post-thumbnail":{"file":"embutidoRequena-50x50.jpg","width":"50","height":"50","source_url":"https:\/\/tucomarca.whitekongsoftware.com\/wp-content\/uploads\/2017\/02\/embutidoRequena-50x50.jpg"},"gabfire":{"file":"embutidoRequena-1024x767.jpg","width":"1024","height":"767","source_url":"https:\/\/tucomarca.whitekongsoftware.com\/wp-content\/uploads\/2017\/02\/embutidoRequena-1024x767.jpg"},"full":{"file":"embutidoRequena.jpg","width":2554,"height":1915,"mime_type":"image\/jpeg","source_url":"https:\/\/tucomarca.whitekongsoftware.com\/wp-content\/uploads\/2017\/02\/embutidoRequena.jpg"}},"image_meta":{"aperture":"2.8","credit":"","camera":"Canon PowerShot S95","caption":"","created_timestamp":"1455277624","copyright":"","focal_length":"6","iso":"160","shutter_speed":"0.033333333333333","title":""}},"post":177758,"source_url":"https:\/\/tucomarca.whitekongsoftware.com\/wp-content\/uploads\/2017\/02\/embutidoRequena.jpg","filename":"embutidoRequena.jpg","filesize":null,"_links":{"self":[{"href":"https:\/\/tucomarca.whitekongsoftware.com\/ca\/wp-json\/wp\/v2\/media\/177759","targetHints":{"allow":["GET"]}}],"collection":[{"href":"https:\/\/tucomarca.whitekongsoftware.com\/ca\/wp-json\/wp\/v2\/media"}],"about":[{"href":"https:\/\/tucomarca.whitekongsoftware.com\/ca\/wp-json\/wp\/v2\/types\/attachment"}],"author":[{"embeddable":true,"href":"https:\/\/tucomarca.whitekongsoftware.com\/ca\/wp-json\/wp\/v2\/users\/1"}],"replies":[{"embeddable":true,"href":"https:\/\/tucomarca.whitekongsoftware.com\/ca\/wp-json\/wp\/v2\/comments?post=177759"}],"wp:attached-to":[{"embeddable":true,"post_type":"post","id":177758,"href":"https:\/\/tucomarca.whitekongsoftware.com\/ca\/wp-json\/wp\/v2\/posts\/177758"}],"curies":[{"name":"wp","href":"https:\/\/api.w.org\/{rel}","templated":true}]}}

<p class="attachment"><a href='https://tucomarca.whitekongsoftware.com/wp-content/uploads/2017/02/embutidoRequena.jpg'><img loading="lazy" decoding="async" width="300" height="224" src="https://tucomarca.whitekongsoftware.com/wp-content/uploads/2017/02/embutidoRequena-300x224.jpg" class="attachment-medium size-medium" alt="" srcset="https://tucomarca.whitekongsoftware.com/wp-content/uploads/2017/02/embutidoRequena-300x224.jpg 300w, https://tucomarca.whitekongsoftware.com/wp-content/uploads/2017/02/embutidoRequena-1024x767.jpg 1024w" sizes="auto, (max-width: 300px) 100vw, 300px" /></a></p>
<p>La feria gastronómica, de las más destacadas de invierno de toda la Comunitat Valenciana, abre sus puertas los días 10, 11 y 12 de febrero.</p>

<div class="mh-excerpt">La feria gastronómica, de las más destacadas de invierno de toda la Comunitat Valenciana, abre sus puertas los días 10, 11 y 12 de febrero.</div>
<p> <a class="mh-excerpt-more" href="https://tucomarca.whitekongsoftware.com/ca/la-xxviii-mostra-de-lembotit-de-requena-ja-te-canco-oficial/embutidorequena-3/" title="embutidoRequena">[+] </a></p>
