{"id":162737,"date":"2022-07-26T13:46:52","date_gmt":"2022-07-26T11:46:52","guid":{"rendered":"http:\/\/www.tucomarca.com\/wordpress\/segunda\/wp-content\/uploads\/2022\/07\/Exhibicion-gimnasia-ritmica-en-Bunol.jpg"},"modified":"2022-07-26T13:46:52","modified_gmt":"2022-07-26T11:46:52","slug":"exhibicion-gimnasia-ritmica-en-bunol-2","status":"inherit","type":"attachment","link":"https:\/\/tucomarca.whitekongsoftware.com\/ca\/el-pavello-municipal-pablo-cusi-sierra-del-planell-de-bunyol-alberga-una-espectacular-exhibicio-de-gimnastica-ritmica\/exhibicion-gimnasia-ritmica-en-bunol-2\/","title":{"rendered":"Exhibici\u00f3n gimnasia r\u00edtmica en Bu\u00f1ol"},"author":13,"featured_media":0,"comment_status":"open","ping_status":"closed","template":"","meta":[],"class_list":["post-162737","attachment","type-attachment","status-inherit"],"description":{"rendered":"<p class=\"attachment\"><a href='https:\/\/tucomarca.whitekongsoftware.com\/wp-content\/uploads\/2022\/07\/Exhibicion-gimnasia-ritmica-en-Bunol.jpg'><img loading=\"lazy\" decoding=\"async\" width=\"212\" height=\"300\" src=\"https:\/\/tucomarca.whitekongsoftware.com\/wp-content\/uploads\/2022\/07\/Exhibicion-gimnasia-ritmica-en-Bunol-212x300.jpg\" class=\"attachment-medium size-medium\" alt=\"\" srcset=\"https:\/\/tucomarca.whitekongsoftware.com\/wp-content\/uploads\/2022\/07\/Exhibicion-gimnasia-ritmica-en-Bunol-212x300.jpg 212w, https:\/\/tucomarca.whitekongsoftware.com\/wp-content\/uploads\/2022\/07\/Exhibicion-gimnasia-ritmica-en-Bunol.jpg 707w\" sizes=\"auto, (max-width: 212px) 100vw, 212px\" \/><\/a><\/p>\n"},"caption":{"rendered":"<div class=\"mh-excerpt\"><\/div>\n"},"alt_text":"","media_type":"image","mime_type":"image\/jpeg","media_details":{"width":707,"height":1000,"file":"2022\/07\/Exhibicion-gimnasia-ritmica-en-Bunol.jpg","sizes":{"medium":{"file":"Exhibicion-gimnasia-ritmica-en-Bunol-212x300.jpg","width":212,"height":300,"mime_type":"image\/jpeg","source_url":"https:\/\/tucomarca.whitekongsoftware.com\/wp-content\/uploads\/2022\/07\/Exhibicion-gimnasia-ritmica-en-Bunol-212x300.jpg"},"thumbnail":{"file":"Exhibicion-gimnasia-ritmica-en-Bunol-290x290.jpg","width":290,"height":290,"mime_type":"image\/jpeg","source_url":"https:\/\/tucomarca.whitekongsoftware.com\/wp-content\/uploads\/2022\/07\/Exhibicion-gimnasia-ritmica-en-Bunol-290x290.jpg"},"mh-magazine-slider":{"file":"Exhibicion-gimnasia-ritmica-en-Bunol-707x438.jpg","width":707,"height":438,"mime_type":"image\/jpeg","source_url":"https:\/\/tucomarca.whitekongsoftware.com\/wp-content\/uploads\/2022\/07\/Exhibicion-gimnasia-ritmica-en-Bunol-707x438.jpg"},"mh-magazine-content":{"file":"Exhibicion-gimnasia-ritmica-en-Bunol-678x381.jpg","width":678,"height":381,"mime_type":"image\/jpeg","source_url":"https:\/\/tucomarca.whitekongsoftware.com\/wp-content\/uploads\/2022\/07\/Exhibicion-gimnasia-ritmica-en-Bunol-678x381.jpg"},"mh-magazine-large":{"file":"Exhibicion-gimnasia-ritmica-en-Bunol-678x509.jpg","width":678,"height":509,"mime_type":"image\/jpeg","source_url":"https:\/\/tucomarca.whitekongsoftware.com\/wp-content\/uploads\/2022\/07\/Exhibicion-gimnasia-ritmica-en-Bunol-678x509.jpg"},"mh-magazine-medium":{"file":"Exhibicion-gimnasia-ritmica-en-Bunol-326x245.jpg","width":326,"height":245,"mime_type":"image\/jpeg","source_url":"https:\/\/tucomarca.whitekongsoftware.com\/wp-content\/uploads\/2022\/07\/Exhibicion-gimnasia-ritmica-en-Bunol-326x245.jpg"},"mh-magazine-small":{"file":"Exhibicion-gimnasia-ritmica-en-Bunol-80x60.jpg","width":80,"height":60,"mime_type":"image\/jpeg","source_url":"https:\/\/tucomarca.whitekongsoftware.com\/wp-content\/uploads\/2022\/07\/Exhibicion-gimnasia-ritmica-en-Bunol-80x60.jpg"},"full":{"file":"Exhibicion-gimnasia-ritmica-en-Bunol.jpg","width":707,"height":1000,"mime_type":"image\/jpeg","source_url":"https:\/\/tucomarca.whitekongsoftware.com\/wp-content\/uploads\/2022\/07\/Exhibicion-gimnasia-ritmica-en-Bunol.jpg"}},"image_meta":{"aperture":"0","credit":"","camera":"","caption":"","created_timestamp":"0","copyright":"","focal_length":"0","iso":"0","shutter_speed":"0","title":"","orientation":"0","keywords":[]}},"post":162739,"source_url":"https:\/\/tucomarca.whitekongsoftware.com\/wp-content\/uploads\/2022\/07\/Exhibicion-gimnasia-ritmica-en-Bunol.jpg","filename":"Exhibicion-gimnasia-ritmica-en-Bunol.jpg","filesize":null,"_links":{"self":[{"href":"https:\/\/tucomarca.whitekongsoftware.com\/ca\/wp-json\/wp\/v2\/media\/162737","targetHints":{"allow":["GET"]}}],"collection":[{"href":"https:\/\/tucomarca.whitekongsoftware.com\/ca\/wp-json\/wp\/v2\/media"}],"about":[{"href":"https:\/\/tucomarca.whitekongsoftware.com\/ca\/wp-json\/wp\/v2\/types\/attachment"}],"author":[{"embeddable":true,"href":"https:\/\/tucomarca.whitekongsoftware.com\/ca\/wp-json\/wp\/v2\/users\/13"}],"replies":[{"embeddable":true,"href":"https:\/\/tucomarca.whitekongsoftware.com\/ca\/wp-json\/wp\/v2\/comments?post=162737"}],"wp:attached-to":[{"embeddable":true,"post_type":"post","id":162739,"href":"https:\/\/tucomarca.whitekongsoftware.com\/ca\/wp-json\/wp\/v2\/posts\/162739"}],"curies":[{"name":"wp","href":"https:\/\/api.w.org\/{rel}","templated":true}]}}

Exhibición gimnasia rítmica en Buñol
