{"id":157901,"date":"2022-05-24T13:18:05","date_gmt":"2022-05-24T11:18:05","guid":{"rendered":"http:\/\/www.tucomarca.com\/wordpress\/segunda\/wp-content\/uploads\/2022\/05\/AmicFiccionsPremis1.jpg"},"modified":"2022-05-24T13:19:14","modified_gmt":"2022-05-24T11:19:14","slug":"amicficcionspremis1-2","status":"inherit","type":"attachment","link":"https:\/\/tucomarca.whitekongsoftware.com\/ca\/aina-brisa-pedron-i-marina-duart-ciscar-guanyen-el-premi-a-la-millor-historia-del-pais-valencia-en-la-14a-edicio-damic-ficcions-2022\/amicficcionspremis1-2\/","title":{"rendered":"AmicFiccionsPremis1"},"author":12,"featured_media":0,"comment_status":"open","ping_status":"closed","template":"","meta":[],"class_list":["post-157901","attachment","type-attachment","status-inherit"],"description":{"rendered":"<p class=\"attachment\"><a href='https:\/\/tucomarca.whitekongsoftware.com\/wp-content\/uploads\/2022\/05\/AmicFiccionsPremis1.jpg'><img loading=\"lazy\" decoding=\"async\" width=\"300\" height=\"200\" src=\"https:\/\/tucomarca.whitekongsoftware.com\/wp-content\/uploads\/2022\/05\/AmicFiccionsPremis1-300x200.jpg\" class=\"attachment-medium size-medium\" alt=\"\" srcset=\"https:\/\/tucomarca.whitekongsoftware.com\/wp-content\/uploads\/2022\/05\/AmicFiccionsPremis1-300x200.jpg 300w, https:\/\/tucomarca.whitekongsoftware.com\/wp-content\/uploads\/2022\/05\/AmicFiccionsPremis1-1024x682.jpg 1024w, https:\/\/tucomarca.whitekongsoftware.com\/wp-content\/uploads\/2022\/05\/AmicFiccionsPremis1-768x512.jpg 768w, https:\/\/tucomarca.whitekongsoftware.com\/wp-content\/uploads\/2022\/05\/AmicFiccionsPremis1.jpg 1181w\" sizes=\"auto, (max-width: 300px) 100vw, 300px\" \/><\/a><\/p>\n"},"caption":{"rendered":"<div class=\"mh-excerpt\">Guanyadores de la Millor Hist\u00f2ria del Pa\u00eds Valenci\u00e0 de la 14a edici\u00f3 AMIC-Ficcions, juntament amb Immaculada \u00c0ngel Carbonell.<\/div>\n<p> <a class=\"mh-excerpt-more\" href=\"https:\/\/tucomarca.whitekongsoftware.com\/ca\/aina-brisa-pedron-i-marina-duart-ciscar-guanyen-el-premi-a-la-millor-historia-del-pais-valencia-en-la-14a-edicio-damic-ficcions-2022\/amicficcionspremis1-2\/\" title=\"AmicFiccionsPremis1\">[+] <\/a><\/p>\n"},"alt_text":"","media_type":"image","mime_type":"image\/jpeg","media_details":{"width":1181,"height":787,"file":"2022\/05\/AmicFiccionsPremis1.jpg","sizes":{"medium":{"file":"AmicFiccionsPremis1-300x200.jpg","width":300,"height":200,"mime_type":"image\/jpeg","source_url":"https:\/\/tucomarca.whitekongsoftware.com\/wp-content\/uploads\/2022\/05\/AmicFiccionsPremis1-300x200.jpg"},"large":{"file":"AmicFiccionsPremis1-1024x682.jpg","width":1024,"height":682,"mime_type":"image\/jpeg","source_url":"https:\/\/tucomarca.whitekongsoftware.com\/wp-content\/uploads\/2022\/05\/AmicFiccionsPremis1-1024x682.jpg"},"thumbnail":{"file":"AmicFiccionsPremis1-290x290.jpg","width":290,"height":290,"mime_type":"image\/jpeg","source_url":"https:\/\/tucomarca.whitekongsoftware.com\/wp-content\/uploads\/2022\/05\/AmicFiccionsPremis1-290x290.jpg"},"medium_large":{"file":"AmicFiccionsPremis1-768x512.jpg","width":768,"height":512,"mime_type":"image\/jpeg","source_url":"https:\/\/tucomarca.whitekongsoftware.com\/wp-content\/uploads\/2022\/05\/AmicFiccionsPremis1-768x512.jpg"},"mh-magazine-slider":{"file":"AmicFiccionsPremis1-1030x438.jpg","width":1030,"height":438,"mime_type":"image\/jpeg","source_url":"https:\/\/tucomarca.whitekongsoftware.com\/wp-content\/uploads\/2022\/05\/AmicFiccionsPremis1-1030x438.jpg"},"mh-magazine-content":{"file":"AmicFiccionsPremis1-678x381.jpg","width":678,"height":381,"mime_type":"image\/jpeg","source_url":"https:\/\/tucomarca.whitekongsoftware.com\/wp-content\/uploads\/2022\/05\/AmicFiccionsPremis1-678x381.jpg"},"mh-magazine-large":{"file":"AmicFiccionsPremis1-678x509.jpg","width":678,"height":509,"mime_type":"image\/jpeg","source_url":"https:\/\/tucomarca.whitekongsoftware.com\/wp-content\/uploads\/2022\/05\/AmicFiccionsPremis1-678x509.jpg"},"mh-magazine-medium":{"file":"AmicFiccionsPremis1-326x245.jpg","width":326,"height":245,"mime_type":"image\/jpeg","source_url":"https:\/\/tucomarca.whitekongsoftware.com\/wp-content\/uploads\/2022\/05\/AmicFiccionsPremis1-326x245.jpg"},"mh-magazine-small":{"file":"AmicFiccionsPremis1-80x60.jpg","width":80,"height":60,"mime_type":"image\/jpeg","source_url":"https:\/\/tucomarca.whitekongsoftware.com\/wp-content\/uploads\/2022\/05\/AmicFiccionsPremis1-80x60.jpg"},"full":{"file":"AmicFiccionsPremis1.jpg","width":1181,"height":787,"mime_type":"image\/jpeg","source_url":"https:\/\/tucomarca.whitekongsoftware.com\/wp-content\/uploads\/2022\/05\/AmicFiccionsPremis1.jpg"}},"image_meta":{"aperture":"3.8","credit":"","camera":"NIKON D5300","caption":"","created_timestamp":"1652978222","copyright":"","focal_length":"21","iso":"1600","shutter_speed":"0.01","title":"","orientation":"1","keywords":[]}},"post":157904,"source_url":"https:\/\/tucomarca.whitekongsoftware.com\/wp-content\/uploads\/2022\/05\/AmicFiccionsPremis1.jpg","filename":"AmicFiccionsPremis1.jpg","filesize":null,"_links":{"self":[{"href":"https:\/\/tucomarca.whitekongsoftware.com\/ca\/wp-json\/wp\/v2\/media\/157901","targetHints":{"allow":["GET"]}}],"collection":[{"href":"https:\/\/tucomarca.whitekongsoftware.com\/ca\/wp-json\/wp\/v2\/media"}],"about":[{"href":"https:\/\/tucomarca.whitekongsoftware.com\/ca\/wp-json\/wp\/v2\/types\/attachment"}],"author":[{"embeddable":true,"href":"https:\/\/tucomarca.whitekongsoftware.com\/ca\/wp-json\/wp\/v2\/users\/12"}],"replies":[{"embeddable":true,"href":"https:\/\/tucomarca.whitekongsoftware.com\/ca\/wp-json\/wp\/v2\/comments?post=157901"}],"wp:attached-to":[{"embeddable":true,"post_type":"post","id":157904,"href":"https:\/\/tucomarca.whitekongsoftware.com\/ca\/wp-json\/wp\/v2\/posts\/157904"}],"curies":[{"name":"wp","href":"https:\/\/api.w.org\/{rel}","templated":true}]}}

<div class="mh-excerpt">Guanyadores de la Millor Història del País Valencià de la 14a edició AMIC-Ficcions, juntament amb Immaculada Àngel Carbonell.</div>
<p> <a class="mh-excerpt-more" href="https://tucomarca.whitekongsoftware.com/ca/aina-brisa-pedron-i-marina-duart-ciscar-guanyen-el-premi-a-la-millor-historia-del-pais-valencia-en-la-14a-edicio-damic-ficcions-2022/amicficcionspremis1-2/" title="AmicFiccionsPremis1">[+] </a></p>
