{"id":141403,"date":"2021-09-21T20:55:05","date_gmt":"2021-09-21T19:55:05","guid":{"rendered":"http:\/\/www.tucomarca.com\/wordpress\/segunda\/wp-content\/uploads\/2021\/09\/25-09-2021-Gala-Lirica-en-homenaje-a-Jose-Maria-Cervera-Lloret.jpg"},"modified":"2021-09-21T20:55:05","modified_gmt":"2021-09-21T19:55:05","slug":"25-09-2021-gala-lirica-en-homenaje-a-jose-maria-cervera-lloret-2","status":"inherit","type":"attachment","link":"https:\/\/tucomarca.whitekongsoftware.com\/ca\/montserrat-marti-caballe-i-javier-palacios-en-la-gala-lirica-dhomenatge-a-jose-maria-cervera-lloret-dalboraig\/25-09-2021-gala-lirica-en-homenaje-a-jose-maria-cervera-lloret-2\/","title":{"rendered":"25 09 2021 Gala L\u00edrica en homenaje a Jos\u00e9 Mar\u00eda Cervera Lloret"},"author":1,"featured_media":0,"comment_status":"open","ping_status":"closed","template":"","meta":[],"class_list":["post-141403","attachment","type-attachment","status-inherit"],"description":{"rendered":"<p class=\"attachment\"><a href='https:\/\/tucomarca.whitekongsoftware.com\/wp-content\/uploads\/2021\/09\/25-09-2021-Gala-Lirica-en-homenaje-a-Jose-Maria-Cervera-Lloret.jpg'><img loading=\"lazy\" decoding=\"async\" width=\"213\" height=\"300\" src=\"https:\/\/tucomarca.whitekongsoftware.com\/wp-content\/uploads\/2021\/09\/25-09-2021-Gala-Lirica-en-homenaje-a-Jose-Maria-Cervera-Lloret-213x300.jpg\" class=\"attachment-medium size-medium\" alt=\"\" srcset=\"https:\/\/tucomarca.whitekongsoftware.com\/wp-content\/uploads\/2021\/09\/25-09-2021-Gala-Lirica-en-homenaje-a-Jose-Maria-Cervera-Lloret-213x300.jpg 213w, https:\/\/tucomarca.whitekongsoftware.com\/wp-content\/uploads\/2021\/09\/25-09-2021-Gala-Lirica-en-homenaje-a-Jose-Maria-Cervera-Lloret.jpg 455w\" sizes=\"auto, (max-width: 213px) 100vw, 213px\" \/><\/a><\/p>\n"},"caption":{"rendered":"<div class=\"mh-excerpt\"><\/div>\n"},"alt_text":"","media_type":"image","mime_type":"image\/jpeg","media_details":{"width":455,"height":640,"file":"2021\/09\/25-09-2021-Gala-Lirica-en-homenaje-a-Jose-Maria-Cervera-Lloret.jpg","sizes":{"medium":{"file":"25-09-2021-Gala-Lirica-en-homenaje-a-Jose-Maria-Cervera-Lloret-213x300.jpg","width":213,"height":300,"mime_type":"image\/jpeg","source_url":"https:\/\/tucomarca.whitekongsoftware.com\/wp-content\/uploads\/2021\/09\/25-09-2021-Gala-Lirica-en-homenaje-a-Jose-Maria-Cervera-Lloret-213x300.jpg"},"thumbnail":{"file":"25-09-2021-Gala-Lirica-en-homenaje-a-Jose-Maria-Cervera-Lloret-290x290.jpg","width":290,"height":290,"mime_type":"image\/jpeg","source_url":"https:\/\/tucomarca.whitekongsoftware.com\/wp-content\/uploads\/2021\/09\/25-09-2021-Gala-Lirica-en-homenaje-a-Jose-Maria-Cervera-Lloret-290x290.jpg"},"mh-magazine-slider":{"file":"25-09-2021-Gala-Lirica-en-homenaje-a-Jose-Maria-Cervera-Lloret-455x438.jpg","width":455,"height":438,"mime_type":"image\/jpeg","source_url":"https:\/\/tucomarca.whitekongsoftware.com\/wp-content\/uploads\/2021\/09\/25-09-2021-Gala-Lirica-en-homenaje-a-Jose-Maria-Cervera-Lloret-455x438.jpg"},"mh-magazine-content":{"file":"25-09-2021-Gala-Lirica-en-homenaje-a-Jose-Maria-Cervera-Lloret-455x381.jpg","width":455,"height":381,"mime_type":"image\/jpeg","source_url":"https:\/\/tucomarca.whitekongsoftware.com\/wp-content\/uploads\/2021\/09\/25-09-2021-Gala-Lirica-en-homenaje-a-Jose-Maria-Cervera-Lloret-455x381.jpg"},"mh-magazine-large":{"file":"25-09-2021-Gala-Lirica-en-homenaje-a-Jose-Maria-Cervera-Lloret-455x509.jpg","width":455,"height":509,"mime_type":"image\/jpeg","source_url":"https:\/\/tucomarca.whitekongsoftware.com\/wp-content\/uploads\/2021\/09\/25-09-2021-Gala-Lirica-en-homenaje-a-Jose-Maria-Cervera-Lloret-455x509.jpg"},"mh-magazine-medium":{"file":"25-09-2021-Gala-Lirica-en-homenaje-a-Jose-Maria-Cervera-Lloret-326x245.jpg","width":326,"height":245,"mime_type":"image\/jpeg","source_url":"https:\/\/tucomarca.whitekongsoftware.com\/wp-content\/uploads\/2021\/09\/25-09-2021-Gala-Lirica-en-homenaje-a-Jose-Maria-Cervera-Lloret-326x245.jpg"},"mh-magazine-small":{"file":"25-09-2021-Gala-Lirica-en-homenaje-a-Jose-Maria-Cervera-Lloret-80x60.jpg","width":80,"height":60,"mime_type":"image\/jpeg","source_url":"https:\/\/tucomarca.whitekongsoftware.com\/wp-content\/uploads\/2021\/09\/25-09-2021-Gala-Lirica-en-homenaje-a-Jose-Maria-Cervera-Lloret-80x60.jpg"},"full":{"file":"25-09-2021-Gala-Lirica-en-homenaje-a-Jose-Maria-Cervera-Lloret.jpg","width":455,"height":640,"mime_type":"image\/jpeg","source_url":"https:\/\/tucomarca.whitekongsoftware.com\/wp-content\/uploads\/2021\/09\/25-09-2021-Gala-Lirica-en-homenaje-a-Jose-Maria-Cervera-Lloret.jpg"}},"image_meta":{"aperture":"0","credit":"","camera":"","caption":"","created_timestamp":"1630412834","copyright":"","focal_length":"0","iso":"0","shutter_speed":"0","title":"","orientation":"0","keywords":[]}},"post":141405,"source_url":"https:\/\/tucomarca.whitekongsoftware.com\/wp-content\/uploads\/2021\/09\/25-09-2021-Gala-Lirica-en-homenaje-a-Jose-Maria-Cervera-Lloret.jpg","filename":"25-09-2021-Gala-Lirica-en-homenaje-a-Jose-Maria-Cervera-Lloret.jpg","filesize":null,"_links":{"self":[{"href":"https:\/\/tucomarca.whitekongsoftware.com\/ca\/wp-json\/wp\/v2\/media\/141403","targetHints":{"allow":["GET"]}}],"collection":[{"href":"https:\/\/tucomarca.whitekongsoftware.com\/ca\/wp-json\/wp\/v2\/media"}],"about":[{"href":"https:\/\/tucomarca.whitekongsoftware.com\/ca\/wp-json\/wp\/v2\/types\/attachment"}],"author":[{"embeddable":true,"href":"https:\/\/tucomarca.whitekongsoftware.com\/ca\/wp-json\/wp\/v2\/users\/1"}],"replies":[{"embeddable":true,"href":"https:\/\/tucomarca.whitekongsoftware.com\/ca\/wp-json\/wp\/v2\/comments?post=141403"}],"wp:attached-to":[{"embeddable":true,"post_type":"post","id":141405,"href":"https:\/\/tucomarca.whitekongsoftware.com\/ca\/wp-json\/wp\/v2\/posts\/141405"}],"curies":[{"name":"wp","href":"https:\/\/api.w.org\/{rel}","templated":true}]}}

25 09 2021 Gala Lírica en homenaje a José María Cervera Lloret
