{"id":128530,"date":"2021-03-14T13:07:52","date_gmt":"2021-03-14T12:07:52","guid":{"rendered":"http:\/\/www.tucomarca.com\/wordpress\/segunda\/wp-content\/uploads\/2021\/03\/Utiel.jpg"},"modified":"2021-03-14T13:08:05","modified_gmt":"2021-03-14T12:08:05","slug":"utiel-12-2","status":"inherit","type":"attachment","link":"https:\/\/tucomarca.whitekongsoftware.com\/ca\/la-diputacio-licita-las-obras-de-mejora-del-tramo-de-la-cv-450-entre-la-aldea-de-san-antonio-y-utiel\/utiel-12-2\/","title":{"rendered":"Utiel"},"author":12,"featured_media":0,"comment_status":"open","ping_status":"closed","template":"","meta":[],"class_list":["post-128530","attachment","type-attachment","status-inherit"],"description":{"rendered":"<p class=\"attachment\"><a href='https:\/\/tucomarca.whitekongsoftware.com\/wp-content\/uploads\/2021\/03\/Utiel.jpg'><img loading=\"lazy\" decoding=\"async\" width=\"300\" height=\"102\" src=\"https:\/\/tucomarca.whitekongsoftware.com\/wp-content\/uploads\/2021\/03\/Utiel-300x102.jpg\" class=\"attachment-medium size-medium\" alt=\"\" srcset=\"https:\/\/tucomarca.whitekongsoftware.com\/wp-content\/uploads\/2021\/03\/Utiel-300x102.jpg 300w, https:\/\/tucomarca.whitekongsoftware.com\/wp-content\/uploads\/2021\/03\/Utiel-1024x349.jpg 1024w, https:\/\/tucomarca.whitekongsoftware.com\/wp-content\/uploads\/2021\/03\/Utiel-768x262.jpg 768w, https:\/\/tucomarca.whitekongsoftware.com\/wp-content\/uploads\/2021\/03\/Utiel.jpg 1473w\" sizes=\"auto, (max-width: 300px) 100vw, 300px\" \/><\/a><\/p>\n<p>Con una inversi\u00f3n de 1,2 millones de euros, se trata de la \u00faltima fase de las actuaciones de acondicionamiento en la carretera que une Utiel y El Pont\u00f3n<\/p>\n"},"caption":{"rendered":"<div class=\"mh-excerpt\">Con una inversi\u00f3n de 1,2 millones de euros, se trata de la \u00faltima fase de las actuaciones de acondicionamiento en la carretera que une Utiel y El Pont\u00f3n<\/div>\n<p> <a class=\"mh-excerpt-more\" href=\"https:\/\/tucomarca.whitekongsoftware.com\/ca\/la-diputacio-licita-las-obras-de-mejora-del-tramo-de-la-cv-450-entre-la-aldea-de-san-antonio-y-utiel\/utiel-12-2\/\" title=\"Utiel\">[+] <\/a><\/p>\n"},"alt_text":"","media_type":"image","mime_type":"image\/jpeg","media_details":{"width":1473,"height":502,"file":"2021\/03\/Utiel.jpg","sizes":{"medium":{"file":"Utiel-300x102.jpg","width":300,"height":102,"mime_type":"image\/jpeg","source_url":"https:\/\/tucomarca.whitekongsoftware.com\/wp-content\/uploads\/2021\/03\/Utiel-300x102.jpg"},"large":{"file":"Utiel-1024x349.jpg","width":1024,"height":349,"mime_type":"image\/jpeg","source_url":"https:\/\/tucomarca.whitekongsoftware.com\/wp-content\/uploads\/2021\/03\/Utiel-1024x349.jpg"},"thumbnail":{"file":"Utiel-290x290.jpg","width":290,"height":290,"mime_type":"image\/jpeg","source_url":"https:\/\/tucomarca.whitekongsoftware.com\/wp-content\/uploads\/2021\/03\/Utiel-290x290.jpg"},"medium_large":{"file":"Utiel-768x262.jpg","width":768,"height":262,"mime_type":"image\/jpeg","source_url":"https:\/\/tucomarca.whitekongsoftware.com\/wp-content\/uploads\/2021\/03\/Utiel-768x262.jpg"},"mh-magazine-slider":{"file":"Utiel-1030x438.jpg","width":1030,"height":438,"mime_type":"image\/jpeg","source_url":"https:\/\/tucomarca.whitekongsoftware.com\/wp-content\/uploads\/2021\/03\/Utiel-1030x438.jpg"},"mh-magazine-content":{"file":"Utiel-678x381.jpg","width":678,"height":381,"mime_type":"image\/jpeg","source_url":"https:\/\/tucomarca.whitekongsoftware.com\/wp-content\/uploads\/2021\/03\/Utiel-678x381.jpg"},"mh-magazine-large":{"file":"Utiel-678x502.jpg","width":678,"height":502,"mime_type":"image\/jpeg","source_url":"https:\/\/tucomarca.whitekongsoftware.com\/wp-content\/uploads\/2021\/03\/Utiel-678x502.jpg"},"mh-magazine-medium":{"file":"Utiel-326x245.jpg","width":326,"height":245,"mime_type":"image\/jpeg","source_url":"https:\/\/tucomarca.whitekongsoftware.com\/wp-content\/uploads\/2021\/03\/Utiel-326x245.jpg"},"mh-magazine-small":{"file":"Utiel-80x60.jpg","width":80,"height":60,"mime_type":"image\/jpeg","source_url":"https:\/\/tucomarca.whitekongsoftware.com\/wp-content\/uploads\/2021\/03\/Utiel-80x60.jpg"},"full":{"file":"Utiel.jpg","width":1473,"height":502,"mime_type":"image\/jpeg","source_url":"https:\/\/tucomarca.whitekongsoftware.com\/wp-content\/uploads\/2021\/03\/Utiel.jpg"}},"image_meta":{"aperture":"0","credit":"","camera":"","caption":"","created_timestamp":"0","copyright":"","focal_length":"0","iso":"0","shutter_speed":"0","title":"","orientation":"0","keywords":[]}},"post":128531,"source_url":"https:\/\/tucomarca.whitekongsoftware.com\/wp-content\/uploads\/2021\/03\/Utiel.jpg","filename":"Utiel.jpg","filesize":null,"_links":{"self":[{"href":"https:\/\/tucomarca.whitekongsoftware.com\/ca\/wp-json\/wp\/v2\/media\/128530","targetHints":{"allow":["GET"]}}],"collection":[{"href":"https:\/\/tucomarca.whitekongsoftware.com\/ca\/wp-json\/wp\/v2\/media"}],"about":[{"href":"https:\/\/tucomarca.whitekongsoftware.com\/ca\/wp-json\/wp\/v2\/types\/attachment"}],"author":[{"embeddable":true,"href":"https:\/\/tucomarca.whitekongsoftware.com\/ca\/wp-json\/wp\/v2\/users\/12"}],"replies":[{"embeddable":true,"href":"https:\/\/tucomarca.whitekongsoftware.com\/ca\/wp-json\/wp\/v2\/comments?post=128530"}],"wp:attached-to":[{"embeddable":true,"post_type":"post","id":128531,"href":"https:\/\/tucomarca.whitekongsoftware.com\/ca\/wp-json\/wp\/v2\/posts\/128531"}],"curies":[{"name":"wp","href":"https:\/\/api.w.org\/{rel}","templated":true}]}}

<p class="attachment"><a href='https://tucomarca.whitekongsoftware.com/wp-content/uploads/2021/03/Utiel.jpg'><img loading="lazy" decoding="async" width="300" height="102" src="https://tucomarca.whitekongsoftware.com/wp-content/uploads/2021/03/Utiel-300x102.jpg" class="attachment-medium size-medium" alt="" srcset="https://tucomarca.whitekongsoftware.com/wp-content/uploads/2021/03/Utiel-300x102.jpg 300w, https://tucomarca.whitekongsoftware.com/wp-content/uploads/2021/03/Utiel-1024x349.jpg 1024w, https://tucomarca.whitekongsoftware.com/wp-content/uploads/2021/03/Utiel-768x262.jpg 768w, https://tucomarca.whitekongsoftware.com/wp-content/uploads/2021/03/Utiel.jpg 1473w" sizes="auto, (max-width: 300px) 100vw, 300px" /></a></p>
<p>Con una inversión de 1,2 millones de euros, se trata de la última fase de las actuaciones de acondicionamiento en la carretera que une Utiel y El Pontón</p>

<div class="mh-excerpt">Con una inversión de 1,2 millones de euros, se trata de la última fase de las actuaciones de acondicionamiento en la carretera que une Utiel y El Pontón</div>
<p> <a class="mh-excerpt-more" href="https://tucomarca.whitekongsoftware.com/ca/la-diputacio-licita-las-obras-de-mejora-del-tramo-de-la-cv-450-entre-la-aldea-de-san-antonio-y-utiel/utiel-12-2/" title="Utiel">[+] </a></p>
