{"id":128464,"date":"2021-03-12T14:41:01","date_gmt":"2021-03-12T13:41:01","guid":{"rendered":"http:\/\/www.tucomarca.com\/wordpress\/segunda\/wp-content\/uploads\/2021\/03\/GreenpeaceCofrentes2.jpg"},"modified":"2021-03-12T14:41:01","modified_gmt":"2021-03-12T13:41:01","slug":"accin-activistas-se-encadenan-en-el-acceso-a-la-central-nu-2","status":"inherit","type":"attachment","link":"https:\/\/tucomarca.whitekongsoftware.com\/ca\/activistes-de-greenpeace-sencadenen-en-lacces-a-la-central-nuclear-de-cofrentes-per-a-demanar-al-govern-el-seu-tancament-definitiu\/accin-activistas-se-encadenan-en-el-acceso-a-la-central-nu-2\/","title":{"rendered":"\u00b0ACCI\u201dN! Activistas se encadenan en el acceso a la central nu"},"author":12,"featured_media":0,"comment_status":"open","ping_status":"closed","template":"","meta":[],"class_list":["post-128464","attachment","type-attachment","status-inherit"],"description":{"rendered":"<p class=\"attachment\"><a href='https:\/\/tucomarca.whitekongsoftware.com\/wp-content\/uploads\/2021\/03\/GreenpeaceCofrentes2.jpg'><img loading=\"lazy\" decoding=\"async\" width=\"300\" height=\"200\" src=\"https:\/\/tucomarca.whitekongsoftware.com\/wp-content\/uploads\/2021\/03\/GreenpeaceCofrentes2-300x200.jpg\" class=\"attachment-medium size-medium\" alt=\"\" srcset=\"https:\/\/tucomarca.whitekongsoftware.com\/wp-content\/uploads\/2021\/03\/GreenpeaceCofrentes2-300x200.jpg 300w, https:\/\/tucomarca.whitekongsoftware.com\/wp-content\/uploads\/2021\/03\/GreenpeaceCofrentes2-768x511.jpg 768w, https:\/\/tucomarca.whitekongsoftware.com\/wp-content\/uploads\/2021\/03\/GreenpeaceCofrentes2.jpg 787w\" sizes=\"auto, (max-width: 300px) 100vw, 300px\" \/><\/a><\/p>\n"},"caption":{"rendered":"<div class=\"mh-excerpt\">11\/03\/2021. Cofrentes, Valencia, Comunidad Valenciana, Espa\u00d2a.rrActivistas de Greenpeace se encadenan en el acceso a la central nuclear de Cofrentes (Valencia) para pedir al Gobierno su cierre definitivo. Coincidiendo con el 10\u222b aniversario del accidente de Fukushima, la organizaci\u00dbn ecologista rdemanda al Gobierno que no repita el error cometido hace una d\u00c8cada al conceder una nueva licencia de funcionamiento a la central, que expira el pr\u00dbximo 20 de marzo.rrHoy no es un d\u00cca cualquiera: hace una d\u00c8cada, en febrero de 2011, una veintena de activistas de Greenpeace entraron en la central nuclear de Cofrentes y escalaron a una de las torres de refrigeraci\u00dbn. En esa acci\u00dbn pintaron en la torre de refrigeraci\u00dbn el mensaje \u00ecPeligro Nuclear\u00ee para exigir que no se renovara la licencia para que siguiese operando. Pocos d\u00ccas despu\u00c8s, un 11 de marzo como hoy, en Jap\u00dbn, la Central nuclear de Fukushima pasaba a la historia por sufrir el peor desastre nuclear desde Chern\u00dbbil en 1986.rrDespu\u00c8s de una d\u00c8cada, volvemos al lugar de los hechos para exigir, una vez m\u00b7s, que no se renueve la licencia de Cofrentes porque si algo hemos aprendido en este tiempo, es que que las nucleares son instalaciones envejecidas y que no las necesitamos para mantener la seguridad del suministro; y por lo tanto, no debemos renovar sus licencias sin, adem\u00b7s, la participaci\u00dbn de la ciudadan\u00cca en la toma de decisiones (algo que s\u00cc se pide para cualquier peque\u00d2a instalaci\u00dbn energ\u00c8tica y renovable).r\u00a9Greenpeace\/Pedro Armestrerr\u00a9Greenpeace Handout\/Pedro ARMESTRE &#8211; No sales &#8211; No Archives &#8211; Editorial Use Only &#8211; Free use only for 14 days after release. Photo provided by GREENPEACE, distributed handout photo to be used only to illustrate news reporting or commentary on the facts or events depicted in this image.<\/div>\n<p> <a class=\"mh-excerpt-more\" href=\"https:\/\/tucomarca.whitekongsoftware.com\/ca\/activistes-de-greenpeace-sencadenen-en-lacces-a-la-central-nuclear-de-cofrentes-per-a-demanar-al-govern-el-seu-tancament-definitiu\/accin-activistas-se-encadenan-en-el-acceso-a-la-central-nu-2\/\" title=\"\u00b0ACCI\u201dN! Activistas se encadenan en el acceso a la central nu\">[+] <\/a><\/p>\n"},"alt_text":"","media_type":"image","mime_type":"image\/jpeg","media_details":{"width":787,"height":524,"file":"2021\/03\/GreenpeaceCofrentes2.jpg","sizes":{"medium":{"file":"GreenpeaceCofrentes2-300x200.jpg","width":300,"height":200,"mime_type":"image\/jpeg","source_url":"https:\/\/tucomarca.whitekongsoftware.com\/wp-content\/uploads\/2021\/03\/GreenpeaceCofrentes2-300x200.jpg"},"thumbnail":{"file":"GreenpeaceCofrentes2-290x290.jpg","width":290,"height":290,"mime_type":"image\/jpeg","source_url":"https:\/\/tucomarca.whitekongsoftware.com\/wp-content\/uploads\/2021\/03\/GreenpeaceCofrentes2-290x290.jpg"},"medium_large":{"file":"GreenpeaceCofrentes2-768x511.jpg","width":768,"height":511,"mime_type":"image\/jpeg","source_url":"https:\/\/tucomarca.whitekongsoftware.com\/wp-content\/uploads\/2021\/03\/GreenpeaceCofrentes2-768x511.jpg"},"mh-magazine-slider":{"file":"GreenpeaceCofrentes2-787x438.jpg","width":787,"height":438,"mime_type":"image\/jpeg","source_url":"https:\/\/tucomarca.whitekongsoftware.com\/wp-content\/uploads\/2021\/03\/GreenpeaceCofrentes2-787x438.jpg"},"mh-magazine-content":{"file":"GreenpeaceCofrentes2-678x381.jpg","width":678,"height":381,"mime_type":"image\/jpeg","source_url":"https:\/\/tucomarca.whitekongsoftware.com\/wp-content\/uploads\/2021\/03\/GreenpeaceCofrentes2-678x381.jpg"},"mh-magazine-large":{"file":"GreenpeaceCofrentes2-678x509.jpg","width":678,"height":509,"mime_type":"image\/jpeg","source_url":"https:\/\/tucomarca.whitekongsoftware.com\/wp-content\/uploads\/2021\/03\/GreenpeaceCofrentes2-678x509.jpg"},"mh-magazine-medium":{"file":"GreenpeaceCofrentes2-326x245.jpg","width":326,"height":245,"mime_type":"image\/jpeg","source_url":"https:\/\/tucomarca.whitekongsoftware.com\/wp-content\/uploads\/2021\/03\/GreenpeaceCofrentes2-326x245.jpg"},"mh-magazine-small":{"file":"GreenpeaceCofrentes2-80x60.jpg","width":80,"height":60,"mime_type":"image\/jpeg","source_url":"https:\/\/tucomarca.whitekongsoftware.com\/wp-content\/uploads\/2021\/03\/GreenpeaceCofrentes2-80x60.jpg"},"full":{"file":"GreenpeaceCofrentes2.jpg","width":787,"height":524,"mime_type":"image\/jpeg","source_url":"https:\/\/tucomarca.whitekongsoftware.com\/wp-content\/uploads\/2021\/03\/GreenpeaceCofrentes2.jpg"}},"image_meta":{"aperture":"0","credit":"","camera":"","caption":"11\/03\/2021. Cofrentes, Valencia, Comunidad Valenciana, Espa\u00d2a.rrActivistas de Greenpeace se encadenan en el acceso a la central nuclear de Cofrentes (Valencia) para pedir al Gobierno su cierre definitivo. Coincidiendo con el 10\u222b aniversario del accidente de Fukushima, la organizaci\u00dbn ecologista rdemanda al Gobierno que no repita el error cometido hace una d\u00c8cada al conceder una nueva licencia de funcionamiento a la central, que expira el pr\u00dbximo 20 de marzo.rrHoy no es un d\u00cca cualquiera: hace una d\u00c8cada, en febrero de 2011, una veintena de activistas de Greenpeace entraron en la central nuclear de Cofrentes y escalaron a una de las torres de refrigeraci\u00dbn. En esa acci\u00dbn pintaron en la torre de refrigeraci\u00dbn el mensaje \u00ecPeligro Nuclear\u00ee para exigir que no se renovara la licencia para que siguiese operando. Pocos d\u00ccas despu\u00c8s, un 11 de marzo como hoy, en Jap\u00dbn, la Central nuclear de Fukushima pasaba a la historia por sufrir el peor desastre nuclear desde Chern\u00dbbil en 1986.rrDespu\u00c8s de una d\u00c8cada, volvemos al lugar de los hechos para exigir, una vez m\u00b7s, que no se renueve la licencia de Cofrentes porque si algo hemos aprendido en este tiempo, es que que las nucleares son instalaciones envejecidas y que no las necesitamos para mantener la seguridad del suministro; y por lo tanto, no debemos renovar sus licencias sin, adem\u00b7s, la participaci\u00dbn de la ciudadan\u00cca en la toma de decisiones (algo que s\u00cc se pide para cualquier peque\u00d2a instalaci\u00dbn energ\u00c8tica y renovable).r\u00a9Greenpeace\/Pedro Armestrerr\u00a9Greenpeace Handout\/Pedro ARMESTRE - No sales - No Archives - Editorial Use Only - Free use only for 14 days after release. Photo provided by GREENPEACE, distributed handout photo to be used only to illustrate news reporting or commentary on the facts or events depicted in this image.","created_timestamp":"0","copyright":"","focal_length":"0","iso":"0","shutter_speed":"0","title":"\u00b0ACCI\u201dN! Activistas se encadenan en el acceso a la central nu","orientation":"1","keywords":["Acceso","Accion","Central","Cofrentes","Licencia","Nuclear","Renovacion"]}},"post":128465,"source_url":"https:\/\/tucomarca.whitekongsoftware.com\/wp-content\/uploads\/2021\/03\/GreenpeaceCofrentes2.jpg","filename":"GreenpeaceCofrentes2.jpg","filesize":null,"_links":{"self":[{"href":"https:\/\/tucomarca.whitekongsoftware.com\/ca\/wp-json\/wp\/v2\/media\/128464","targetHints":{"allow":["GET"]}}],"collection":[{"href":"https:\/\/tucomarca.whitekongsoftware.com\/ca\/wp-json\/wp\/v2\/media"}],"about":[{"href":"https:\/\/tucomarca.whitekongsoftware.com\/ca\/wp-json\/wp\/v2\/types\/attachment"}],"author":[{"embeddable":true,"href":"https:\/\/tucomarca.whitekongsoftware.com\/ca\/wp-json\/wp\/v2\/users\/12"}],"replies":[{"embeddable":true,"href":"https:\/\/tucomarca.whitekongsoftware.com\/ca\/wp-json\/wp\/v2\/comments?post=128464"}],"wp:attached-to":[{"embeddable":true,"post_type":"post","id":128465,"href":"https:\/\/tucomarca.whitekongsoftware.com\/ca\/wp-json\/wp\/v2\/posts\/128465"}],"curies":[{"name":"wp","href":"https:\/\/api.w.org\/{rel}","templated":true}]}}

<div class="mh-excerpt">11/03/2021. Cofrentes, Valencia, Comunidad Valenciana, EspaÒa.rrActivistas de Greenpeace se encadenan en el acceso a la central nuclear de Cofrentes (Valencia) para pedir al Gobierno su cierre definitivo. Coincidiendo con el 10∫ aniversario del accidente de Fukushima, la organizaciÛn ecologista rdemanda al Gobierno que no repita el error cometido hace una dÈcada al conceder una nueva licencia de funcionamiento a la central, que expira el prÛximo 20 de marzo.rrHoy no es un dÌa cualquiera: hace una dÈcada, en febrero de 2011, una veintena de activistas de Greenpeace entraron en la central nuclear de Cofrentes y escalaron a una de las torres de refrigeraciÛn. En esa acciÛn pintaron en la torre de refrigeraciÛn el mensaje ìPeligro Nuclearî para exigir que no se renovara la licencia para que siguiese operando. Pocos dÌas despuÈs, un 11 de marzo como hoy, en JapÛn, la Central nuclear de Fukushima pasaba a la historia por sufrir el peor desastre nuclear desde ChernÛbil en 1986.rrDespuÈs de una dÈcada, volvemos al lugar de los hechos para exigir, una vez m·s, que no se renueve la licencia de Cofrentes porque si algo hemos aprendido en este tiempo, es que que las nucleares son instalaciones envejecidas y que no las necesitamos para mantener la seguridad del suministro; y por lo tanto, no debemos renovar sus licencias sin, adem·s, la participaciÛn de la ciudadanÌa en la toma de decisiones (algo que sÌ se pide para cualquier pequeÒa instalaciÛn energÈtica y renovable).r©Greenpeace/Pedro Armestrerr©Greenpeace Handout/Pedro ARMESTRE &#8211; No sales &#8211; No Archives &#8211; Editorial Use Only &#8211; Free use only for 14 days after release. Photo provided by GREENPEACE, distributed handout photo to be used only to illustrate news reporting or commentary on the facts or events depicted in this image.</div>
<p> <a class="mh-excerpt-more" href="https://tucomarca.whitekongsoftware.com/ca/activistes-de-greenpeace-sencadenen-en-lacces-a-la-central-nuclear-de-cofrentes-per-a-demanar-al-govern-el-seu-tancament-definitiu/accin-activistas-se-encadenan-en-el-acceso-a-la-central-nu-2/" title="°ACCI”N! Activistas se encadenan en el acceso a la central nu">[+] </a></p>

11/03/2021. Cofrentes, Valencia, Comunidad Valenciana, EspaÒa.rrActivistas de Greenpeace se encadenan en el acceso a la central nuclear de Cofrentes (Valencia) para pedir al Gobierno su cierre definitivo. Coincidiendo con el 10∫ aniversario del accidente de Fukushima, la organizaciÛn ecologista rdemanda al Gobierno que no repita el error cometido hace una dÈcada al conceder una nueva licencia de funcionamiento a la central, que expira el prÛximo 20 de marzo.rrHoy no es un dÌa cualquiera: hace una dÈcada, en febrero de 2011, una veintena de activistas de Greenpeace entraron en la central nuclear de Cofrentes y escalaron a una de las torres de refrigeraciÛn. En esa acciÛn pintaron en la torre de refrigeraciÛn el mensaje ìPeligro Nuclearî para exigir que no se renovara la licencia para que siguiese operando. Pocos dÌas despuÈs, un 11 de marzo como hoy, en JapÛn, la Central nuclear de Fukushima pasaba a la historia por sufrir el peor desastre nuclear desde ChernÛbil en 1986.rrDespuÈs de una dÈcada, volvemos al lugar de los hechos para exigir, una vez m·s, que no se renueve la licencia de Cofrentes porque si algo hemos aprendido en este tiempo, es que que las nucleares son instalaciones envejecidas y que no las necesitamos para mantener la seguridad del suministro; y por lo tanto, no debemos renovar sus licencias sin, adem·s, la participaciÛn de la ciudadanÌa en la toma de decisiones (algo que sÌ se pide para cualquier pequeÒa instalaciÛn energÈtica y renovable).r©Greenpeace/Pedro Armestrerr©Greenpeace Handout/Pedro ARMESTRE - No sales - No Archives - Editorial Use Only - Free use only for 14 days after release. Photo provided by GREENPEACE, distributed handout photo to be used only to illustrate news reporting or commentary on the facts or events depicted in this image.
